From mboxrd@z Thu Jan 1 00:00:00 1970 Return-Path: Received: from mails.dpdk.org (mails.dpdk.org [217.70.189.124]) by inbox.dpdk.org (Postfix) with ESMTP id D532846666 for ; Wed, 30 Apr 2025 08:02:42 +0200 (CEST) Received: from mails.dpdk.org (localhost [127.0.0.1]) by mails.dpdk.org (Postfix) with ESMTP id AEF34402A3; Wed, 30 Apr 2025 08:02:42 +0200 (CEST) Received: from mail-pl1-f226.google.com (mail-pl1-f226.google.com [209.85.214.226]) by mails.dpdk.org (Postfix) with ESMTP id 07DAB4026C for ; Wed, 30 Apr 2025 08:02:41 +0200 (CEST) Received: by mail-pl1-f226.google.com with SMTP id d9443c01a7336-227b828de00so68313315ad.1 for ; Tue, 29 Apr 2025 23:02:41 -0700 (PDT) DKIM-Signature: v=1; a=rsa-sha256; c=relaxed/relaxed; d=iol.unh.edu; s=unh-iol; t=1745992961; x=1746597761; darn=dpdk.org; h=cc:to:from:subject:message-id:date:from:to:cc:subject:date :message-id:reply-to; bh=WVnnbi0v0/2gWA9mE9bx6fR0RB6r73RVfGldGTqAfqw=; b=hO7mYh3gcNg85ci+EHBhOHvBruEeM6eIpxWLJRCOsNaQLsJwlxAylLwh0Qii+WLsF4 YDFkPXskMwnA+54fESdMZarqPd/ug+kPMazOUtTX1328peWbYQrttVhXCFqvxOLpj9qL YImXQJ0hmENKazmELj8fzQy/xlpgdZTmM0A+k= X-Google-DKIM-Signature: v=1; a=rsa-sha256; c=relaxed/relaxed; d=1e100.net; s=20230601; t=1745992961; x=1746597761; h=cc:to:from:subject:message-id:date:x-gm-message-state:from:to:cc :subject:date:message-id:reply-to; bh=WVnnbi0v0/2gWA9mE9bx6fR0RB6r73RVfGldGTqAfqw=; b=rCVJqBadlzoAY6rVmVZe3fkIbW6TR6sPrd2m0XUAz5Tbsvy9SOqf6ERz/cW8cwY2Ll w5N0iHOoORDxgNcQd8aV9G+S15L+euQy5LD0Z4G2LGSF8DgY9rPnvtuxXZWK5rr/mr9T nlmeuneXTKfkONv8PBRW708i/9iaER4mAnUWNUMqXit9qBHsSXfb8w3tRjiLYx9qfT9h pTQHkRw58Y+M87DSZCmU3FQsTLK5xnEAhUEsbe+d0ruY94Rv26N4Gzz21AbO1TOYOV1M AV59e19WC43BPDsBAYiV1yrBhNcoN693gu7JAarEZlWFH8SkKKAL0stTiMdhNSdiAEXh 92mQ== X-Gm-Message-State: AOJu0Yxjzw8kzvTtXJyojSrA7gWYjZ6yAlDPfk3ULbikhFeUiNJjvGhN CjF3c91U29FXRuKGx7p7Ag52bA0BJ9FB89nV+8MkHA5inXTsuWk079jv1A5fa9AbQ01M66ii2Cd dZHDhuveFeUsruJg/cM3MOT0jMHMfNXLu X-Gm-Gg: ASbGncv1aau3Nb5cgian9RnzKn/1aROW5vFjNXfAr0+Pc5UfDHJAg+ihDStFgCCoqIF CAkaSYFU/BELDtLM9PpwH/l/YJR9myYLNwqXrCvVuBZ3Yst4g2i8Ua4ynf4qXQM6Cb9i6KZNJBs YZogUph7z5B/EqFl1Wjrhyp25nmwrFyRfENJNU6BcEGuwhjAoAAPJ//wbTqnr44dAfiesUNcnpC kJKaQsRz2qQG47hmRjGQT8IKNNxSSNgz/9ZFcq+/vx5yHmPNcwoDBlmIiP+YUGc+cqDtluqg9Lw 8urWfeTWLT/a9YLdh8+WSFkT7/RhHTrdsk5f X-Google-Smtp-Source: AGHT+IHVNFboy/Qu5FrUdOkWJE/xKIK1qqdkeCwWLApdQlOG9Qfd9uzs6VD9ru8F3e/d9Z8jhhU/VuLYGTQS X-Received: by 2002:a17:902:f64a:b0:220:ff3f:6cc0 with SMTP id d9443c01a7336-22df3587932mr35694995ad.38.1745992960908; Tue, 29 Apr 2025 23:02:40 -0700 (PDT) Received: from postal.iol.unh.edu (postal.iol.unh.edu. [132.177.123.84]) by smtp-relay.gmail.com with ESMTPS id d9443c01a7336-22db510233bsm14908075ad.78.2025.04.29.23.02.40 (version=TLS1_2 cipher=ECDHE-ECDSA-AES128-GCM-SHA256 bits=128/128); Tue, 29 Apr 2025 23:02:40 -0700 (PDT) X-Relaying-Domain: iol.unh.edu Date: Tue, 29 Apr 2025 23:02:40 -0700 (PDT) Message-ID: <6811bd00.170a0220.296287.1675SMTPIN_ADDED_MISSING@mx.google.com> Received: from [172.21.0.5] (unknown [172.18.0.240]) by postal.iol.unh.edu (Postfix) with ESMTP id 40ECB6052471; Wed, 30 Apr 2025 02:02:40 -0400 (EDT) Subject: |WARNING| [GIT MASTER] 4401486b5e30d43a134f80f9802f60b5f43e74a8 From: dpdklab@iol.unh.edu To: Test Report Cc: dpdk-test-reports@iol.unh.edu, Xueming Li , Christian Ehrhardt , Kevin Traynor , Luca Boccassi Content-Type: text/plain X-BeenThere: test-report@dpdk.org X-Mailman-Version: 2.1.29 Precedence: list List-Id: automatic DPDK test reports List-Unsubscribe: , List-Archive: List-Post: List-Help: List-Subscribe: , Errors-To: test-report-bounces@dpdk.org _Testing issues_ Branch: tags/v22.11 4401486b5e30d43a134f80f9802f60b5f43e74a8 --> testing issues Upstream job id: Generic-DPDK-Compile-ABI#124837 Test environment and result as below: +-------------------+----------+ | Environment | abi_test | +===================+==========+ | CentOS Stream 9 | PASS | +-------------------+----------+ | CentOS Stream 10 | PASS | +-------------------+----------+ | Debian 12 | PASS | +-------------------+----------+ | Fedora 40 | PASS | +-------------------+----------+ | Fedora 40 (Clang) | PASS | +-------------------+----------+ | Fedora 41 (Clang) | PASS | +-------------------+----------+ | Fedora 41 | PASS | +-------------------+----------+ | openSUSE Leap 15 | FAIL | +-------------------+----------+ | Ubuntu 24.04 | FAIL | +-------------------+----------+ | Ubuntu 22.04 | FAIL | +-------------------+----------+ | RHEL9 | FAIL | +-------------------+----------+ | RHEL8 | PASS | +-------------------+----------+ ==== 20 line log output for RHEL9 (abi_test): ==== './librte_regex_cn9k.so.23.0' -> 'dpdk/pmds-23.0/librte_regex_cn9k.so.23.0' './librte_regex_mlx5.so' -> 'dpdk/pmds-23.0/librte_regex_mlx5.so' './librte_regex_mlx5.so.23' -> 'dpdk/pmds-23.0/librte_regex_mlx5.so.23' './librte_regex_mlx5.so.23.0' -> 'dpdk/pmds-23.0/librte_regex_mlx5.so.23.0' './librte_vdpa_ifc.so' -> 'dpdk/pmds-23.0/librte_vdpa_ifc.so' './librte_vdpa_ifc.so.23' -> 'dpdk/pmds-23.0/librte_vdpa_ifc.so.23' './librte_vdpa_ifc.so.23.0' -> 'dpdk/pmds-23.0/librte_vdpa_ifc.so.23.0' './librte_vdpa_mlx5.so' -> 'dpdk/pmds-23.0/librte_vdpa_mlx5.so' './librte_vdpa_mlx5.so.23' -> 'dpdk/pmds-23.0/librte_vdpa_mlx5.so.23' './librte_vdpa_mlx5.so.23.0' -> 'dpdk/pmds-23.0/librte_vdpa_mlx5.so.23.0' './librte_vdpa_sfc.so' -> 'dpdk/pmds-23.0/librte_vdpa_sfc.so' './librte_vdpa_sfc.so.23' -> 'dpdk/pmds-23.0/librte_vdpa_sfc.so.23' './librte_vdpa_sfc.so.23.0' -> 'dpdk/pmds-23.0/librte_vdpa_sfc.so.23.0' Installing /root/workspace/Generic-DPDK-Compile-ABI/dpdk/usertools/dpdk-hugepages.py to /root/workspace/Generic-DPDK-Compile-ABI/build_install/usr/local/bin Installing /root/workspace/Generic-DPDK-Compile-ABI/dpdk/build/rte_build_config.h to /root/workspace/Generic-DPDK-Compile-ABI/build_install/usr/local/include Installing /root/workspace/Generic-DPDK-Compile-ABI/dpdk/build/meson-private/libdpdk-libs.pc to /root/workspace/Generic-DPDK-Compile-ABI/build_install/usr/local/lib64/pkgconfig Installing /root/workspace/Generic-DPDK-Compile-ABI/dpdk/build/meson-private/libdpdk.pc to /root/workspace/Generic-DPDK-Compile-ABI/build_install/usr/local/lib64/pkgconfig Running custom install script '/bin/sh /root/workspace/Generic-DPDK-Compile-ABI/dpdk/config/../buildtools/symlink-drivers-solibs.sh lib64 dpdk/pmds-23.0' ==== Compiled DPDK with debugoptimized bash: /scripts/generate_abi.sh: No such file or directory ==== End log output ==== CentOS Stream 9 Kernel: Depends on container host Compiler: gcc 11.5.0 20240719 (Red Hat 11.5.0-2) CentOS Stream 10 Kernel: Depends on container host Compiler: gcc 14.2.1 20241104 (Red Hat 14.2.1-6) Debian 12 Kernel: Depends on container host Compiler: gcc (Debian 12.2.0-14) 12.2.0 Fedora 40 Kernel: Depends on container host Compiler: gcc 14.2.1 20240912 (Red Hat 14.2.1-3) Fedora 40 (Clang) Kernel: Depends on container host Compiler: clang 18.1.8 (Fedora 18.1.8-1.fc40) Fedora 41 (Clang) Kernel: Depends on container host Compiler: clang 19.1.5 (Fedora 19.1.5-1.fc41) Fedora 41 Kernel: Depends on container host Compiler: gcc 14.2.1 20240912 (Red Hat 14.2.1-3) openSUSE Leap 15 Kernel: Depends on container host Compiler: gcc (SUSE Linux) 7.5.0 Ubuntu 24.04 Kernel: Depends on container host Compiler: gcc (Ubuntu 13.3.0-6ubuntu2~24.04) 13.3.0 Ubuntu 22.04 Kernel: Depends on container host Compiler: gcc (Ubuntu 11.4.0-1ubuntu1~22.04) 11.4.0 RHEL9 Kernel: Depends on container host Compiler: gcc 11.5.0 20240719 (Red Hat 11.5.0-2) RHEL8 Kernel: Depends on container host Compiler: gcc 8.5.0 20210514 (Red Hat 8.5.0-22) To view detailed results, visit: https://lab.dpdk.org/results/dashboard/tarballs/33394/ UNH-IOL DPDK Community Lab To manage your email subscriptions, visit: https://lab.dpdk.org/results/dashboard/preferences/subscriptions/