From mboxrd@z Thu Jan 1 00:00:00 1970 Return-Path: Received: from mails.dpdk.org (mails.dpdk.org [217.70.189.124]) by inbox.dpdk.org (Postfix) with ESMTP id 181B346667 for ; Wed, 30 Apr 2025 08:17:03 +0200 (CEST) Received: from mails.dpdk.org (localhost [127.0.0.1]) by mails.dpdk.org (Postfix) with ESMTP id F0B2B402A3; Wed, 30 Apr 2025 08:17:02 +0200 (CEST) Received: from mail-ot1-f98.google.com (mail-ot1-f98.google.com [209.85.210.98]) by mails.dpdk.org (Postfix) with ESMTP id 9CC0D4026C for ; Wed, 30 Apr 2025 08:17:01 +0200 (CEST) Received: by mail-ot1-f98.google.com with SMTP id 46e09a7af769-72c16e658f4so4429996a34.1 for ; Tue, 29 Apr 2025 23:17:01 -0700 (PDT) DKIM-Signature: v=1; a=rsa-sha256; c=relaxed/relaxed; d=iol.unh.edu; s=unh-iol; t=1745993820; x=1746598620; darn=dpdk.org; h=cc:to:from:subject:message-id:date:from:to:cc:subject:date :message-id:reply-to; bh=6wqOzzL9x6DNWWYfed5RdRDt12KBA4io+4r7mJnNtJk=; b=fXbp1dioaLZx7mtC4uZIky/oeAALy6jwJFxWA5cI9N/W/DzRItQTClIq6Fv4llFRH3 02R9RjWZX3+4XENiH5Dlt8DNr/Q3IB9nneiJJusk1FMNjCZnVbqVw8xbwk/Ddu4SNdLz 4Jy5frJ/tqEbXl91bSAQpcC4q7y8z6VxFu/Jk= X-Google-DKIM-Signature: v=1; a=rsa-sha256; c=relaxed/relaxed; d=1e100.net; s=20230601; t=1745993820; x=1746598620; h=cc:to:from:subject:message-id:date:x-gm-message-state:from:to:cc :subject:date:message-id:reply-to; bh=6wqOzzL9x6DNWWYfed5RdRDt12KBA4io+4r7mJnNtJk=; b=dnjzon8b967+nSvfYo2zVO20VtNLuDRTxjCqCCKUR5IhvdAFbVdDEpTKOGpL7thTlS QmDyP6VOasoC96G2FHCFxQhOQA5LUPqeTSZLpdf9jcjiWrzIGFFLHz+rcyiiGVvfV40d SA7okItDe+3g2kNDm5KiuzJjrFo442RAZIaCImnQNV+4hrUFA4wvMu0xOF52EtcS2pOE akEdEfF8Air+5hb3GHrjIuLCYbv0l+NbujHfMDfx1W/U2Xln2sW5uL/Q63fusMoy89Gu 9rXhOzKyagr/2thDp4L14KcOvyA1eYcqRG3+lI0+o46VUBH6Kblhpuq/bpPj9Ex2Ysxp 3Zrg== X-Gm-Message-State: AOJu0Yy6yYU3nV64gNmO+4dDXgBlka/14R3eXogZ+nD5TOsN7b011lQb J7vH09AmrXX5yQ9HySbVVu78NLMApCwAi1kJITUjw+4sphyFTY7ZstabwbLQ8bZae5HRutJpEvO +PLm5zNmb9KmxahNCvEsUmbNPub4cJjpgpZB77aY/2FVmMVfv X-Gm-Gg: ASbGnctOeqHRt8zoNWXTpo5NcVnOLXVGnqzmQbszW/YN/dEGvvrIglZRctDXlMTByKP P5+SOanetXXbqJsRGSMNIjLrlD+gUxotnZwO27u/hi2v2fwNup7TmYb0TZ3LcmyI6UBQmKpJCfA 5Sf/r2ruKfQxc0R+m5xn+qGj3BwDyR+DPR3Dyb/a6iJSfGuXFN4TQXvBt4NMaD0RtuA98JUmyet BYtW9VPL0ZbfR+mtYDkh8SzkC8y7hTya7tqPLe8uArk2dY0GAW3d7prTC2poiyMMfsc61OD5rEC p7wOn9gEOmIvalPBY2QVmMkV8otjfofMMNIRV2EOdrw3Kl7a X-Google-Smtp-Source: AGHT+IHKJi8KjydABJIv2BBmJelFIaiy1WO30OuNGBenQ8UlTvGwaF3lOMXE/pNPaJdJzMY2Nav16oh3QjX9 X-Received: by 2002:a05:6870:15ca:b0:2c2:588a:70a3 with SMTP id 586e51a60fabf-2da6a2af134mr1019618fac.24.1745993820773; Tue, 29 Apr 2025 23:17:00 -0700 (PDT) Received: from postal.iol.unh.edu (postal.iol.unh.edu. [2606:4100:3880:1234::84]) by smtp-relay.gmail.com with ESMTPS id 586e51a60fabf-2da6e19bdadsm41292fac.21.2025.04.29.23.17.00 (version=TLS1_2 cipher=ECDHE-ECDSA-AES128-GCM-SHA256 bits=128/128); Tue, 29 Apr 2025 23:17:00 -0700 (PDT) X-Relaying-Domain: iol.unh.edu Date: Tue, 29 Apr 2025 23:17:00 -0700 (PDT) Message-ID: <6811c05c.050a0220.1e76f7.21adSMTPIN_ADDED_MISSING@mx.google.com> Received: from [172.21.0.5] (unknown [172.18.0.240]) by postal.iol.unh.edu (Postfix) with ESMTP id D8D406052471; Wed, 30 Apr 2025 02:16:59 -0400 (EDT) Subject: |FAILURE| [GIT MASTER] 4401486b5e30d43a134f80f9802f60b5f43e74a8 From: dpdklab@iol.unh.edu To: Test Report Cc: dpdk-test-reports@iol.unh.edu, Xueming Li , Christian Ehrhardt , Kevin Traynor , Luca Boccassi Content-Type: text/plain X-BeenThere: test-report@dpdk.org X-Mailman-Version: 2.1.29 Precedence: list List-Id: automatic DPDK test reports List-Unsubscribe: , List-Archive: List-Post: List-Help: List-Subscribe: , Errors-To: test-report-bounces@dpdk.org _Testing issues_ Branch: tags/v22.11 4401486b5e30d43a134f80f9802f60b5f43e74a8 --> testing issues Upstream job id: Generic-Unit-Test-DPDK#334384 Test environment and result as below: +---------------------+----------------+ | Environment | dpdk_unit_test | +=====================+================+ | CentOS Stream 10 | FAIL | +---------------------+----------------+ | Fedora 40 | FAIL | +---------------------+----------------+ | CentOS Stream 9 | PEND | +---------------------+----------------+ | RHEL8 | PEND | +---------------------+----------------+ | Fedora 41 (Clang) | PEND | +---------------------+----------------+ | Fedora 40 (Clang) | PEND | +---------------------+----------------+ | Debian 12 | PEND | +---------------------+----------------+ | Ubuntu 22.04 | PEND | +---------------------+----------------+ | RHEL9 | PEND | +---------------------+----------------+ | Fedora 41 | PEND | +---------------------+----------------+ | Ubuntu 20.04 | PASS | +---------------------+----------------+ | Ubuntu 24.04 | PEND | +---------------------+----------------+ | Windows Server 2022 | FAIL | +---------------------+----------------+ ==== Unit test summary for Windows Server 2022 (dpdk_unit_test): ==== Failed to get the unit test results. Displaying the unit test results is not supported for some environments, such as our aarch32 testing, where meson is not used to run the tests. Download the logs available on our CI site. ==== End log output ==== CentOS Stream 10 Kernel: Depends on container host Compiler: gcc 14.2.1 20241104 (Red Hat 14.2.1-6) Fedora 40 Kernel: Depends on container host Compiler: gcc 14.2.1 20240912 (Red Hat 14.2.1-3) CentOS Stream 9 Kernel: Depends on container host Compiler: gcc 11.5.0 20240719 (Red Hat 11.5.0-2) RHEL8 Kernel: Depends on container host Compiler: gcc 8.5.0 20210514 (Red Hat 8.5.0-22) Fedora 41 (Clang) Kernel: Depends on container host Compiler: clang 19.1.5 (Fedora 19.1.5-1.fc41) Fedora 40 (Clang) Kernel: Depends on container host Compiler: clang 18.1.8 (Fedora 18.1.8-1.fc40) Debian 12 Kernel: Depends on container host Compiler: gcc (Debian 12.2.0-14) 12.2.0 Ubuntu 22.04 Kernel: Depends on container host Compiler: gcc (Ubuntu 11.4.0-1ubuntu1~22.04) 11.4.0 RHEL9 Kernel: Depends on container host Compiler: gcc 11.5.0 20240719 (Red Hat 11.5.0-2) Fedora 41 Kernel: Depends on container host Compiler: gcc 14.2.1 20240912 (Red Hat 14.2.1-3) Ubuntu 20.04 Kernel: Depends on container host Compiler: gcc (Ubuntu 9.4.0-1ubuntu1~20.04.2) 9.4.0 Ubuntu 24.04 Kernel: Depends on container host Compiler: gcc (Ubuntu 13.3.0-6ubuntu2~24.04) 13.3.0 Windows Server 2022 Kernel: 10.0.20348.2031 Compiler: clang 15.0.7, gcc 14.1.0 (MinGW), and MSVC VS 19.39.33521 To view detailed results, visit: https://lab.dpdk.org/results/dashboard/tarballs/33394/ UNH-IOL DPDK Community Lab To manage your email subscriptions, visit: https://lab.dpdk.org/results/dashboard/preferences/subscriptions/