From mboxrd@z Thu Jan  1 00:00:00 1970
Return-Path: <test-report-bounces@dpdk.org>
Received: from mails.dpdk.org (mails.dpdk.org [217.70.189.124])
	by inbox.dpdk.org (Postfix) with ESMTP id BA68546667
	for <public@inbox.dpdk.org>; Wed, 30 Apr 2025 08:24:14 +0200 (CEST)
Received: from mails.dpdk.org (localhost [127.0.0.1])
	by mails.dpdk.org (Postfix) with ESMTP id B60CE402A3;
	Wed, 30 Apr 2025 08:24:14 +0200 (CEST)
Received: from mail-il1-f228.google.com (mail-il1-f228.google.com
 [209.85.166.228])
 by mails.dpdk.org (Postfix) with ESMTP id A79E64026C
 for <test-report@dpdk.org>; Wed, 30 Apr 2025 08:24:13 +0200 (CEST)
Received: by mail-il1-f228.google.com with SMTP id
 e9e14a558f8ab-3d948ce7d9dso13162625ab.2
 for <test-report@dpdk.org>; Tue, 29 Apr 2025 23:24:13 -0700 (PDT)
DKIM-Signature: v=1; a=rsa-sha256; c=relaxed/relaxed;
 d=iol.unh.edu; s=unh-iol; t=1745994253; x=1746599053; darn=dpdk.org;
 h=cc:to:from:subject:message-id:date:from:to:cc:subject:date
 :message-id:reply-to;
 bh=WqHWHkWtkPX0nmKItpqGdZKtUGY204stn/mPAwTSMP0=;
 b=Ku+PPErg7tLdhZv0Kpnc0aTMb/2KisqsTv2xEdNp84Gyf8FYCqBq/d4Xrqvw5P5Px7
 JGxRlMilC63sz/KygI2AlP821RcBpYPX58ud9KYXOCOQH8n6x9fin1TIKzPWV5GnLEpY
 Gwx9Eyj72ptCLjJiHO4FJRT2u5ee/ZZdlgqyY=
X-Google-DKIM-Signature: v=1; a=rsa-sha256; c=relaxed/relaxed;
 d=1e100.net; s=20230601; t=1745994253; x=1746599053;
 h=cc:to:from:subject:message-id:date:x-gm-message-state:from:to:cc
 :subject:date:message-id:reply-to;
 bh=WqHWHkWtkPX0nmKItpqGdZKtUGY204stn/mPAwTSMP0=;
 b=vWlzJmA1CWL2itPGhhGBNzwDlaVaUUtK9tZ5RYdG9WXRrQj8wjm8+YndNr79e9Q3bK
 5m3gIARUHgM2TEusEMPiU5Xqgp5odnZ2lEtFTdG8sRhQs3XSWKQKnZWSw0tDw+x8oUYs
 KgiFhGJrPmAvnkVnPBnooKyZ/rPadnM0AbTSFlJ023EdhxuUo1IvYQqjZTvg+eMoyUNP
 acMEtrLA4/jlfCda/lKcI7lPPs8hgbqsR3K9cJwoobcvV1Jn8LcyiUsXptHWoJ5m63tV
 lWgp2gkttUQRPr2ArYr/nqR7UZh6g1xNz2asxAo8q8TWOoQEuGs+qkmx6NLiV/ZDk7sF
 vssw==
X-Gm-Message-State: AOJu0YzLTwYH3G3vro4HMWxHd7krIqMqa2HppHMNmvOR32T4yxS2hpUA
 d9XmBeoWGsgJHehXs/yGnuhLVo4OKhcTfoWfRdq+SvdHDU5z4wfptMOPPtcSPo61gfr0t5c/JCL
 a3dtXLv6yRZs7DQkMDl9NbTPDvXIzOrtB
X-Gm-Gg: ASbGncv6BbaDUibpV+O1bUMUkq2tWnPRT5Y+KfXdOcHsyZ614Qonykn21aLaOu0Pd0J
 SdJGMaqt0fuqjWpIynws9mBl2Yb3li3X9dDQEHG7vqZz5G5AvNTpxyM2B9MtKZE1KP0CqKEwYe6
 hs222yAmckbQ59XR0DpP9dQg0QndeTYw2983C2A1hKVKaBlBOR+jPkCLgmnSDULrcBRBzQEM1Ot
 IOba73BIvA5O63GGtnlY8dG/GXO4K/J/Qho8ZnmV/BB/DFWghCx9hK2anvPCiLBHHlcCrgcOwRY
 1Qug3LHEaNhkuhki5G5hbUDxE8AvU5hY8sDX
X-Google-Smtp-Source: AGHT+IGgCyHwdZYYO9jufzkXK86HucMW8MGImiX+2iBxnSye3/ne9RIwFG138d7uCXNS4xLBWyUOcWoIGw68
X-Received: by 2002:a05:6e02:1aac:b0:3d6:d3f7:8813 with SMTP id
 e9e14a558f8ab-3d96772245cmr20724365ab.22.1745994253082; 
 Tue, 29 Apr 2025 23:24:13 -0700 (PDT)
Received: from postal.iol.unh.edu (postal.iol.unh.edu. [132.177.123.84])
 by smtp-relay.gmail.com with ESMTPS id
 e9e14a558f8ab-3d95f452ae1sm2931655ab.47.2025.04.29.23.24.13
 (version=TLS1_2 cipher=ECDHE-ECDSA-AES128-GCM-SHA256 bits=128/128);
 Tue, 29 Apr 2025 23:24:13 -0700 (PDT)
X-Relaying-Domain: iol.unh.edu
Date: Tue, 29 Apr 2025 23:24:13 -0700 (PDT)
Message-ID: <6811c20d.920a0220.251ede.abd3SMTPIN_ADDED_MISSING@mx.google.com>
Received: from [172.21.0.5] (unknown [172.18.0.240])
 by postal.iol.unh.edu (Postfix) with ESMTP id 867236052471;
 Wed, 30 Apr 2025 02:24:12 -0400 (EDT)
Subject: |FAILURE| [GIT MASTER] 4401486b5e30d43a134f80f9802f60b5f43e74a8
From: dpdklab@iol.unh.edu
To: Test Report <test-report@dpdk.org>
Cc: dpdk-test-reports@iol.unh.edu, Xueming Li <xuemingl@nvidia.com>,
 Christian Ehrhardt <christian.ehrhardt@canonical.com>,
 Kevin Traynor <ktraynor@redhat.com>, Luca Boccassi <bluca@debian.org>
Content-Type: text/plain
X-BeenThere: test-report@dpdk.org
X-Mailman-Version: 2.1.29
Precedence: list
List-Id: automatic DPDK test reports <test-report.dpdk.org>
List-Unsubscribe: <https://mails.dpdk.org/options/test-report>,
 <mailto:test-report-request@dpdk.org?subject=unsubscribe>
List-Archive: <http://mails.dpdk.org/archives/test-report/>
List-Post: <mailto:test-report@dpdk.org>
List-Help: <mailto:test-report-request@dpdk.org?subject=help>
List-Subscribe: <https://mails.dpdk.org/listinfo/test-report>,
 <mailto:test-report-request@dpdk.org?subject=subscribe>
Errors-To: test-report-bounces@dpdk.org

_Testing issues_

Branch: tags/v22.11

4401486b5e30d43a134f80f9802f60b5f43e74a8 --> testing issues

Upstream job id: Generic-Unit-Test-DPDK#334387

Test environment and result as below:

+---------------------+----------------+
|     Environment     | dpdk_unit_test |
+=====================+================+
| CentOS Stream 10    | FAIL           |
+---------------------+----------------+
| Fedora 40           | FAIL           |
+---------------------+----------------+
| CentOS Stream 9     | PEND           |
+---------------------+----------------+
| RHEL8               | PEND           |
+---------------------+----------------+
| Fedora 41 (Clang)   | FAIL           |
+---------------------+----------------+
| Fedora 40 (Clang)   | FAIL           |
+---------------------+----------------+
| Debian 12           | PEND           |
+---------------------+----------------+
| Ubuntu 22.04        | PEND           |
+---------------------+----------------+
| RHEL9               | PEND           |
+---------------------+----------------+
| Fedora 41           | PEND           |
+---------------------+----------------+
| Ubuntu 20.04        | PASS           |
+---------------------+----------------+
| Ubuntu 24.04        | PEND           |
+---------------------+----------------+
| Windows Server 2022 | FAIL           |
+---------------------+----------------+

==== Unit test summary for Windows Server 2022 (dpdk_unit_test): ====
Failed to get the unit test results.
Displaying the unit test results is not supported for some environments,
such as our aarch32 testing, where meson is not used to run the tests.
Download the logs available on our CI site.
==== End log output ====

CentOS Stream 10
	Kernel: Depends on container host
	Compiler: gcc 14.2.1 20241104 (Red Hat 14.2.1-6)

Fedora 40
	Kernel: Depends on container host
	Compiler: gcc 14.2.1 20240912 (Red Hat 14.2.1-3)

CentOS Stream 9
	Kernel: Depends on container host
	Compiler: gcc 11.5.0 20240719 (Red Hat 11.5.0-2)

RHEL8
	Kernel: Depends on container host
	Compiler: gcc 8.5.0 20210514 (Red Hat 8.5.0-22)

Fedora 41 (Clang)
	Kernel: Depends on container host
	Compiler: clang 19.1.5 (Fedora 19.1.5-1.fc41)

Fedora 40 (Clang)
	Kernel: Depends on container host
	Compiler: clang 18.1.8 (Fedora 18.1.8-1.fc40)

Debian 12
	Kernel: Depends on container host
	Compiler: gcc (Debian 12.2.0-14) 12.2.0

Ubuntu 22.04
	Kernel: Depends on container host
	Compiler: gcc (Ubuntu 11.4.0-1ubuntu1~22.04) 11.4.0

RHEL9
	Kernel: Depends on container host
	Compiler: gcc 11.5.0 20240719 (Red Hat 11.5.0-2)

Fedora 41
	Kernel: Depends on container host
	Compiler: gcc 14.2.1 20240912 (Red Hat 14.2.1-3)

Ubuntu 20.04
	Kernel: Depends on container host
	Compiler: gcc (Ubuntu 9.4.0-1ubuntu1~20.04.2) 9.4.0

Ubuntu 24.04
	Kernel: Depends on container host
	Compiler: gcc (Ubuntu 13.3.0-6ubuntu2~24.04) 13.3.0

Windows Server 2022
	Kernel: 10.0.20348.2031
	Compiler: clang 15.0.7, gcc 14.1.0 (MinGW), and MSVC VS 19.39.33521

To view detailed results, visit:
https://lab.dpdk.org/results/dashboard/tarballs/33394/

UNH-IOL DPDK Community Lab

To manage your email subscriptions, visit: 
https://lab.dpdk.org/results/dashboard/preferences/subscriptions/