From mboxrd@z Thu Jan 1 00:00:00 1970 Return-Path: Received: from mails.dpdk.org (mails.dpdk.org [217.70.189.124]) by inbox.dpdk.org (Postfix) with ESMTP id 5E13C46667 for ; Wed, 30 Apr 2025 08:30:50 +0200 (CEST) Received: from mails.dpdk.org (localhost [127.0.0.1]) by mails.dpdk.org (Postfix) with ESMTP id 487E3402A3; Wed, 30 Apr 2025 08:30:50 +0200 (CEST) Received: from mail-qv1-f97.google.com (mail-qv1-f97.google.com [209.85.219.97]) by mails.dpdk.org (Postfix) with ESMTP id 413484026C for ; Wed, 30 Apr 2025 08:30:49 +0200 (CEST) Received: by mail-qv1-f97.google.com with SMTP id 6a1803df08f44-6ecfbf1c7cbso121266076d6.2 for ; Tue, 29 Apr 2025 23:30:49 -0700 (PDT) DKIM-Signature: v=1; a=rsa-sha256; c=relaxed/relaxed; d=iol.unh.edu; s=unh-iol; t=1745994648; x=1746599448; darn=dpdk.org; h=cc:to:from:subject:message-id:date:from:to:cc:subject:date :message-id:reply-to; bh=l3y9RPfBBQEIu9d+wGx6EvfxZ4mCfBsbpRS4ztco+rI=; b=hJa22VPXCtdMHKlScix6VS6UZ91X/O7IWD/X57u4BotpXTQQoxBBKxMN/riVYsXupI 6LblB8DpZXu4baeZBsiZfhkT1yD37fJq6hlK5Y49jt+k0brhFIHqYZSC996YdbvLLxuc XHxTpbCumlljKiLhYCL1Sr7kwaLb39KERZfkk= X-Google-DKIM-Signature: v=1; a=rsa-sha256; c=relaxed/relaxed; d=1e100.net; s=20230601; t=1745994648; x=1746599448; h=cc:to:from:subject:message-id:date:x-gm-message-state:from:to:cc :subject:date:message-id:reply-to; bh=l3y9RPfBBQEIu9d+wGx6EvfxZ4mCfBsbpRS4ztco+rI=; b=ekaTVc0ZN3fU3FnMFxWuEivwg2jhSjJ3f7V5R2pul41Oz6Xke647mVLgQj3/uVuqra LMfBSdRWwggPxPvG7lmjVXILR6mURwBh3RlnDp+PyRBP+whVKCrnQIxvxEQpQ5E45goN 9Q4iLyb6O93ae/mSlxYTQjs+iBy7P7oKQZ9BzbT56hQKellQsdZKIro48syW6Gx/7ttr o5uex+XuXTAhcjdMC1tA8oTfew2QFX5pKWvP54Go31YwauoWeOVmEmNBGUN0zozAcjKE AbCleVShYBRKntd8L94VmOFQMW4sguQtke5Xog1EZQmPd9TLRzKmtxHHHKECPQ76v7+1 ApvQ== X-Gm-Message-State: AOJu0YwfKN1O6s7WUvBxCEJzLIq/lyG1hGGCrbT6/gVjAbMInes3gGNu Jf8wDUhjBdSdQWdNzdgR+Yu8+37aqBps70FulCbdEGShC3IbfIwO8sb/dsKhreObvY5U1ryNhkf jMYXEl8ykDDBcktS/XVFK6uqK56KDs3rc X-Gm-Gg: ASbGncsnSrRy9Rb/oNkb7RyVH+J0meICzgf7Z4ilmtjcnyFpPCQDEBu9xldpFCpvjV7 l0bujG2h/mZqHoqP/o2qD8UqkcMxWpXs8rUMG1IkbEJQmkGe538UGczXO4Pyou0IEUWS+9wcJWg HhLb1nTk8Gu5oWgGfYTGAoHevFGE/ubkvUjiesdcLq8c1wbLnHupZSgBaGWfns73FDhwOv3r66M gJva23lgw04kaSmTo6DEteMrHo2+p47DgZpkuZLDOajV7udcwbas5d7owIqOToX+envUbWDIEk9 7B8rX/x/8y1Bs/SwDRwVv1adKYhW6Y2htcZQ X-Google-Smtp-Source: AGHT+IEYBEcBwzP5MZEesR0yB3BVgdB0thkurFpPdLCVkF6lc9GYpS5ojAa56mh4WgSu3G50d3ske5ddtcXc X-Received: by 2002:a05:6214:e6c:b0:6e8:ddf6:d137 with SMTP id 6a1803df08f44-6f4fe0560d6mr23859836d6.18.1745994648550; Tue, 29 Apr 2025 23:30:48 -0700 (PDT) Received: from postal.iol.unh.edu (postal.iol.unh.edu. [132.177.123.84]) by smtp-relay.gmail.com with ESMTPS id 6a1803df08f44-6f4fe8215casm422896d6.60.2025.04.29.23.30.48 (version=TLS1_2 cipher=ECDHE-ECDSA-AES128-GCM-SHA256 bits=128/128); Tue, 29 Apr 2025 23:30:48 -0700 (PDT) X-Relaying-Domain: iol.unh.edu Date: Tue, 29 Apr 2025 23:30:48 -0700 (PDT) Message-ID: <6811c398.d40a0220.1a62ef.223aSMTPIN_ADDED_MISSING@mx.google.com> Received: from [172.21.0.7] (unknown [172.18.0.240]) by postal.iol.unh.edu (Postfix) with ESMTP id 3163C6052471; Wed, 30 Apr 2025 02:30:48 -0400 (EDT) Subject: |FAILURE| [GIT MASTER] 4401486b5e30d43a134f80f9802f60b5f43e74a8 From: dpdklab@iol.unh.edu To: Test Report Cc: dpdk-test-reports@iol.unh.edu, Xueming Li , Christian Ehrhardt , Kevin Traynor , Luca Boccassi Content-Type: text/plain X-BeenThere: test-report@dpdk.org X-Mailman-Version: 2.1.29 Precedence: list List-Id: automatic DPDK test reports List-Unsubscribe: , List-Archive: List-Post: List-Help: List-Subscribe: , Errors-To: test-report-bounces@dpdk.org _Testing issues_ Branch: tags/v22.11 4401486b5e30d43a134f80f9802f60b5f43e74a8 --> testing issues Upstream job id: Generic-Unit-Test-DPDK#334381 Test environment and result as below: +---------------------+----------------+ | Environment | dpdk_unit_test | +=====================+================+ | CentOS Stream 10 | FAIL | +---------------------+----------------+ | Fedora 40 | FAIL | +---------------------+----------------+ | CentOS Stream 9 | FAIL | +---------------------+----------------+ | RHEL8 | PEND | +---------------------+----------------+ | Fedora 41 (Clang) | FAIL | +---------------------+----------------+ | Fedora 40 (Clang) | FAIL | +---------------------+----------------+ | Debian 12 | PEND | +---------------------+----------------+ | Ubuntu 22.04 | PEND | +---------------------+----------------+ | RHEL9 | PEND | +---------------------+----------------+ | Fedora 41 | PEND | +---------------------+----------------+ | Ubuntu 20.04 | PASS | +---------------------+----------------+ | Ubuntu 24.04 | PEND | +---------------------+----------------+ | Windows Server 2022 | FAIL | +---------------------+----------------+ ==== Unit test summary for Windows Server 2022 (dpdk_unit_test): ==== Failed to get the unit test results. Displaying the unit test results is not supported for some environments, such as our aarch32 testing, where meson is not used to run the tests. Download the logs available on our CI site. ==== End log output ==== CentOS Stream 10 Kernel: Depends on container host Compiler: gcc 14.2.1 20241104 (Red Hat 14.2.1-6) Fedora 40 Kernel: Depends on container host Compiler: gcc 14.2.1 20240912 (Red Hat 14.2.1-3) CentOS Stream 9 Kernel: Depends on container host Compiler: gcc 11.5.0 20240719 (Red Hat 11.5.0-2) RHEL8 Kernel: Depends on container host Compiler: gcc 8.5.0 20210514 (Red Hat 8.5.0-22) Fedora 41 (Clang) Kernel: Depends on container host Compiler: clang 19.1.5 (Fedora 19.1.5-1.fc41) Fedora 40 (Clang) Kernel: Depends on container host Compiler: clang 18.1.8 (Fedora 18.1.8-1.fc40) Debian 12 Kernel: Depends on container host Compiler: gcc (Debian 12.2.0-14) 12.2.0 Ubuntu 22.04 Kernel: Depends on container host Compiler: gcc (Ubuntu 11.4.0-1ubuntu1~22.04) 11.4.0 RHEL9 Kernel: Depends on container host Compiler: gcc 11.5.0 20240719 (Red Hat 11.5.0-2) Fedora 41 Kernel: Depends on container host Compiler: gcc 14.2.1 20240912 (Red Hat 14.2.1-3) Ubuntu 20.04 Kernel: Depends on container host Compiler: gcc (Ubuntu 9.4.0-1ubuntu1~20.04.2) 9.4.0 Ubuntu 24.04 Kernel: Depends on container host Compiler: gcc (Ubuntu 13.3.0-6ubuntu2~24.04) 13.3.0 Windows Server 2022 Kernel: 10.0.20348.2031 Compiler: clang 15.0.7, gcc 14.1.0 (MinGW), and MSVC VS 19.39.33521 To view detailed results, visit: https://lab.dpdk.org/results/dashboard/tarballs/33394/ UNH-IOL DPDK Community Lab To manage your email subscriptions, visit: https://lab.dpdk.org/results/dashboard/preferences/subscriptions/