From mboxrd@z Thu Jan 1 00:00:00 1970 Return-Path: Received: from mails.dpdk.org (mails.dpdk.org [217.70.189.124]) by inbox.dpdk.org (Postfix) with ESMTP id 83EE146667 for ; Wed, 30 Apr 2025 08:33:24 +0200 (CEST) Received: from mails.dpdk.org (localhost [127.0.0.1]) by mails.dpdk.org (Postfix) with ESMTP id 82D69402A3; Wed, 30 Apr 2025 08:33:23 +0200 (CEST) Received: from mail-qt1-f226.google.com (mail-qt1-f226.google.com [209.85.160.226]) by mails.dpdk.org (Postfix) with ESMTP id 861574026C for ; Wed, 30 Apr 2025 08:33:22 +0200 (CEST) Received: by mail-qt1-f226.google.com with SMTP id d75a77b69052e-4768f90bf36so78835531cf.0 for ; Tue, 29 Apr 2025 23:33:22 -0700 (PDT) DKIM-Signature: v=1; a=rsa-sha256; c=relaxed/relaxed; d=iol.unh.edu; s=unh-iol; t=1745994802; x=1746599602; darn=dpdk.org; h=cc:to:from:subject:message-id:date:from:to:cc:subject:date :message-id:reply-to; bh=RVbqAt8d8ToZJHdjVoYR4FSg+yeHiwThzT5yQvubDrE=; b=Sm6uJQ/uOb0qHtdGlX4EHfG6+kn8MOHxCjjTrhCFXVECymAAO/aQWwLFYdc4oA7gi5 /Xw+upIFgY61RKZuKG40saeEIe86r8mNYX5lHBP+PVB6dfCt8L+wERga3bU3qMU+y5Si ulJj1WhAyzIPEd76IcIxmBU1T7mWQ5h/CAjYk= X-Google-DKIM-Signature: v=1; a=rsa-sha256; c=relaxed/relaxed; d=1e100.net; s=20230601; t=1745994802; x=1746599602; h=cc:to:from:subject:message-id:date:x-gm-message-state:from:to:cc :subject:date:message-id:reply-to; bh=RVbqAt8d8ToZJHdjVoYR4FSg+yeHiwThzT5yQvubDrE=; b=KWm50u3tSy9U0Bb9BfU3TLtHT0Km2Q+PJf70PSvEk5X54642Acwn9vIpI3xin8JxGQ c6One1SHlNxZfptzq5zLx6S+YfnoQgEtTmcYX7guN/xYWzTa5Iu1iOMKd+IM/NwAzMop +h7lWhmpMWIEMe70y3QD6zXldrck2x2CD6EtzOIcELdpciKtsSUxaBtLKlazAc9SQFxC gKE7+rYvBwtt7RQM1boBqIfOcibK9RubJ2kfw0COL+jUCippdbdYhxOA88rADcifEYYO vUAHS7fPqMhTsLGpvs+VUFgGb9WkbbmVPgvaYgf0pWuD2K8gb2Dqf7wX1qrQrhXDYSRK chdg== X-Gm-Message-State: AOJu0YwEup6qRaCv3UemKX7E/2VFYt0BEIqPCXSkIOc5QfQm7EDQtnYn Kzdr0YCNDIKQUfl956PA4JyARIUss5a5TfWeuVLfWx88MfKSuC8jYBuvswxfFEeyeesrRqr/zTC ArbDmP4atTzZOdsApQYGFdOiFdnP6KELm X-Gm-Gg: ASbGnct9qYuRlVfA8uC0bUlF9/K/OLRQCffFMTQSiwPmNdCVZE+oq9lexvOHyxJbT+y GwTJm7STy5uMw8teRYiAPp5UQzpJ4d67i+a0v/StMQHzE3LU4oAM7t77d1MrHxVsfp3AEQc3YBa 4wR0NoS7ZYqy25l3Nf7crFHhgpSc2VmgudVcbe0krFKYJUfOQ3ll23lCraHLCa6ZDJDFG2fTEg4 V+Kjg8tab3CqrNhzi5D2QK1aI0c63tqCsl3e+KED8GBWLBm8gmU0RZFVCfmJsXYGfthMasO/Yhp ybRt6P9oT1glNT1fCLHVdEQLdimm2cR8v8UP X-Google-Smtp-Source: AGHT+IFJyMR1pXoQ4PqtZO4QKQa0cqNg/QeqDBj4+3y/stTej5XgBu8nP6X6aqx6rRKw5L+zySn4ZQI+Eosy X-Received: by 2002:a05:622a:4187:b0:477:6f28:3eb7 with SMTP id d75a77b69052e-489e44b5a51mr25005401cf.3.1745994801738; Tue, 29 Apr 2025 23:33:21 -0700 (PDT) Received: from postal.iol.unh.edu (postal.iol.unh.edu. [132.177.123.84]) by smtp-relay.gmail.com with ESMTPS id d75a77b69052e-47e9f7a8fecsm11394201cf.6.2025.04.29.23.33.21 (version=TLS1_2 cipher=ECDHE-ECDSA-AES128-GCM-SHA256 bits=128/128); Tue, 29 Apr 2025 23:33:21 -0700 (PDT) X-Relaying-Domain: iol.unh.edu Date: Tue, 29 Apr 2025 23:33:21 -0700 (PDT) Message-ID: <6811c431.c80a0220.d1dbc.cd79SMTPIN_ADDED_MISSING@mx.google.com> Received: from [172.21.0.5] (unknown [172.18.0.240]) by postal.iol.unh.edu (Postfix) with ESMTP id 611FF6052471; Wed, 30 Apr 2025 02:33:21 -0400 (EDT) Subject: |FAILURE| [GIT MASTER] 4401486b5e30d43a134f80f9802f60b5f43e74a8 From: dpdklab@iol.unh.edu To: Test Report Cc: dpdk-test-reports@iol.unh.edu, Xueming Li , Christian Ehrhardt , Kevin Traynor , Luca Boccassi Content-Type: text/plain X-BeenThere: test-report@dpdk.org X-Mailman-Version: 2.1.29 Precedence: list List-Id: automatic DPDK test reports List-Unsubscribe: , List-Archive: List-Post: List-Help: List-Subscribe: , Errors-To: test-report-bounces@dpdk.org _Testing issues_ Branch: tags/v22.11 4401486b5e30d43a134f80f9802f60b5f43e74a8 --> testing issues Upstream job id: Generic-Unit-Test-DPDK#334383 Test environment and result as below: +---------------------+----------------+ | Environment | dpdk_unit_test | +=====================+================+ | CentOS Stream 10 | FAIL | +---------------------+----------------+ | Fedora 40 | FAIL | +---------------------+----------------+ | CentOS Stream 9 | FAIL | +---------------------+----------------+ | RHEL8 | PEND | +---------------------+----------------+ | Fedora 41 (Clang) | FAIL | +---------------------+----------------+ | Fedora 40 (Clang) | FAIL | +---------------------+----------------+ | Debian 12 | FAIL | +---------------------+----------------+ | Ubuntu 22.04 | PEND | +---------------------+----------------+ | RHEL9 | PEND | +---------------------+----------------+ | Fedora 41 | PEND | +---------------------+----------------+ | Ubuntu 20.04 | PASS | +---------------------+----------------+ | Ubuntu 24.04 | PEND | +---------------------+----------------+ | Windows Server 2022 | FAIL | +---------------------+----------------+ ==== Unit test summary for Windows Server 2022 (dpdk_unit_test): ==== Failed to get the unit test results. Displaying the unit test results is not supported for some environments, such as our aarch32 testing, where meson is not used to run the tests. Download the logs available on our CI site. ==== End log output ==== CentOS Stream 10 Kernel: Depends on container host Compiler: gcc 14.2.1 20241104 (Red Hat 14.2.1-6) Fedora 40 Kernel: Depends on container host Compiler: gcc 14.2.1 20240912 (Red Hat 14.2.1-3) CentOS Stream 9 Kernel: Depends on container host Compiler: gcc 11.5.0 20240719 (Red Hat 11.5.0-2) RHEL8 Kernel: Depends on container host Compiler: gcc 8.5.0 20210514 (Red Hat 8.5.0-22) Fedora 41 (Clang) Kernel: Depends on container host Compiler: clang 19.1.5 (Fedora 19.1.5-1.fc41) Fedora 40 (Clang) Kernel: Depends on container host Compiler: clang 18.1.8 (Fedora 18.1.8-1.fc40) Debian 12 Kernel: Depends on container host Compiler: gcc (Debian 12.2.0-14) 12.2.0 Ubuntu 22.04 Kernel: Depends on container host Compiler: gcc (Ubuntu 11.4.0-1ubuntu1~22.04) 11.4.0 RHEL9 Kernel: Depends on container host Compiler: gcc 11.5.0 20240719 (Red Hat 11.5.0-2) Fedora 41 Kernel: Depends on container host Compiler: gcc 14.2.1 20240912 (Red Hat 14.2.1-3) Ubuntu 20.04 Kernel: Depends on container host Compiler: gcc (Ubuntu 9.4.0-1ubuntu1~20.04.2) 9.4.0 Ubuntu 24.04 Kernel: Depends on container host Compiler: gcc (Ubuntu 13.3.0-6ubuntu2~24.04) 13.3.0 Windows Server 2022 Kernel: 10.0.20348.2031 Compiler: clang 15.0.7, gcc 14.1.0 (MinGW), and MSVC VS 19.39.33521 To view detailed results, visit: https://lab.dpdk.org/results/dashboard/tarballs/33394/ UNH-IOL DPDK Community Lab To manage your email subscriptions, visit: https://lab.dpdk.org/results/dashboard/preferences/subscriptions/