From mboxrd@z Thu Jan 1 00:00:00 1970 Return-Path: Received: from mails.dpdk.org (mails.dpdk.org [217.70.189.124]) by inbox.dpdk.org (Postfix) with ESMTP id 53C6846667 for ; Wed, 30 Apr 2025 08:59:04 +0200 (CEST) Received: from mails.dpdk.org (localhost [127.0.0.1]) by mails.dpdk.org (Postfix) with ESMTP id 2EB6F402A3; Wed, 30 Apr 2025 08:59:04 +0200 (CEST) Received: from mail-pj1-f100.google.com (mail-pj1-f100.google.com [209.85.216.100]) by mails.dpdk.org (Postfix) with ESMTP id EEEB44026C for ; Wed, 30 Apr 2025 08:59:02 +0200 (CEST) Received: by mail-pj1-f100.google.com with SMTP id 98e67ed59e1d1-306bf444ba2so6574963a91.1 for ; Tue, 29 Apr 2025 23:59:02 -0700 (PDT) DKIM-Signature: v=1; a=rsa-sha256; c=relaxed/relaxed; d=iol.unh.edu; s=unh-iol; t=1745996341; x=1746601141; darn=dpdk.org; h=cc:to:from:subject:message-id:date:from:to:cc:subject:date :message-id:reply-to; bh=7+2iwdbB84AXGjh0Wh1wAq474Qsp/Z4X4KDV37M0jHc=; b=CQjstC0fFayQsqvwPiOPTEvxPeHcCrINkTTLoTEcxXjYPiJSFwEQsMcE2TdNoBc7GY cembQ2Umqifct3yfif5158WbyV+h8Rmq4lzOn6GkwZWErLDSdqio18nRWgoa1Sc++a2g B5bL48+ujY9j41Xf8obz/+MammnxPZlNjYUNw= X-Google-DKIM-Signature: v=1; a=rsa-sha256; c=relaxed/relaxed; d=1e100.net; s=20230601; t=1745996341; x=1746601141; h=cc:to:from:subject:message-id:date:x-gm-message-state:from:to:cc :subject:date:message-id:reply-to; bh=7+2iwdbB84AXGjh0Wh1wAq474Qsp/Z4X4KDV37M0jHc=; b=agaWnv39ALyDMpcjV+QzhKaTl0Sts2HflJtb4/I3nLGHNySF3ft9M85/KCpfW85WOh iXtV2+aC18ZBkmwDw+gG+qIxFQjVvPn+BGhlv2Nbngi+2VoJfCGSSwx6qgnYZnmLYA1h IbUHMvBvGHM9dQzIi266SOEwtfEsUIKHQeQ6Hd/09zPzeuVNpQXGg3nahDSsyUU/JNBc 3y0UndyB2SYZtyJCWylKiiJKhOpOZ6lFlAQAorZzfN0kCbIHJ9uOTiA+B3HDfFNY8TJo 1Yu0BfxnE3IdQpZiABKgqvm6aM+COeOccmHQZkUHZZZJUSqHAs7e62juH8mYoKVxnAsx BMzg== X-Gm-Message-State: AOJu0YxZLIboR1TxzfMaDac2vH6GvHspzmRcniJKVtFKkE8fJcoINZx7 NXX9tocR6yYGjCoj34GW213z8n9j9Te7/lM0l1GBA3eXROFFAP1Bn1W/oSoiF+IQfin0km29roA vZ3Ejvdyr4r6JxDdM+iJBobbZZR7K1OZU X-Gm-Gg: ASbGnctSvi4krYrXeYW/EsiKrDEiEU4mRN/jAAlGE40+nURCo0sLk3+KfQgEXlK4njx DgtqC3wY7jswObKf7QH0esuKuPgBBxwah3uETHQ6uofMcaXfc7nUtV3prahvhzbt5dTCG8mDDNc Bp7DspO/diuDokGOc+XYwWtbbMCR8RfxMOEkpzoNZu7dyTmX8GeFy3aqB/PxCnhczBRhmBWFzTx 3msJxq1ri/htOvuP72mN9gVO0EsmuUZYdQd4BfSSi4oexkByOrjJa7KcM+TQ5Xj/R14MfR59Wov RnSHuWGBTiSSGcTita/FwwiYZm/pDX4YAmNF X-Google-Smtp-Source: AGHT+IH1KJJPmM4UzdKSutg603dy8Fd0OqBxPvAqn4MnOe2xdy0WD9hiZL/ghsdLdZLzqgjYMZWWTEQVAKDS X-Received: by 2002:a17:90b:2812:b0:309:e195:59d4 with SMTP id 98e67ed59e1d1-30a332e99ccmr3666880a91.12.1745996341491; Tue, 29 Apr 2025 23:59:01 -0700 (PDT) Received: from postal.iol.unh.edu (postal.iol.unh.edu. [132.177.123.84]) by smtp-relay.gmail.com with ESMTPS id 98e67ed59e1d1-30a3471f3a1sm54873a91.3.2025.04.29.23.59.01 (version=TLS1_2 cipher=ECDHE-ECDSA-AES128-GCM-SHA256 bits=128/128); Tue, 29 Apr 2025 23:59:01 -0700 (PDT) X-Relaying-Domain: iol.unh.edu Date: Tue, 29 Apr 2025 23:59:01 -0700 (PDT) Message-ID: <6811ca35.170a0220.382bd4.2ac2SMTPIN_ADDED_MISSING@mx.google.com> Received: from [172.21.0.5] (unknown [172.18.0.240]) by postal.iol.unh.edu (Postfix) with ESMTP id 6B1976052471; Wed, 30 Apr 2025 02:59:00 -0400 (EDT) Subject: |FAILURE| [GIT MASTER] 4401486b5e30d43a134f80f9802f60b5f43e74a8 From: dpdklab@iol.unh.edu To: Test Report Cc: dpdk-test-reports@iol.unh.edu, Xueming Li , Christian Ehrhardt , Kevin Traynor , Luca Boccassi Content-Type: text/plain X-BeenThere: test-report@dpdk.org X-Mailman-Version: 2.1.29 Precedence: list List-Id: automatic DPDK test reports List-Unsubscribe: , List-Archive: List-Post: List-Help: List-Subscribe: , Errors-To: test-report-bounces@dpdk.org _Testing issues_ Branch: tags/v22.11 4401486b5e30d43a134f80f9802f60b5f43e74a8 --> testing issues Upstream job id: Generic-Unit-Test-DPDK#334390 Test environment and result as below: +---------------------+----------------+ | Environment | dpdk_unit_test | +=====================+================+ | CentOS Stream 10 | FAIL | +---------------------+----------------+ | Fedora 40 | FAIL | +---------------------+----------------+ | CentOS Stream 9 | FAIL | +---------------------+----------------+ | RHEL8 | FAIL | +---------------------+----------------+ | Fedora 41 (Clang) | FAIL | +---------------------+----------------+ | Fedora 40 (Clang) | FAIL | +---------------------+----------------+ | Debian 12 | FAIL | +---------------------+----------------+ | Ubuntu 22.04 | FAIL | +---------------------+----------------+ | RHEL9 | FAIL | +---------------------+----------------+ | Fedora 41 | FAIL | +---------------------+----------------+ | Ubuntu 20.04 | PASS | +---------------------+----------------+ | Ubuntu 24.04 | PEND | +---------------------+----------------+ | Windows Server 2022 | FAIL | +---------------------+----------------+ ==== Unit test summary for Windows Server 2022 (dpdk_unit_test): ==== Failed to get the unit test results. Displaying the unit test results is not supported for some environments, such as our aarch32 testing, where meson is not used to run the tests. Download the logs available on our CI site. ==== End log output ==== CentOS Stream 10 Kernel: Depends on container host Compiler: gcc 14.2.1 20241104 (Red Hat 14.2.1-6) Fedora 40 Kernel: Depends on container host Compiler: gcc 14.2.1 20240912 (Red Hat 14.2.1-3) CentOS Stream 9 Kernel: Depends on container host Compiler: gcc 11.5.0 20240719 (Red Hat 11.5.0-2) RHEL8 Kernel: Depends on container host Compiler: gcc 8.5.0 20210514 (Red Hat 8.5.0-22) Fedora 41 (Clang) Kernel: Depends on container host Compiler: clang 19.1.5 (Fedora 19.1.5-1.fc41) Fedora 40 (Clang) Kernel: Depends on container host Compiler: clang 18.1.8 (Fedora 18.1.8-1.fc40) Debian 12 Kernel: Depends on container host Compiler: gcc (Debian 12.2.0-14) 12.2.0 Ubuntu 22.04 Kernel: Depends on container host Compiler: gcc (Ubuntu 11.4.0-1ubuntu1~22.04) 11.4.0 RHEL9 Kernel: Depends on container host Compiler: gcc 11.5.0 20240719 (Red Hat 11.5.0-2) Fedora 41 Kernel: Depends on container host Compiler: gcc 14.2.1 20240912 (Red Hat 14.2.1-3) Ubuntu 20.04 Kernel: Depends on container host Compiler: gcc (Ubuntu 9.4.0-1ubuntu1~20.04.2) 9.4.0 Ubuntu 24.04 Kernel: Depends on container host Compiler: gcc (Ubuntu 13.3.0-6ubuntu2~24.04) 13.3.0 Windows Server 2022 Kernel: 10.0.20348.2031 Compiler: clang 15.0.7, gcc 14.1.0 (MinGW), and MSVC VS 19.39.33521 To view detailed results, visit: https://lab.dpdk.org/results/dashboard/tarballs/33394/ UNH-IOL DPDK Community Lab To manage your email subscriptions, visit: https://lab.dpdk.org/results/dashboard/preferences/subscriptions/