From mboxrd@z Thu Jan 1 00:00:00 1970 Return-Path: Received: from mails.dpdk.org (mails.dpdk.org [217.70.189.124]) by inbox.dpdk.org (Postfix) with ESMTP id 73B1E465FE for ; Wed, 30 Apr 2025 11:59:36 +0200 (CEST) Received: from mails.dpdk.org (localhost [127.0.0.1]) by mails.dpdk.org (Postfix) with ESMTP id 574FF402A7; Wed, 30 Apr 2025 11:59:36 +0200 (CEST) Received: from mail-qt1-f225.google.com (mail-qt1-f225.google.com [209.85.160.225]) by mails.dpdk.org (Postfix) with ESMTP id E25CB402A3 for ; Wed, 30 Apr 2025 11:59:34 +0200 (CEST) Received: by mail-qt1-f225.google.com with SMTP id d75a77b69052e-4774193fdffso131113651cf.1 for ; Wed, 30 Apr 2025 02:59:34 -0700 (PDT) DKIM-Signature: v=1; a=rsa-sha256; c=relaxed/relaxed; d=iol.unh.edu; s=unh-iol; t=1746007174; x=1746611974; darn=dpdk.org; h=cc:to:from:subject:message-id:date:from:to:cc:subject:date :message-id:reply-to; bh=hrWuyVhIoKj4cftnRf+zWVkswQyoEjJHBV0kgBVUVTA=; b=cHBtbR1F6db4t3RCfuYUt6eaVhQvvJUjfO5NSWPC3ZK50tjBchI46zpsnlsg40Zc3/ EB5B/drhsjyEK6dt8GgYyvb36RLf4tfES75xU4Dn/LSIUiHJ8MaGF/ChVA5Y1Fm3MT9Q h7wnHVqZF92j70zs6ddcTfS2BCMIvD3XX9SzM= X-Google-DKIM-Signature: v=1; a=rsa-sha256; c=relaxed/relaxed; d=1e100.net; s=20230601; t=1746007174; x=1746611974; h=cc:to:from:subject:message-id:date:x-gm-message-state:from:to:cc :subject:date:message-id:reply-to; bh=hrWuyVhIoKj4cftnRf+zWVkswQyoEjJHBV0kgBVUVTA=; b=g6yNJ8oK2htVALg6LWNFzV9xiV9/Ttr8luxc7NVTMZkjkqSy+qxewhmimYhLKq4e01 RdxsID1AqdBbhbWstOI0jKpBXebioOaqqVQsVGR34C/W2jzTVGh3BnOusm+lPtOdto7Y 7bxcemKaKcyqL9gDdX0ST8H0HL+9S0yCb3AiHIxLNjLepZSLsPqmw2xEvxsbpIvRJ/5o vjfRTV6fV/AuLc7qZrqZKdAWV40AabtxM4NlAF2hWSaL0zt5G2cmFaBFbFF4kERssG8o T4GYXewYZNG+XD/D1IoJ5vi2/JKGdPNvjYEQO72yeuZVfAib1c0shxdADkjXG+8M5Sn9 s82Q== X-Gm-Message-State: AOJu0YwFaVIg3oecMMEkY8zOWHq7kN9jKuONpbBrwiPjBLrlhp0GtGTL TESWJsRp5yv48LmGMA86rj4qmLmaSxke34k3tRH+q35oGaHiaC0wpBkSAIYn5UXwfMR5lr7O1lE lDX6LTEyBWReJSyjF20Cx3KALigB/n01o X-Gm-Gg: ASbGnct6P6I9Tnr48s623Rke9NVnTcE0hGR5HWq0RWMVUTDNB4ho24nxJxPGZfnyb0M PatxRzrTLJ2LPcb5WQ/sO/DsVFSznilwM+5WJxZsmvA3feX0oGO7C00KvCsVhsIHEziQgIo3kyW jC7YjF1FDqLCNYDyDZ++rBeHf/Xoa2x+n8FsuW40fOx6UjZ5DxuxFBQeGwAiaBYMLfygGqcKZZ8 Q3X4uMhmx+sKbgdvVazhB7zhHlsPDdshxZFKlQnIVDF2QCU7TRtU+pdT5eUDIHdxjM9Lp6V55EM qSkiRy5T4JalwmxJX6NWvK9MJ7G3uXLRANY3 X-Google-Smtp-Source: AGHT+IEWz5akvAkt0+1+vJpFlbEy3oA+RLPL8a43KcRGd3Dgun6Qnw07fQhLJstvVyIxRDE7F55ab0lu07JH X-Received: by 2002:a05:622a:1b10:b0:476:8cad:72d7 with SMTP id d75a77b69052e-489e46a4565mr27738801cf.8.1746007174269; Wed, 30 Apr 2025 02:59:34 -0700 (PDT) Received: from postal.iol.unh.edu (postal.iol.unh.edu. [132.177.123.84]) by smtp-relay.gmail.com with ESMTPS id d75a77b69052e-47ea1b9175dsm11508821cf.16.2025.04.30.02.59.34 (version=TLS1_2 cipher=ECDHE-ECDSA-AES128-GCM-SHA256 bits=128/128); Wed, 30 Apr 2025 02:59:34 -0700 (PDT) X-Relaying-Domain: iol.unh.edu Date: Wed, 30 Apr 2025 02:59:34 -0700 (PDT) Message-ID: <6811f486.050a0220.21c9fc.eba3SMTPIN_ADDED_MISSING@mx.google.com> Received: from [172.21.0.6] (unknown [172.18.0.240]) by postal.iol.unh.edu (Postfix) with ESMTP id DE8DA6052471; Wed, 30 Apr 2025 05:59:33 -0400 (EDT) Subject: |WARNING| [GIT MASTER] 4401486b5e30d43a134f80f9802f60b5f43e74a8 From: dpdklab@iol.unh.edu To: Test Report Cc: dpdk-test-reports@iol.unh.edu, Xueming Li , Christian Ehrhardt , Kevin Traynor , Luca Boccassi Content-Type: text/plain X-BeenThere: test-report@dpdk.org X-Mailman-Version: 2.1.29 Precedence: list List-Id: automatic DPDK test reports List-Unsubscribe: , List-Archive: List-Post: List-Help: List-Subscribe: , Errors-To: test-report-bounces@dpdk.org _Testing issues_ Branch: tags/v22.11 4401486b5e30d43a134f80f9802f60b5f43e74a8 --> testing issues Upstream job id: Generic-DPDK-Compile-Meson#383942 Test environment and result as below: +---------------------+--------------------+-------------------------+----------------------+ | Environment | dpdk_meson_compile | dpdk_llvm_clang_compile | dpdk_mingw64_compile | +=====================+====================+=========================+======================+ | CentOS Stream 9 | PASS | SKIPPED | SKIPPED | +---------------------+--------------------+-------------------------+----------------------+ | Debian 12 | PASS | SKIPPED | SKIPPED | +---------------------+--------------------+-------------------------+----------------------+ | Fedora 40 (Clang) | PASS | SKIPPED | SKIPPED | +---------------------+--------------------+-------------------------+----------------------+ | Fedora 40 | PASS | SKIPPED | SKIPPED | +---------------------+--------------------+-------------------------+----------------------+ | openSUSE Leap 15 | PASS | SKIPPED | SKIPPED | +---------------------+--------------------+-------------------------+----------------------+ | Fedora 41 | PASS | SKIPPED | SKIPPED | +---------------------+--------------------+-------------------------+----------------------+ | RHEL8 | PASS | SKIPPED | SKIPPED | +---------------------+--------------------+-------------------------+----------------------+ | Fedora 41 (Clang) | PASS | SKIPPED | SKIPPED | +---------------------+--------------------+-------------------------+----------------------+ | RHEL9 | PASS | SKIPPED | SKIPPED | +---------------------+--------------------+-------------------------+----------------------+ | Ubuntu 20.04 | PASS | SKIPPED | SKIPPED | +---------------------+--------------------+-------------------------+----------------------+ | Ubuntu 22.04 | PASS | SKIPPED | SKIPPED | +---------------------+--------------------+-------------------------+----------------------+ | Ubuntu 24.04 | PASS | SKIPPED | SKIPPED | +---------------------+--------------------+-------------------------+----------------------+ | FreeBSD 13.5 | PASS | SKIPPED | SKIPPED | +---------------------+--------------------+-------------------------+----------------------+ | FreeBSD 14.2 | PASS | SKIPPED | SKIPPED | +---------------------+--------------------+-------------------------+----------------------+ | CentOS Stream 10 | PASS | SKIPPED | SKIPPED | +---------------------+--------------------+-------------------------+----------------------+ | Windows Server 2022 | SKIPPED | FAIL | PASS | +---------------------+--------------------+-------------------------+----------------------+ ==== 20 line log output for Windows Server 2022 (dpdk_llvm_clang_compile): ==== ..\lib\eal\include/rte_common.h:850:32: note: expanded from macro 'RTE_FMT_TAIL' #define RTE_FMT_TAIL(fmt, ...) __VA_ARGS__ ^~~~~~~~~~~ ..\lib\eal\include/rte_common.h:848:39: note: expanded from macro 'RTE_FMT' #define RTE_FMT(fmt, ...) fmt "%.0s", __VA_ARGS__ "" ^~~~~~~~~~~ ../drivers/crypto/mlx5/mlx5_crypto.c:463:18: note: forward declaration of 'struct mlx5_err_cqe' volatile struct mlx5_err_cqe *cqe = (volatile struct mlx5_err_cqe *) ^ 3 errors generated. [618/788] Compiling C object drivers/libtmp_rte_net_vmxnet3.a.p/net_vmxnet3_vmxnet3_ethdev.c.obj [619/788] Compiling C object drivers/libtmp_rte_crypto_mlx5.a.p/crypto_mlx5_mlx5_crypto_dek.c.obj [620/788] Compiling C object drivers/libtmp_rte_net_vmxnet3.a.p/net_vmxnet3_vmxnet3_rxtx.c.obj [621/788] Compiling C object app/dpdk-testpmd.exe.p/test-pmd_cmdline_mtr.c.obj [622/788] Generating rte_net_octeon_ep.pmd.c with a custom command (wrapped by meson to set PATH) [623/788] Compiling C object app/dpdk-testpmd.exe.p/test-pmd_cmdline.c.obj [624/788] Compiling C object drivers/libtmp_rte_net_mlx5.a.p/net_mlx5_mlx5_tx_nompw.c.obj [625/788] Compiling C object drivers/libtmp_rte_net_mlx5.a.p/net_mlx5_mlx5_tx_empw.c.obj [626/788] Compiling C object drivers/libtmp_rte_net_mlx5.a.p/net_mlx5_mlx5_tx_txpp.c.obj ninja: build stopped: subcommand failed. ==== End log output ==== CentOS Stream 9 Kernel: Depends on container host Compiler: gcc 11.5.0 20240719 (Red Hat 11.5.0-2) Debian 12 Kernel: Depends on container host Compiler: gcc (Debian 12.2.0-14) 12.2.0 Fedora 40 (Clang) Kernel: Depends on container host Compiler: clang 18.1.8 (Fedora 18.1.8-1.fc40) Fedora 40 Kernel: Depends on container host Compiler: gcc 14.2.1 20240912 (Red Hat 14.2.1-3) openSUSE Leap 15 Kernel: Depends on container host Compiler: gcc (SUSE Linux) 7.5.0 Fedora 41 Kernel: Depends on container host Compiler: gcc 14.2.1 20240912 (Red Hat 14.2.1-3) RHEL8 Kernel: Depends on container host Compiler: gcc 8.5.0 20210514 (Red Hat 8.5.0-22) Fedora 41 (Clang) Kernel: Depends on container host Compiler: clang 19.1.5 (Fedora 19.1.5-1.fc41) RHEL9 Kernel: Depends on container host Compiler: gcc 11.5.0 20240719 (Red Hat 11.5.0-2) Ubuntu 20.04 Kernel: Depends on container host Compiler: gcc (Ubuntu 9.4.0-1ubuntu1~20.04.2) 9.4.0 Ubuntu 22.04 Kernel: Depends on container host Compiler: gcc (Ubuntu 11.4.0-1ubuntu1~22.04) 11.4.0 Ubuntu 24.04 Kernel: Depends on container host Compiler: gcc (Ubuntu 13.3.0-6ubuntu2~24.04) 13.3.0 FreeBSD 13.5 Kernel: 13.5-RELEASE Compiler: clang 19.1.7 FreeBSD 14.2 Kernel: 14.2-RELEASE Compiler: clang 18.1.6 CentOS Stream 10 Kernel: Depends on container host Compiler: gcc 14.2.1 20241104 (Red Hat 14.2.1-6) Windows Server 2022 Kernel: 10.0.20348.2031 Compiler: clang 15.0.7, gcc 14.1.0 (MinGW), and MSVC VS 19.39.33521 To view detailed results, visit: https://lab.dpdk.org/results/dashboard/tarballs/33394/ UNH-IOL DPDK Community Lab To manage your email subscriptions, visit: https://lab.dpdk.org/results/dashboard/preferences/subscriptions/