From: dpdklab@iol.unh.edu
To: Test Report <test-report@dpdk.org>
Cc: dpdk-test-reports@iol.unh.edu
Subject: |PENDING| pw153191-153192 [PATCH] [v3,2/2] drivers: add support for
Date: Wed, 30 Apr 2025 03:58:24 -0700 (PDT) [thread overview]
Message-ID: <68120250.050a0220.aa9fd.87acSMTPIN_ADDED_MISSING@mx.google.com> (raw)
In-Reply-To: <20250430091051.789240-2-kirankumark@marvell.com>
Test-Label: iol-compile-arm64-testing
Test-Status: PENDING
http://dpdk.org/patch/153192
_Testing pending_
Submitter: Kiran Kumar Kokkilagadda <kirankumark@marvell.com>
Date: Wednesday, April 30 2025 09:10:51
DPDK git baseline: Repo:dpdk
Branch: master
CommitID:ff05ee3e3f8fb4ce958a2ce6461e8141aea959c6
153191-153192 --> testing pending
Upstream job id: Generic-DPDK-Compile-Meson#384058
Test environment and result as below:
+------------------------------------+--------------------+
| Environment | dpdk_meson_compile |
+====================================+====================+
| RHEL9 (ARM) | PEND |
+------------------------------------+--------------------+
| Ubuntu 20.04 ARM SVE | PASS |
+------------------------------------+--------------------+
| Ubuntu 20.04 ARM GCC Cross Compile | PEND |
+------------------------------------+--------------------+
| Debian 12 with MUSDK | PEND |
+------------------------------------+--------------------+
| Fedora 40 (ARM) | PEND |
+------------------------------------+--------------------+
| Fedora 40 (ARM Clang) | PEND |
+------------------------------------+--------------------+
RHEL9 (ARM)
Kernel: Depends on container host
Compiler: gcc 11.5.0 20240719 (Red Hat 11.5.0-2)
Ubuntu 20.04 ARM SVE
Kernel: Depends on container host
Compiler: gcc (Ubuntu 10.5.0-1ubuntu1~20.04) 10.5.0
Ubuntu 20.04 ARM GCC Cross Compile
Kernel: Depends on container host
Compiler: aarch64-linux-gnu-gcc (Ubuntu 9.4.0-1ubuntu1~20.04.2) 9.4.0
Debian 12 with MUSDK
Kernel: Depends on container host
Compiler: gcc (Debian 12.2.0-14) 12.2.0
Fedora 40 (ARM)
Kernel: Depends on container host
Compiler: gcc 14.2.1 20240912 (Red Hat 14.2.1-3)
Fedora 40 (ARM Clang)
Kernel: Depends on container host
Compiler: clang 18.1.8 (Fedora 18.1.8-1.fc40)
To view detailed results, visit:
https://lab.dpdk.org/results/dashboard/patchsets/33090/
UNH-IOL DPDK Community Lab
To manage your email subscriptions, visit:
https://lab.dpdk.org/results/dashboard/preferences/subscriptions/
next prev parent reply other threads:[~2025-04-30 10:58 UTC|newest]
Thread overview: 27+ messages / expand[flat|nested] mbox.gz Atom feed top
[not found] <20250430091051.789240-2-kirankumark@marvell.com>
2025-04-30 8:37 ` |SUCCESS| pw153191-153192 [PATCH v3 2/2] drivers: add support for IB_BTH header for RSS in cnxk device qemudev
2025-04-30 8:42 ` qemudev
2025-04-30 9:12 ` |SUCCESS| pw153192 " checkpatch
2025-04-30 9:57 ` |SUCCESS| pw153191-153192 [PATCH] [v3,2/2] drivers: add support for dpdklab
2025-04-30 10:24 ` |FAILURE| pw153192 [PATCH v3 2/2] drivers: add support for IB_BTH header for RSS in cnxk device 0-day Robot
2025-04-30 10:25 ` |SUCCESS| pw153191-153192 [PATCH] [v3,2/2] drivers: add support for dpdklab
2025-04-30 10:25 ` dpdklab
2025-04-30 10:34 ` dpdklab
2025-04-30 10:37 ` dpdklab
2025-04-30 10:38 ` dpdklab
2025-04-30 10:38 ` dpdklab
2025-04-30 10:40 ` dpdklab
2025-04-30 10:41 ` dpdklab
2025-04-30 10:50 ` |PENDING| " dpdklab
2025-04-30 10:54 ` |SUCCESS| " dpdklab
2025-04-30 10:57 ` |WARNING| " dpdklab
2025-04-30 10:57 ` |PENDING| " dpdklab
2025-04-30 10:58 ` dpdklab [this message]
2025-04-30 11:01 ` |SUCCESS| " dpdklab
2025-04-30 11:44 ` |WARNING| " dpdklab
2025-04-30 12:03 ` |SUCCESS| " dpdklab
2025-04-30 12:32 ` dpdklab
2025-04-30 12:35 ` dpdklab
2025-04-30 12:45 ` dpdklab
2025-04-30 12:45 ` dpdklab
2025-04-30 13:10 ` dpdklab
2025-04-30 13:11 ` dpdklab
Reply instructions:
You may reply publicly to this message via plain-text email
using any one of the following methods:
* Save the following mbox file, import it into your mail client,
and reply-to-all from there: mbox
Avoid top-posting and favor interleaved quoting:
https://en.wikipedia.org/wiki/Posting_style#Interleaved_style
* Reply using the --to, --cc, and --in-reply-to
switches of git-send-email(1):
git send-email \
--in-reply-to=68120250.050a0220.aa9fd.87acSMTPIN_ADDED_MISSING@mx.google.com \
--to=dpdklab@iol.unh.edu \
--cc=dpdk-test-reports@iol.unh.edu \
--cc=test-report@dpdk.org \
/path/to/YOUR_REPLY
https://kernel.org/pub/software/scm/git/docs/git-send-email.html
* If your mail client supports setting the In-Reply-To header
via mailto: links, try the mailto: link
Be sure your reply has a Subject: header at the top and a blank line
before the message body.
This is a public inbox, see mirroring instructions
for how to clone and mirror all data and code used for this inbox;
as well as URLs for NNTP newsgroup(s).