From mboxrd@z Thu Jan 1 00:00:00 1970 Return-Path: Received: from mails.dpdk.org (mails.dpdk.org [217.70.189.124]) by inbox.dpdk.org (Postfix) with ESMTP id ED0404660F for ; Wed, 30 Apr 2025 13:44:32 +0200 (CEST) Received: from mails.dpdk.org (localhost [127.0.0.1]) by mails.dpdk.org (Postfix) with ESMTP id DC224402A0; Wed, 30 Apr 2025 13:44:32 +0200 (CEST) Received: from mail-qv1-f100.google.com (mail-qv1-f100.google.com [209.85.219.100]) by mails.dpdk.org (Postfix) with ESMTP id 5B6C140279 for ; Wed, 30 Apr 2025 13:44:31 +0200 (CEST) Received: by mail-qv1-f100.google.com with SMTP id 6a1803df08f44-6ecf0e07954so111023036d6.1 for ; Wed, 30 Apr 2025 04:44:31 -0700 (PDT) DKIM-Signature: v=1; a=rsa-sha256; c=relaxed/relaxed; d=iol.unh.edu; s=unh-iol; t=1746013470; x=1746618270; darn=dpdk.org; h=references:in-reply-to:cc:to:from:subject:message-id:date:from:to :cc:subject:date:message-id:reply-to; bh=JJyzK/zsYceRT9Fz4lpyY3vKV7HvxjW3QeFSWhipfMA=; b=QH1uJN5rwDwT0bQtWAZDsMAtPXyU0RHr6a6+gbFdf5yaLk4eoCSg4ygwcxvSqNQmmN 0ZpclzNWXMLQPmHbcLL23G9EuwHo4Zc6Aq14KQJalNSbtQ9Rryl1om9tbZ6mLHp2ia/M ecvWlzHyIl7Er9fEu7+a3NtiNQkgH0V+hWu6k= X-Google-DKIM-Signature: v=1; a=rsa-sha256; c=relaxed/relaxed; d=1e100.net; s=20230601; t=1746013470; x=1746618270; h=references:in-reply-to:cc:to:from:subject:message-id:date :x-gm-message-state:from:to:cc:subject:date:message-id:reply-to; bh=JJyzK/zsYceRT9Fz4lpyY3vKV7HvxjW3QeFSWhipfMA=; b=Mup95xrFsIGjp9zUI4VUHPXhMtI5OQo0QE3a+BpXIJ/QPOe8T6Gm2WmNIowwM5lN7V eSqv/b3GtnwHkX8kpBNNtCbJ2B89wH8v05wbsi/Jw2JSoSifvoGWyDzdHpGZnUvG3P3+ Ctq1E4zaZx6T/2kq6qW1j2PUU6F0Ti38L5D+W0aMdN+DmBNTxeQpX2QNb9S0OrqdMW/u 3lQSHtQL028Q7U7XcPr/FwQL1O9KDcCcZgQpvwlxi8O0rH85WD2KBhoTZeip6bCx486W fotbUw+TjAJhPNJa1HKwvi2qlQ7Hgk1rPf5m6bjVh5Vjzw5yhmntkcGJjz/WptfKGcud MzFQ== X-Gm-Message-State: AOJu0YyaUo7TdGWExPxyRO4eDQDZRxpmWPgmgcyYHK2F8fMiuxgQlpGy ADXuPSYJ6+AKP5+18JGOlxAqHFDmnNcTs3xBh4w/gCy/d2wymWXDpQKSxrohv6irdl3mvBh63uV 4BNNq3Kw0WFa6nk7XQWkw1KILs7nnul1i3vY2UoOs X-Gm-Gg: ASbGnctSxjGtncoURfKvB8yOIPxOWxebw0rLL58tWYSM624/3pKdhJNFCODNMPyOpCz 0mCrita8Mv29rpP5Lkfn0i6x/0EG0Rem4rfcwzKXwclyuEdDYYLaGXcV2njkjTskAEc8MR/HOUl kzG3reWlAhEcbDT+ikivnE1WIjTrHoU+xRQa5TGq5DsPexu9ut+G9cOcjPEwiDrLPUo0y2fA4lg o7QOlMB03Ut/2rrV/cRrrJzveaalMN5kaB2KwNh0igR0RsZE3c29kVTVcDu3iSm5CZkq5gU64GU 1uk08hyWBbzF+Q0NDptTvA+KqD4NKz554OCE X-Google-Smtp-Source: AGHT+IEbVffo+MT35P5pAAPl/MV+YrWccqygPgXARhAi4N5O2mqpllz68JTYmrdrvkCGniEv/4bJ49oJD011 X-Received: by 2002:ad4:5aed:0:b0:6df:99f7:a616 with SMTP id 6a1803df08f44-6f4fe033589mr38835776d6.2.1746013470750; Wed, 30 Apr 2025 04:44:30 -0700 (PDT) Received: from postal.iol.unh.edu (postal.iol.unh.edu. [132.177.123.84]) by smtp-relay.gmail.com with ESMTPS id 6a1803df08f44-6f4fe802a31sm660036d6.46.2025.04.30.04.44.30 (version=TLS1_2 cipher=ECDHE-ECDSA-AES128-GCM-SHA256 bits=128/128); Wed, 30 Apr 2025 04:44:30 -0700 (PDT) X-Relaying-Domain: iol.unh.edu Date: Wed, 30 Apr 2025 04:44:30 -0700 (PDT) Message-ID: <68120d1e.d40a0220.2ccf1c.4ceeSMTPIN_ADDED_MISSING@mx.google.com> Received: from [172.21.0.6] (unknown [172.18.0.240]) by postal.iol.unh.edu (Postfix) with ESMTP id 578056052471; Wed, 30 Apr 2025 07:44:30 -0400 (EDT) Subject: |WARNING| pw153191-153192 [PATCH] [v3,2/2] drivers: add support for From: dpdklab@iol.unh.edu To: Test Report Cc: dpdk-test-reports@iol.unh.edu In-Reply-To: <20250430091051.789240-2-kirankumark@marvell.com> References: <20250430091051.789240-2-kirankumark@marvell.com> Content-Type: text/plain X-BeenThere: test-report@dpdk.org X-Mailman-Version: 2.1.29 Precedence: list List-Id: automatic DPDK test reports List-Unsubscribe: , List-Archive: List-Post: List-Help: List-Subscribe: , Errors-To: test-report-bounces@dpdk.org Test-Label: iol-abi-testing Test-Status: WARNING http://dpdk.org/patch/153192 _Testing issues_ Submitter: Kiran Kumar Kokkilagadda Date: Wednesday, April 30 2025 09:10:51 DPDK git baseline: Repo:dpdk Branch: master CommitID:ff05ee3e3f8fb4ce958a2ce6461e8141aea959c6 153191-153192 --> testing issues Upstream job id: Generic-DPDK-Compile-ABI#124873 Test environment and result as below: +-------------------+----------+ | Environment | abi_test | +===================+==========+ | CentOS Stream 9 | FAIL | +-------------------+----------+ | CentOS Stream 10 | FAIL | +-------------------+----------+ | Fedora 40 (Clang) | FAIL | +-------------------+----------+ | Debian 12 | FAIL | +-------------------+----------+ | Fedora 41 (Clang) | FAIL | +-------------------+----------+ | Fedora 40 | FAIL | +-------------------+----------+ | Fedora 41 | FAIL | +-------------------+----------+ | openSUSE Leap 15 | FAIL | +-------------------+----------+ | RHEL8 | FAIL | +-------------------+----------+ | RHEL9 | FAIL | +-------------------+----------+ | Ubuntu 22.04 | FAIL | +-------------------+----------+ | Ubuntu 24.04 | FAIL | +-------------------+----------+ ==== 20 line log output for Ubuntu 24.04 (abi_test): ==== Variables changes summary: 0 Removed, 0 Changed, 0 Added variable Functions changes summary: 0 Removed, 0 Changed (295 filtered out), 0 Added (8 filtered out) functions Variables changes summary: 0 Removed, 0 Changed, 0 Added variable Functions changes summary: 0 Removed, 0 Changed (4 filtered out), 0 Added (1 filtered out) functions Variables changes summary: 0 Removed, 0 Changed (1 filtered out), 0 Added variable Functions changes summary: 0 Removed, 0 Changed, 0 Added (1 filtered out) function Variables changes summary: 0 Removed, 0 Changed, 0 Added variable Functions changes summary: 0 Removed, 0 Changed (2 filtered out), 0 Added functions Variables changes summary: 0 Removed, 0 Changed, 0 Added variable Functions changes summary: 0 Removed, 0 Changed (15 filtered out), 0 Added (2 filtered out) functions Variables changes summary: 0 Removed, 0 Changed (2 filtered out), 0 Added variables Functions changes summary: 0 Removed, 0 Changed (215 filtered out), 0 Added (2 filtered out) functions Variables changes summary: 0 Removed, 0 Changed, 0 Added variable ==== End log output ==== CentOS Stream 9 Kernel: Depends on container host Compiler: gcc 11.5.0 20240719 (Red Hat 11.5.0-2) CentOS Stream 10 Kernel: Depends on container host Compiler: gcc 14.2.1 20241104 (Red Hat 14.2.1-6) Fedora 40 (Clang) Kernel: Depends on container host Compiler: clang 18.1.8 (Fedora 18.1.8-1.fc40) Debian 12 Kernel: Depends on container host Compiler: gcc (Debian 12.2.0-14) 12.2.0 Fedora 41 (Clang) Kernel: Depends on container host Compiler: clang 19.1.5 (Fedora 19.1.5-1.fc41) Fedora 40 Kernel: Depends on container host Compiler: gcc 14.2.1 20240912 (Red Hat 14.2.1-3) Fedora 41 Kernel: Depends on container host Compiler: gcc 14.2.1 20240912 (Red Hat 14.2.1-3) openSUSE Leap 15 Kernel: Depends on container host Compiler: gcc (SUSE Linux) 7.5.0 RHEL8 Kernel: Depends on container host Compiler: gcc 8.5.0 20210514 (Red Hat 8.5.0-22) RHEL9 Kernel: Depends on container host Compiler: gcc 11.5.0 20240719 (Red Hat 11.5.0-2) Ubuntu 22.04 Kernel: Depends on container host Compiler: gcc (Ubuntu 11.4.0-1ubuntu1~22.04) 11.4.0 Ubuntu 24.04 Kernel: Depends on container host Compiler: gcc (Ubuntu 13.3.0-6ubuntu2~24.04) 13.3.0 To view detailed results, visit: https://lab.dpdk.org/results/dashboard/patchsets/33090/ UNH-IOL DPDK Community Lab To manage your email subscriptions, visit: https://lab.dpdk.org/results/dashboard/preferences/subscriptions/