From mboxrd@z Thu Jan  1 00:00:00 1970
Return-Path: <test-report-bounces@dpdk.org>
Received: from mails.dpdk.org (mails.dpdk.org [217.70.189.124])
	by inbox.dpdk.org (Postfix) with ESMTP id D90BF4666C
	for <public@inbox.dpdk.org>; Wed, 30 Apr 2025 17:23:50 +0200 (CEST)
Received: from mails.dpdk.org (localhost [127.0.0.1])
	by mails.dpdk.org (Postfix) with ESMTP id D4D1A402B1;
	Wed, 30 Apr 2025 17:23:50 +0200 (CEST)
Received: from mail-qt1-f227.google.com (mail-qt1-f227.google.com
 [209.85.160.227])
 by mails.dpdk.org (Postfix) with ESMTP id C02E9402A0
 for <test-report@dpdk.org>; Wed, 30 Apr 2025 17:23:49 +0200 (CEST)
Received: by mail-qt1-f227.google.com with SMTP id
 d75a77b69052e-4767e969b94so5254821cf.2
 for <test-report@dpdk.org>; Wed, 30 Apr 2025 08:23:49 -0700 (PDT)
DKIM-Signature: v=1; a=rsa-sha256; c=relaxed/relaxed;
 d=iol.unh.edu; s=unh-iol; t=1746026629; x=1746631429; darn=dpdk.org;
 h=references:in-reply-to:cc:to:from:subject:message-id:date:from:to
 :cc:subject:date:message-id:reply-to;
 bh=46qHRwG/42zJUAPlbfjll+dY7H0TMpRf6j+6eD/XK+o=;
 b=RBxD33TjDHz4QaSIwoDflzEOi1QEKISiHdHMmVTTbbzpLM84NafGp0I8YMnU7WLo8D
 ytas9h35jvgb1efh47ZB0r+zBf9b54ds4XU7xjgSSaYa4dIHtvC81DsnZ8S61IDynz/d
 N5bfeBdc8fU+sx3Gbf4hfT4673Rzyf6kGccO8=
X-Google-DKIM-Signature: v=1; a=rsa-sha256; c=relaxed/relaxed;
 d=1e100.net; s=20230601; t=1746026629; x=1746631429;
 h=references:in-reply-to:cc:to:from:subject:message-id:date
 :x-gm-message-state:from:to:cc:subject:date:message-id:reply-to;
 bh=46qHRwG/42zJUAPlbfjll+dY7H0TMpRf6j+6eD/XK+o=;
 b=vH8GiyIPX65caFEP7PH8WTT7UFqkUMe+Oz5rI3Mgza/x0bSKQTiZUcRdV6G7oI5FuB
 1wVobBqn3Ztlh1NHn6s2BbFytu3tygXDBI3q9BTQyhYrkQMDDyEPMMgltMOJM5pA2BMe
 fwvq8RArOD6FrTIz5fKJw/IDBdZnpa03/IEtQB7xOjgHrUYSKTSwFuPBkfk7nrWHLGF4
 nUHhQAeQba6K+1viSLqkmWVcoHLt5PZw15PyQ0Z0GvKbZEQZpnlE/FJdaTmXeu8ojWht
 53xX5Kg6O36mKgalhqz4R80i/8uGDyd2WVLS69sod6G9slcVkvOeJlq4dkahu8LM57at
 Wvcw==
X-Gm-Message-State: AOJu0YxPBrqUeZAdj6ZnxG9v0So/NFDMkjoUWIIPMew+fpBvdFCS837S
 +Thve37X9iJl0latgLUJHvDAkOuSaOhyrXhElyNH3ydccfzSW85m4cTqQkN7MxvbYefO4RVDRTj
 8K9LeDYu1x3IB+j/M8VmNSY+qq9fleZVhnpSSxURkHBY1Q8LwmpFkQzeL
X-Gm-Gg: ASbGncsYFL2E21cufN84z9mC14hH5RWuzQhsN8z3BadcW94mgr78O4a4tmlQ8NPZjbT
 jAAUstcyg++2fvtQ/TKPAkwWI58Qsq7ovO0jvS4cIErPIXzHI1lUTehg8LOXXj2ekTkSZrzPcfE
 1NbzX5CaM9N017wMUr8h8SwXwEtX8KxHep/8q+h7FpQViM+/pwIgZNr5Mf5D2cl7SRHMB/mr8PA
 WkSenYbuQsY+dVHO8iHE9axuRx2Lsp9ib/qHb77GaB1TyqdCQMijURuFdXVWtT9kDYSO5cpXh5M
 J/RGuxabTyGuo98UkiDNEbqK4k+3bA17q6XpEU01/ca/MNPf
X-Google-Smtp-Source: AGHT+IHXMdJ8Td2zUfaqCufDTMilry7tr+5VDLhnezp5BLLHtzmtjruXa4tqWVZ4Z8no/0QN0jD2MbX0fwqj
X-Received: by 2002:a05:622a:1e94:b0:477:1edc:baaa with SMTP id
 d75a77b69052e-489e44b4b89mr45509121cf.6.1746026629197; 
 Wed, 30 Apr 2025 08:23:49 -0700 (PDT)
Received: from postal.iol.unh.edu (postal.iol.unh.edu.
 [2606:4100:3880:1234::84]) by smtp-relay.gmail.com with ESMTPS id
 d75a77b69052e-47ea1b91e3dsm11585611cf.15.2025.04.30.08.23.49
 (version=TLS1_2 cipher=ECDHE-ECDSA-AES128-GCM-SHA256 bits=128/128);
 Wed, 30 Apr 2025 08:23:49 -0700 (PDT)
X-Relaying-Domain: iol.unh.edu
Date: Wed, 30 Apr 2025 08:23:49 -0700 (PDT)
Message-ID: <68124085.050a0220.1205b2.d976SMTPIN_ADDED_MISSING@mx.google.com>
Received: from [172.17.0.2] (unknown [172.18.0.74])
 by postal.iol.unh.edu (Postfix) with ESMTP id D18626052471;
 Wed, 30 Apr 2025 11:23:48 -0400 (EDT)
Subject: |WARNING| pw153207-153218 [PATCH] [v1,25/25] net/ntnic: fix operatio
From: dpdklab@iol.unh.edu
To: Test Report <test-report@dpdk.org>
Cc: dpdk-test-reports@iol.unh.edu
In-Reply-To: <20250430134840.402553-26-okl-plv@napatech.com>
References: <20250430134840.402553-26-okl-plv@napatech.com>
Content-Type: text/plain
X-BeenThere: test-report@dpdk.org
X-Mailman-Version: 2.1.29
Precedence: list
List-Id: automatic DPDK test reports <test-report.dpdk.org>
List-Unsubscribe: <https://mails.dpdk.org/options/test-report>,
 <mailto:test-report-request@dpdk.org?subject=unsubscribe>
List-Archive: <http://mails.dpdk.org/archives/test-report/>
List-Post: <mailto:test-report@dpdk.org>
List-Help: <mailto:test-report-request@dpdk.org?subject=help>
List-Subscribe: <https://mails.dpdk.org/listinfo/test-report>,
 <mailto:test-report-request@dpdk.org?subject=subscribe>
Errors-To: test-report-bounces@dpdk.org

Test-Label: iol-abi-testing
Test-Status: WARNING
http://dpdk.org/patch/153218

_Testing issues_

Submitter: Oleksandr Kolomeiets <okl-plv@napatech.com>
Date: Wednesday, April 30 2025 13:48:37 
DPDK git baseline: Repo:dpdk
  Branch: master
  CommitID:ff05ee3e3f8fb4ce958a2ce6461e8141aea959c6

153207-153218 --> testing issues

Upstream job id: Generic-DPDK-Compile-ABI#124891

Test environment and result as below:

+-------------------+----------+
|    Environment    | abi_test |
+===================+==========+
| CentOS Stream 9   | FAIL     |
+-------------------+----------+
| Debian 12         | FAIL     |
+-------------------+----------+
| CentOS Stream 10  | FAIL     |
+-------------------+----------+
| Fedora 40         | FAIL     |
+-------------------+----------+
| Fedora 40 (Clang) | FAIL     |
+-------------------+----------+
| Fedora 41 (Clang) | FAIL     |
+-------------------+----------+
| Fedora 41         | FAIL     |
+-------------------+----------+
| openSUSE Leap 15  | FAIL     |
+-------------------+----------+
| RHEL8             | FAIL     |
+-------------------+----------+
| RHEL9             | FAIL     |
+-------------------+----------+
| Ubuntu 22.04      | FAIL     |
+-------------------+----------+
| Ubuntu 24.04      | FAIL     |
+-------------------+----------+

==== 20 line log output for Ubuntu 24.04 (abi_test): ====
Variables changes summary: 0 Removed, 0 Changed, 0 Added variable

Functions changes summary: 0 Removed, 0 Changed (4 filtered out), 0 Added functions
Variables changes summary: 0 Removed, 0 Changed, 0 Added variable

Functions changes summary: 0 Removed, 0 Changed (24 filtered out), 0 Added functions
Variables changes summary: 0 Removed, 0 Changed (2 filtered out), 0 Added variables

Functions changes summary: 0 Removed, 0 Changed (5 filtered out), 0 Added functions
Variables changes summary: 0 Removed, 0 Changed, 0 Added variable

Functions changes summary: 0 Removed, 0 Changed (7 filtered out), 0 Added functions
Variables changes summary: 0 Removed, 0 Changed, 0 Added variable

Functions changes summary: 0 Removed, 0 Changed (4 filtered out), 0 Added (1 filtered out) functions
Variables changes summary: 0 Removed, 0 Changed (1 filtered out), 0 Added variable

Functions changes summary: 0 Removed, 0 Changed (215 filtered out), 0 Added (2 filtered out) functions
Variables changes summary: 0 Removed, 0 Changed, 0 Added variable

==== End log output ====

CentOS Stream 9
	Kernel: Depends on container host
	Compiler: gcc 11.5.0 20240719 (Red Hat 11.5.0-2)

Debian 12
	Kernel: Depends on container host
	Compiler: gcc (Debian 12.2.0-14) 12.2.0

CentOS Stream 10
	Kernel: Depends on container host
	Compiler: gcc 14.2.1 20241104 (Red Hat 14.2.1-6)

Fedora 40
	Kernel: Depends on container host
	Compiler: gcc 14.2.1 20240912 (Red Hat 14.2.1-3)

Fedora 40 (Clang)
	Kernel: Depends on container host
	Compiler: clang 18.1.8 (Fedora 18.1.8-1.fc40)

Fedora 41 (Clang)
	Kernel: Depends on container host
	Compiler: clang 19.1.5 (Fedora 19.1.5-1.fc41)

Fedora 41
	Kernel: Depends on container host
	Compiler: gcc 14.2.1 20240912 (Red Hat 14.2.1-3)

openSUSE Leap 15
	Kernel: Depends on container host
	Compiler: gcc (SUSE Linux) 7.5.0

RHEL8
	Kernel: Depends on container host
	Compiler: gcc 8.5.0 20210514 (Red Hat 8.5.0-22)

RHEL9
	Kernel: Depends on container host
	Compiler: gcc 11.5.0 20240719 (Red Hat 11.5.0-2)

Ubuntu 22.04
	Kernel: Depends on container host
	Compiler: gcc (Ubuntu 11.4.0-1ubuntu1~22.04) 11.4.0

Ubuntu 24.04
	Kernel: Depends on container host
	Compiler: gcc (Ubuntu 13.3.0-6ubuntu2~24.04) 13.3.0

To view detailed results, visit:
https://lab.dpdk.org/results/dashboard/patchsets/33093/

UNH-IOL DPDK Community Lab

To manage your email subscriptions, visit: 
https://lab.dpdk.org/results/dashboard/preferences/subscriptions/