From mboxrd@z Thu Jan 1 00:00:00 1970 Return-Path: Received: from mails.dpdk.org (mails.dpdk.org [217.70.189.124]) by inbox.dpdk.org (Postfix) with ESMTP id 51D164666C for ; Wed, 30 Apr 2025 17:27:41 +0200 (CEST) Received: from mails.dpdk.org (localhost [127.0.0.1]) by mails.dpdk.org (Postfix) with ESMTP id 34A41402B1; Wed, 30 Apr 2025 17:27:41 +0200 (CEST) Received: from mail-pg1-f225.google.com (mail-pg1-f225.google.com [209.85.215.225]) by mails.dpdk.org (Postfix) with ESMTP id 0E381402A0 for ; Wed, 30 Apr 2025 17:27:40 +0200 (CEST) Received: by mail-pg1-f225.google.com with SMTP id 41be03b00d2f7-af28bc68846so7127707a12.1 for ; Wed, 30 Apr 2025 08:27:39 -0700 (PDT) DKIM-Signature: v=1; a=rsa-sha256; c=relaxed/relaxed; d=iol.unh.edu; s=unh-iol; t=1746026859; x=1746631659; darn=dpdk.org; h=references:in-reply-to:cc:to:from:subject:message-id:date:from:to :cc:subject:date:message-id:reply-to; bh=U8FRN50EUdO0CizWAETO6FwmlLuT8186uZeZzD2PDWc=; b=HvPThNc0AxxjQbyScjGGxjOTmXk+Oox6FMHo+9kycjJSGjvTBeN+FBbHPm4c2m+gug +TjoKTYSu8LglpQH4sjIOaH7aXdJRGm2AK9UtH9DnunvP/gw7vRENVa0bDC0FPyX7Ljt jxGDF6mZwH4wUav6v62EBniUuTruvHu/QdAjk= X-Google-DKIM-Signature: v=1; a=rsa-sha256; c=relaxed/relaxed; d=1e100.net; s=20230601; t=1746026859; x=1746631659; h=references:in-reply-to:cc:to:from:subject:message-id:date :x-gm-message-state:from:to:cc:subject:date:message-id:reply-to; bh=U8FRN50EUdO0CizWAETO6FwmlLuT8186uZeZzD2PDWc=; b=Q3R2cpa0xZn48u+dVKi3I+3ewQiLfRHXb0b4fxoVa1Z3TGIQtQd5M2k+ubAP+IfyuF yPqcRAuAOo9LIwkMvOjuzyELP/22pjJ1o9j6MAmS+JWDImEuNwoKupGCJLOrr/QVQVsp 2MqTxflFau34t2wLDu4xNimMfNuvkic1FmsA2w4y4pCLZJ+Bw7KMpdqJUDYcCr5WbgFO Tm+fjk75/HExn/jJcdYFIZOX9HegEHZiLqO5r0vMS395M1yn7BACslerb+fd8EwapTim KWr5vQqZgLepB1xGhKopKoWXci4Qd9TuYn9ryu5IvOowFCjxE5pmpULVfdTckbO8fdhj KshQ== X-Gm-Message-State: AOJu0YxpJ7I9OAVTg5ei70YYbxiTqL/SEtwaCBQdsjR2x39c5MtrQwSa ZXAINAsgNMJ+rHzV/LFTB89mss9Lrpp/01zWttxTWfS4cG4G3YHYRhSQ2lQvetUr0gvcjUu/WPB gDqNvAi2bp8Vnr2YB5nCah3OttluYFxqT0AIY8LoE X-Gm-Gg: ASbGncs6/8so5C7gltNWOjYtXcUwtFmlOZr58eaLoag+PP+OUcbqBkotvqERRC6L8mp B/QbqNvt8BQuiQTrZKOPaKahBz1xz+8yEfF83/fKrp5CzLVJ3xF6h04/DcwjINz9/rWP0IvepS0 agB9PttWAZsOLFoEMZ/IbYNvx2tFr94MagO2tb4B0RG/A8Wy//988furSSdflYPbTWuCgneGCm+ Jhw0bl+eF/zJ/jVyipaQFCfQl7TkRakLbGIaX5WhYndVMZJm2GHixFq0ZupPeEQ91XAs6XwCT7T SxzG8ri7pHlIR7HFDtwrFxR3fqEAmyagKuwx X-Google-Smtp-Source: AGHT+IEN52vM7LijacDR7lMqtrZ+wDqHMIUyMqu7bY90Q1LQTsO/cMIvnvEk7mEcpzgm4xfUGnD5JU3kuqb2 X-Received: by 2002:a17:90b:5883:b0:2f6:be57:49d2 with SMTP id 98e67ed59e1d1-30a33300eb6mr6482629a91.17.1746026858889; Wed, 30 Apr 2025 08:27:38 -0700 (PDT) Received: from postal.iol.unh.edu (postal.iol.unh.edu. [132.177.123.84]) by smtp-relay.gmail.com with ESMTPS id 98e67ed59e1d1-30a3471ee68sm104605a91.3.2025.04.30.08.27.38 (version=TLS1_2 cipher=ECDHE-ECDSA-AES128-GCM-SHA256 bits=128/128); Wed, 30 Apr 2025 08:27:38 -0700 (PDT) X-Relaying-Domain: iol.unh.edu Date: Wed, 30 Apr 2025 08:27:38 -0700 (PDT) Message-ID: <6812416a.170a0220.8d60.5c07SMTPIN_ADDED_MISSING@mx.google.com> Received: from [172.21.0.8] (unknown [172.18.0.240]) by postal.iol.unh.edu (Postfix) with ESMTP id 117F16052471; Wed, 30 Apr 2025 11:27:38 -0400 (EDT) Subject: |WARNING| pw153207-153218 [PATCH] [v1,25/25] net/ntnic: fix operatio From: dpdklab@iol.unh.edu To: Test Report Cc: dpdk-test-reports@iol.unh.edu In-Reply-To: <20250430134840.402553-26-okl-plv@napatech.com> References: <20250430134840.402553-26-okl-plv@napatech.com> Content-Type: text/plain X-BeenThere: test-report@dpdk.org X-Mailman-Version: 2.1.29 Precedence: list List-Id: automatic DPDK test reports List-Unsubscribe: , List-Archive: List-Post: List-Help: List-Subscribe: , Errors-To: test-report-bounces@dpdk.org Test-Label: iol-abi-testing Test-Status: WARNING http://dpdk.org/patch/153218 _Testing issues_ Submitter: Oleksandr Kolomeiets Date: Wednesday, April 30 2025 13:48:37 DPDK git baseline: Repo:dpdk Branch: master CommitID:ff05ee3e3f8fb4ce958a2ce6461e8141aea959c6 153207-153218 --> testing issues Upstream job id: Generic-DPDK-Compile-ABI#124892 Test environment and result as below: +-------------------+----------+ | Environment | abi_test | +===================+==========+ | CentOS Stream 9 | FAIL | +-------------------+----------+ | Debian 12 | FAIL | +-------------------+----------+ | CentOS Stream 10 | FAIL | +-------------------+----------+ | Fedora 40 | FAIL | +-------------------+----------+ | Fedora 40 (Clang) | FAIL | +-------------------+----------+ | Fedora 41 (Clang) | FAIL | +-------------------+----------+ | Fedora 41 | FAIL | +-------------------+----------+ | openSUSE Leap 15 | FAIL | +-------------------+----------+ | RHEL8 | FAIL | +-------------------+----------+ | RHEL9 | FAIL | +-------------------+----------+ | Ubuntu 22.04 | FAIL | +-------------------+----------+ | Ubuntu 24.04 | FAIL | +-------------------+----------+ ==== 20 line log output for Ubuntu 24.04 (abi_test): ==== Variables changes summary: 0 Removed, 0 Changed, 0 Added variable Functions changes summary: 0 Removed, 0 Changed (4 filtered out), 0 Added functions Variables changes summary: 0 Removed, 0 Changed, 0 Added variable Functions changes summary: 0 Removed, 0 Changed (24 filtered out), 0 Added functions Variables changes summary: 0 Removed, 0 Changed (2 filtered out), 0 Added variables Functions changes summary: 0 Removed, 0 Changed (5 filtered out), 0 Added functions Variables changes summary: 0 Removed, 0 Changed, 0 Added variable Functions changes summary: 0 Removed, 0 Changed (7 filtered out), 0 Added functions Variables changes summary: 0 Removed, 0 Changed, 0 Added variable Functions changes summary: 0 Removed, 0 Changed (4 filtered out), 0 Added (1 filtered out) functions Variables changes summary: 0 Removed, 0 Changed (1 filtered out), 0 Added variable Functions changes summary: 0 Removed, 0 Changed (215 filtered out), 0 Added (2 filtered out) functions Variables changes summary: 0 Removed, 0 Changed, 0 Added variable ==== End log output ==== CentOS Stream 9 Kernel: Depends on container host Compiler: gcc 11.5.0 20240719 (Red Hat 11.5.0-2) Debian 12 Kernel: Depends on container host Compiler: gcc (Debian 12.2.0-14) 12.2.0 CentOS Stream 10 Kernel: Depends on container host Compiler: gcc 14.2.1 20241104 (Red Hat 14.2.1-6) Fedora 40 Kernel: Depends on container host Compiler: gcc 14.2.1 20240912 (Red Hat 14.2.1-3) Fedora 40 (Clang) Kernel: Depends on container host Compiler: clang 18.1.8 (Fedora 18.1.8-1.fc40) Fedora 41 (Clang) Kernel: Depends on container host Compiler: clang 19.1.5 (Fedora 19.1.5-1.fc41) Fedora 41 Kernel: Depends on container host Compiler: gcc 14.2.1 20240912 (Red Hat 14.2.1-3) openSUSE Leap 15 Kernel: Depends on container host Compiler: gcc (SUSE Linux) 7.5.0 RHEL8 Kernel: Depends on container host Compiler: gcc 8.5.0 20210514 (Red Hat 8.5.0-22) RHEL9 Kernel: Depends on container host Compiler: gcc 11.5.0 20240719 (Red Hat 11.5.0-2) Ubuntu 22.04 Kernel: Depends on container host Compiler: gcc (Ubuntu 11.4.0-1ubuntu1~22.04) 11.4.0 Ubuntu 24.04 Kernel: Depends on container host Compiler: gcc (Ubuntu 13.3.0-6ubuntu2~24.04) 13.3.0 To view detailed results, visit: https://lab.dpdk.org/results/dashboard/patchsets/33093/ UNH-IOL DPDK Community Lab To manage your email subscriptions, visit: https://lab.dpdk.org/results/dashboard/preferences/subscriptions/