From mboxrd@z Thu Jan 1 00:00:00 1970 Return-Path: Received: from mails.dpdk.org (mails.dpdk.org [217.70.189.124]) by inbox.dpdk.org (Postfix) with ESMTP id 329BC46673 for ; Thu, 1 May 2025 08:32:33 +0200 (CEST) Received: from mails.dpdk.org (localhost [127.0.0.1]) by mails.dpdk.org (Postfix) with ESMTP id E0F3E4028E; Thu, 1 May 2025 08:32:32 +0200 (CEST) Received: from mail-qv1-f99.google.com (mail-qv1-f99.google.com [209.85.219.99]) by mails.dpdk.org (Postfix) with ESMTP id 9DF4F40279 for ; Thu, 1 May 2025 08:32:31 +0200 (CEST) Received: by mail-qv1-f99.google.com with SMTP id 6a1803df08f44-6e8f254b875so8353586d6.1 for ; Wed, 30 Apr 2025 23:32:31 -0700 (PDT) DKIM-Signature: v=1; a=rsa-sha256; c=relaxed/relaxed; d=iol.unh.edu; s=unh-iol; t=1746081151; x=1746685951; darn=dpdk.org; h=cc:to:from:subject:message-id:date:from:to:cc:subject:date :message-id:reply-to; bh=eRI3F7i6+ikCuqnLrynedX5g0+X9Opreb0HYXccWXwE=; b=IWivFLS2Hwjfy1sCZAaJMkZqFAGzW+v+Hr0x/ddTAUGY1M3l3chsuLxnU3FVGWnRmG AA1I1okJkJCeI882nVvz+iik1YkV+q2wEY35JsOQQZHtpzJfP+kOpXuT3clVDTXJ6YMN HPa8k2/ky+zzL99AqqcPig82MUXLSfdD9TAmc= X-Google-DKIM-Signature: v=1; a=rsa-sha256; c=relaxed/relaxed; d=1e100.net; s=20230601; t=1746081151; x=1746685951; h=cc:to:from:subject:message-id:date:x-gm-message-state:from:to:cc :subject:date:message-id:reply-to; bh=eRI3F7i6+ikCuqnLrynedX5g0+X9Opreb0HYXccWXwE=; b=N0USOMpWlrCT6FbPTxlL4pBi4/4VwrDlsWV7A1pXIbS5oF+5e7aZBgjMwHu1eRuRT3 qU44OzDCTSaRL2jO4h4mj2oc1/VthZJN/zDCvSghYjaLMxIoAxhgAXNIUsBdvheGTFo1 DfP5t4DdC2lSU9sElSHDvnpBt01w5MgGPSSEz1+IuGAPuFgvIr1CpWi1g3jtlN3VTfTx J+V0qRtTXJJGo8xTZAa2Lwq5swUSSf4Tr6QiV9Zthgle64ZN1KhR/e4uLBYFDmGr4P1r wjZYR6qEkYR9lFMe0s2gVAXr/N+fOaJQzNdnuhPvwJ5E8c2KncjZyJQAZiHRB+Fb5rku oFbQ== X-Gm-Message-State: AOJu0Yxx6QP0NRJNZIeeYjJuhetXHlsDvVtW7YJOrFMv+njT6Zn1pWLR pBEbAvF+oWrrGEQqmSBPtSGzKwcJn3vYSoBS+XUFHDu69YeGVPrO9L9albMFrUuL4DdRvfgDvQ9 y5CUhWho5PSPWwv65Yn8Yc2NtODuMNpLI X-Gm-Gg: ASbGncsGFIndX+RDbjEsoDY6QPxytpfxaCyh/chRWrmDGHss2A2+JD0mJOUxpZbvSuh cuaM7i0K2jlHEHi/lsb1b3BbBSc/1QfqYoGrz/aPloKFMEHQvOwzv16Doz3V60qhNFpZbiFSEct j/TpF8Lf3RCYbfI48EbNyFHNFr5EmURy5uEjpFRZoNkQpAAWhwMzqW6kRXs6sQgFhFEb/X4MWo/ XdMWeryNITipkA8GuHIYtUfADVN8RGjRw5CyCiqsQLwKkqsW3nnfKva+p4tfVe3kS0X57PKYDt2 r5KaxrnkVk94DQMDbKIIIvyREpmXufqnjzGC X-Google-Smtp-Source: AGHT+IETdOLE9Ebh5Xsk5HRfIl0D/dBBsLh/XT1nMEZW+BGjDc8GrY/X6+HKBG+4x1w6yEOUognRz/q3x9BJ X-Received: by 2002:a05:6214:20c5:b0:6f2:d264:aaa8 with SMTP id 6a1803df08f44-6f4fced1091mr122158116d6.19.1746081150914; Wed, 30 Apr 2025 23:32:30 -0700 (PDT) Received: from postal.iol.unh.edu (postal.iol.unh.edu. [132.177.123.84]) by smtp-relay.gmail.com with ESMTPS id 6a1803df08f44-6f50f3bf45asm456316d6.18.2025.04.30.23.32.30 (version=TLS1_2 cipher=ECDHE-ECDSA-AES128-GCM-SHA256 bits=128/128); Wed, 30 Apr 2025 23:32:30 -0700 (PDT) X-Relaying-Domain: iol.unh.edu Date: Wed, 30 Apr 2025 23:32:30 -0700 (PDT) Message-ID: <6813157e.050a0220.11de48.04eeSMTPIN_ADDED_MISSING@mx.google.com> Received: from [172.21.0.5] (unknown [172.18.0.240]) by postal.iol.unh.edu (Postfix) with ESMTP id 72CBB6052471; Thu, 1 May 2025 02:32:30 -0400 (EDT) Subject: |WARNING| [GIT MASTER] 4401486b5e30d43a134f80f9802f60b5f43e74a8 From: dpdklab@iol.unh.edu To: Test Report Cc: dpdk-test-reports@iol.unh.edu, Xueming Li , Christian Ehrhardt , Kevin Traynor , Luca Boccassi Content-Type: text/plain X-BeenThere: test-report@dpdk.org X-Mailman-Version: 2.1.29 Precedence: list List-Id: automatic DPDK test reports List-Unsubscribe: , List-Archive: List-Post: List-Help: List-Subscribe: , Errors-To: test-report-bounces@dpdk.org _Testing issues_ Branch: tags/v22.11 4401486b5e30d43a134f80f9802f60b5f43e74a8 --> testing issues Upstream job id: Generic-DPDK-Compile-ABI#124939 Test environment and result as below: +-------------------+----------+ | Environment | abi_test | +===================+==========+ | CentOS Stream 9 | FAIL | +-------------------+----------+ | Debian 12 | PASS | +-------------------+----------+ | CentOS Stream 10 | FAIL | +-------------------+----------+ | Fedora 41 | PASS | +-------------------+----------+ | openSUSE Leap 15 | PASS | +-------------------+----------+ | Fedora 40 | PASS | +-------------------+----------+ | RHEL8 | PASS | +-------------------+----------+ | Fedora 41 (Clang) | PASS | +-------------------+----------+ | Fedora 40 (Clang) | FAIL | +-------------------+----------+ | RHEL9 | PASS | +-------------------+----------+ | Ubuntu 22.04 | FAIL | +-------------------+----------+ | Ubuntu 24.04 | PASS | +-------------------+----------+ ==== 20 line log output for Ubuntu 22.04 (abi_test): ==== './librte_vdpa_ifc.so' -> 'dpdk/pmds-23.0/librte_vdpa_ifc.so' './librte_vdpa_ifc.so.23' -> 'dpdk/pmds-23.0/librte_vdpa_ifc.so.23' './librte_vdpa_ifc.so.23.0' -> 'dpdk/pmds-23.0/librte_vdpa_ifc.so.23.0' './librte_vdpa_mlx5.so' -> 'dpdk/pmds-23.0/librte_vdpa_mlx5.so' './librte_vdpa_mlx5.so.23' -> 'dpdk/pmds-23.0/librte_vdpa_mlx5.so.23' './librte_vdpa_mlx5.so.23.0' -> 'dpdk/pmds-23.0/librte_vdpa_mlx5.so.23.0' './librte_vdpa_sfc.so' -> 'dpdk/pmds-23.0/librte_vdpa_sfc.so' './librte_vdpa_sfc.so.23' -> 'dpdk/pmds-23.0/librte_vdpa_sfc.so.23' './librte_vdpa_sfc.so.23.0' -> 'dpdk/pmds-23.0/librte_vdpa_sfc.so.23.0' Installing /root/workspace/Generic-DPDK-Compile-ABI@4/dpdk/usertools/dpdk-devbind.py to /root/workspace/Generic-DPDK-Compile-ABI@4/build_install/usr/local/bin Installing /root/workspace/Generic-DPDK-Compile-ABI@4/dpdk/usertools/dpdk-pmdinfo.py to /root/workspace/Generic-DPDK-Compile-ABI@4/build_install/usr/local/bin Installing /root/workspace/Generic-DPDK-Compile-ABI@4/dpdk/usertools/dpdk-telemetry.py to /root/workspace/Generic-DPDK-Compile-ABI@4/build_install/usr/local/bin Installing /root/workspace/Generic-DPDK-Compile-ABI@4/dpdk/usertools/dpdk-hugepages.py to /root/workspace/Generic-DPDK-Compile-ABI@4/build_install/usr/local/bin Installing /root/workspace/Generic-DPDK-Compile-ABI@4/dpdk/doc/guides/custom.css to /root/workspace/Generic-DPDK-Compile-ABI@4/build_install/usr/local/share/doc/dpdk/_static/css Installing /root/workspace/Generic-DPDK-Compile-ABI@4/dpdk/build/rte_build_config.h to /root/workspace/Generic-DPDK-Compile-ABI@4/build_install/usr/local/include Installing /root/workspace/Generic-DPDK-Compile-ABI@4/dpdk/build/meson-private/libdpdk-libs.pc to /root/workspace/Generic-DPDK-Compile-ABI@4/build_install/usr/local/lib/x86_64-linux-gnu/pkgconfig Installing /root/workspace/Generic-DPDK-Compile-ABI@4/dpdk/build/meson-private/libdpdk.pc to /root/workspace/Generic-DPDK-Compile-ABI@4/build_install/usr/local/lib/x86_64-linux-gnu/pkgconfig Running custom install script '/bin/sh /root/workspace/Generic-DPDK-Compile-ABI@4/dpdk/config/../buildtools/symlink-drivers-solibs.sh lib/x86_64-linux-gnu dpdk/pmds-23.0' ==== Compiled DPDK with debugoptimized bash: /scripts/generate_abi.sh: No such file or directory ==== End log output ==== CentOS Stream 9 Kernel: Depends on container host Compiler: gcc 11.5.0 20240719 (Red Hat 11.5.0-2) Debian 12 Kernel: Depends on container host Compiler: gcc (Debian 12.2.0-14) 12.2.0 CentOS Stream 10 Kernel: Depends on container host Compiler: gcc 14.2.1 20241104 (Red Hat 14.2.1-6) Fedora 41 Kernel: Depends on container host Compiler: gcc 14.2.1 20240912 (Red Hat 14.2.1-3) openSUSE Leap 15 Kernel: Depends on container host Compiler: gcc (SUSE Linux) 7.5.0 Fedora 40 Kernel: Depends on container host Compiler: gcc 14.2.1 20240912 (Red Hat 14.2.1-3) RHEL8 Kernel: Depends on container host Compiler: gcc 8.5.0 20210514 (Red Hat 8.5.0-22) Fedora 41 (Clang) Kernel: Depends on container host Compiler: clang 19.1.5 (Fedora 19.1.5-1.fc41) Fedora 40 (Clang) Kernel: Depends on container host Compiler: clang 18.1.8 (Fedora 18.1.8-1.fc40) RHEL9 Kernel: Depends on container host Compiler: gcc 11.5.0 20240719 (Red Hat 11.5.0-2) Ubuntu 22.04 Kernel: Depends on container host Compiler: gcc (Ubuntu 11.4.0-1ubuntu1~22.04) 11.4.0 Ubuntu 24.04 Kernel: Depends on container host Compiler: gcc (Ubuntu 13.3.0-6ubuntu2~24.04) 13.3.0 To view detailed results, visit: https://lab.dpdk.org/results/dashboard/tarballs/33404/ UNH-IOL DPDK Community Lab To manage your email subscriptions, visit: https://lab.dpdk.org/results/dashboard/preferences/subscriptions/