From mboxrd@z Thu Jan  1 00:00:00 1970
Return-Path: <test-report-bounces@dpdk.org>
Received: from mails.dpdk.org (mails.dpdk.org [217.70.189.124])
	by inbox.dpdk.org (Postfix) with ESMTP id BBAF246673
	for <public@inbox.dpdk.org>; Thu,  1 May 2025 08:38:50 +0200 (CEST)
Received: from mails.dpdk.org (localhost [127.0.0.1])
	by mails.dpdk.org (Postfix) with ESMTP id 92B8A4028E;
	Thu,  1 May 2025 08:38:50 +0200 (CEST)
Received: from mail-qv1-f100.google.com (mail-qv1-f100.google.com
 [209.85.219.100])
 by mails.dpdk.org (Postfix) with ESMTP id 0344140279
 for <test-report@dpdk.org>; Thu,  1 May 2025 08:38:49 +0200 (CEST)
Received: by mail-qv1-f100.google.com with SMTP id
 6a1803df08f44-6e8fce04655so7849206d6.3
 for <test-report@dpdk.org>; Wed, 30 Apr 2025 23:38:49 -0700 (PDT)
DKIM-Signature: v=1; a=rsa-sha256; c=relaxed/relaxed;
 d=iol.unh.edu; s=unh-iol; t=1746081529; x=1746686329; darn=dpdk.org;
 h=cc:to:from:subject:message-id:date:from:to:cc:subject:date
 :message-id:reply-to;
 bh=1G4ZLM+MVyOULLmXaHoBuD+QClBWbveQPo2oYBKbGZA=;
 b=hI83+XVQTknRdo4Q2K4kSb+gx56CT0KlAZ/qzFIGrUGsjNkmG7f3LvQPN6SX7WjFnU
 aD4wxHe6g4QbKL+vK0qUg482IjpXDCDqcB61IjkKhuhqJxP26xOcRsyKjC97nS/Yhz84
 m2VXtj1dG+TX7pCintBndgRuHEi+9ULxk9gdM=
X-Google-DKIM-Signature: v=1; a=rsa-sha256; c=relaxed/relaxed;
 d=1e100.net; s=20230601; t=1746081529; x=1746686329;
 h=cc:to:from:subject:message-id:date:x-gm-message-state:from:to:cc
 :subject:date:message-id:reply-to;
 bh=1G4ZLM+MVyOULLmXaHoBuD+QClBWbveQPo2oYBKbGZA=;
 b=uNtNwuYG9Wq+MBpPiuZ/CgewyTlEEYQIQ5oXjwMQZinemzrvBtaM8bncKEXyOJBWue
 p8e1l7IOS4b4UstAtpURjWAelCYqeBBih64u+2/w5TKGfJGCN5DA5LBazwC0D7/LyAUf
 EhcZ6BSYuaJgOwj8POqXg//qEqasYQF1REcvF4JX/hX3DjLc2Eke6cAKanv4vz2IjUA+
 3KlDvVuYhXLXyAEodzBbPBDcSFozE3fSKW7iye1kXixfAXeV4aokaMk6zkgV3enX+2Ul
 3L/fH7kDYfUQ+ckww11pAfKB9UCvRD9tJNYBsngb38wbWuC7eeMm5nAA0MxCVV/vyY2D
 ULWA==
X-Gm-Message-State: AOJu0Yy7QY9zoAzdkRaujLB3bOFm+7RGUZyly+fgCNd/0iNFmyX/NElj
 Dnt2PZFf7sqlRz3h2SLdWKUyO7XAnwwOO3w7wHeUfzS/UH/PMfyZt0uOIkT1rMNayYlHiYVh3wu
 g6IMieTdQ63ktyYzd/cpS3TraXo0ITFs0
X-Gm-Gg: ASbGncubcZRHtx/2iJBKTlpJXhzKz3zG3UMmD0ke4oI4QiILR3dmzXZgiL6FU71717Q
 JhUXTkA0rSaxSkrfRoBnKr3G6mLPnAbtpfi4xVGGZRJbXcLg8auqKDFqIqZAY53Sb1SiOgpwwIR
 OVA0GRvVSJ2QJUApfVREVClcfh1ArM0Copb6TVKiSLKAzuGvRZ4bcw7OCN4eB1l54x/h274YFqt
 OeMBY/LnQAE/f26qr6WJi4hxT+RjWsmBa3MoRW49QAP5Ez9HdvzLckzcMw7RPJrs+uOBWJAOhWx
 JTkGMswIsEFGY+z7PQbHi2zjKFnRigSsr6uh
X-Google-Smtp-Source: AGHT+IEPjlLOKK2dUhl5n4bMwLIG0DAdE40J+Fxf1A3flpL29soNw96dDTT1rHdPdApkzL2aWGvoXr1ITUuZ
X-Received: by 2002:a05:6214:768:b0:6f2:b14e:46e6 with SMTP id
 6a1803df08f44-6f4fceb2e09mr105548856d6.17.1746081529264; 
 Wed, 30 Apr 2025 23:38:49 -0700 (PDT)
Received: from postal.iol.unh.edu (postal.iol.unh.edu. [132.177.123.84])
 by smtp-relay.gmail.com with ESMTPS id
 6a1803df08f44-6f50f48e760sm449726d6.62.2025.04.30.23.38.49
 (version=TLS1_2 cipher=ECDHE-ECDSA-AES128-GCM-SHA256 bits=128/128);
 Wed, 30 Apr 2025 23:38:49 -0700 (PDT)
X-Relaying-Domain: iol.unh.edu
Date: Wed, 30 Apr 2025 23:38:49 -0700 (PDT)
Message-ID: <681316f9.d40a0220.d4a3.04cdSMTPIN_ADDED_MISSING@mx.google.com>
Received: from [172.21.0.6] (unknown [172.18.0.240])
 by postal.iol.unh.edu (Postfix) with ESMTP id D6D006052471;
 Thu,  1 May 2025 02:38:48 -0400 (EDT)
Subject: |FAILURE| [GIT MASTER] 4401486b5e30d43a134f80f9802f60b5f43e74a8
From: dpdklab@iol.unh.edu
To: Test Report <test-report@dpdk.org>
Cc: dpdk-test-reports@iol.unh.edu, Xueming Li <xuemingl@nvidia.com>,
 Christian Ehrhardt <christian.ehrhardt@canonical.com>,
 Kevin Traynor <ktraynor@redhat.com>, Luca Boccassi <bluca@debian.org>
Content-Type: text/plain
X-BeenThere: test-report@dpdk.org
X-Mailman-Version: 2.1.29
Precedence: list
List-Id: automatic DPDK test reports <test-report.dpdk.org>
List-Unsubscribe: <https://mails.dpdk.org/options/test-report>,
 <mailto:test-report-request@dpdk.org?subject=unsubscribe>
List-Archive: <http://mails.dpdk.org/archives/test-report/>
List-Post: <mailto:test-report@dpdk.org>
List-Help: <mailto:test-report-request@dpdk.org?subject=help>
List-Subscribe: <https://mails.dpdk.org/listinfo/test-report>,
 <mailto:test-report-request@dpdk.org?subject=subscribe>
Errors-To: test-report-bounces@dpdk.org

_Testing issues_

Branch: tags/v22.11

4401486b5e30d43a134f80f9802f60b5f43e74a8 --> testing issues

Upstream job id: Generic-Unit-Test-DPDK#334604

Test environment and result as below:

+---------------------+----------------+
|     Environment     | dpdk_unit_test |
+=====================+================+
| CentOS Stream 9     | FAIL           |
+---------------------+----------------+
| Ubuntu 22.04        | PEND           |
+---------------------+----------------+
| Ubuntu 24.04        | PEND           |
+---------------------+----------------+
| CentOS Stream 10    | PEND           |
+---------------------+----------------+
| Debian 12           | PEND           |
+---------------------+----------------+
| Fedora 41           | PEND           |
+---------------------+----------------+
| Fedora 40           | PEND           |
+---------------------+----------------+
| Fedora 41 (Clang)   | PEND           |
+---------------------+----------------+
| RHEL8               | PEND           |
+---------------------+----------------+
| RHEL9               | PEND           |
+---------------------+----------------+
| Fedora 40 (Clang)   | PEND           |
+---------------------+----------------+
| Ubuntu 20.04        | PASS           |
+---------------------+----------------+
| Windows Server 2022 | FAIL           |
+---------------------+----------------+

==== Unit test summary for Windows Server 2022 (dpdk_unit_test): ====
Failed to get the unit test results.
Displaying the unit test results is not supported for some environments,
such as our aarch32 testing, where meson is not used to run the tests.
Download the logs available on our CI site.
==== End log output ====

CentOS Stream 9
	Kernel: Depends on container host
	Compiler: gcc 11.5.0 20240719 (Red Hat 11.5.0-2)

Ubuntu 22.04
	Kernel: Depends on container host
	Compiler: gcc (Ubuntu 11.4.0-1ubuntu1~22.04) 11.4.0

Ubuntu 24.04
	Kernel: Depends on container host
	Compiler: gcc (Ubuntu 13.3.0-6ubuntu2~24.04) 13.3.0

CentOS Stream 10
	Kernel: Depends on container host
	Compiler: gcc 14.2.1 20241104 (Red Hat 14.2.1-6)

Debian 12
	Kernel: Depends on container host
	Compiler: gcc (Debian 12.2.0-14) 12.2.0

Fedora 41
	Kernel: Depends on container host
	Compiler: gcc 14.2.1 20240912 (Red Hat 14.2.1-3)

Fedora 40
	Kernel: Depends on container host
	Compiler: gcc 14.2.1 20240912 (Red Hat 14.2.1-3)

Fedora 41 (Clang)
	Kernel: Depends on container host
	Compiler: clang 19.1.5 (Fedora 19.1.5-1.fc41)

RHEL8
	Kernel: Depends on container host
	Compiler: gcc 8.5.0 20210514 (Red Hat 8.5.0-22)

RHEL9
	Kernel: Depends on container host
	Compiler: gcc 11.5.0 20240719 (Red Hat 11.5.0-2)

Fedora 40 (Clang)
	Kernel: Depends on container host
	Compiler: clang 18.1.8 (Fedora 18.1.8-1.fc40)

Ubuntu 20.04
	Kernel: Depends on container host
	Compiler: gcc (Ubuntu 9.4.0-1ubuntu1~20.04.2) 9.4.0

Windows Server 2022
	Kernel: 10.0.20348.2031
	Compiler: clang 15.0.7, gcc 14.1.0 (MinGW), and MSVC VS 19.39.33521

To view detailed results, visit:
https://lab.dpdk.org/results/dashboard/tarballs/33404/

UNH-IOL DPDK Community Lab

To manage your email subscriptions, visit: 
https://lab.dpdk.org/results/dashboard/preferences/subscriptions/