From mboxrd@z Thu Jan 1 00:00:00 1970 Return-Path: Received: from mails.dpdk.org (mails.dpdk.org [217.70.189.124]) by inbox.dpdk.org (Postfix) with ESMTP id 098D946673 for ; Thu, 1 May 2025 08:41:11 +0200 (CEST) Received: from mails.dpdk.org (localhost [127.0.0.1]) by mails.dpdk.org (Postfix) with ESMTP id CF03E4028E; Thu, 1 May 2025 08:41:11 +0200 (CEST) Received: from mail-ot1-f99.google.com (mail-ot1-f99.google.com [209.85.210.99]) by mails.dpdk.org (Postfix) with ESMTP id D812C40279 for ; Thu, 1 May 2025 08:41:10 +0200 (CEST) Received: by mail-ot1-f99.google.com with SMTP id 46e09a7af769-72a4793d4e2so454365a34.2 for ; Wed, 30 Apr 2025 23:41:10 -0700 (PDT) DKIM-Signature: v=1; a=rsa-sha256; c=relaxed/relaxed; d=iol.unh.edu; s=unh-iol; t=1746081670; x=1746686470; darn=dpdk.org; h=cc:to:from:subject:message-id:date:from:to:cc:subject:date :message-id:reply-to; bh=pENEmuAODw3NGC8BkOUmkpuh9PL6LKDrEJneKfOOxKU=; b=fOjBffESCNBnwB7+BCCjrBJ4dJG7wVOPglHGTfxaUz+jjCJ+/IMMiHWL6uj+XbLPYn K+Ct0IANRY/HLplv5OaiFJgFPKS9J+qKIUqAk8tjknFyXRYrfzI8ehyteR7/9viy7QIF ZzPqzZI+nHKUt3rOqj0lxbqvZQynVkckpNBYM= X-Google-DKIM-Signature: v=1; a=rsa-sha256; c=relaxed/relaxed; d=1e100.net; s=20230601; t=1746081670; x=1746686470; h=cc:to:from:subject:message-id:date:x-gm-message-state:from:to:cc :subject:date:message-id:reply-to; bh=pENEmuAODw3NGC8BkOUmkpuh9PL6LKDrEJneKfOOxKU=; b=rUwj2t1lMpi8M8lsgevqO5bjFRtJLJvZ/IX8UJzzHbB9ZyXQaowQ1hrrHAfsm/Uplk SX5CNoZm52sZfADddn9iO7fAEnjPBe7FIUxyZ6Hh7Y7AdRlb7B2AyHzS9gI1q95fha3K pVZlcw2dYcVx+ioeb351OuYDQ/nm63lRrPGt2kfQUcaFMs9Scs0MFqgKy0MaPqntXbeS EdsIYaSJQ9KAzFqz9qZ3gcw148RuOVDj1r0q/NV/KD7nAblXAhJkADb5HysuO/6L2sZn 08BBFntfGNm6p6O3NfMCZOxqkbNCRVC4Im32o77TwNOtVWPXG6WdRkQ0suaIu/oAk6tx XkUw== X-Gm-Message-State: AOJu0YyrnhyXUxchoWtRMFkxN6nC5vKFwZZvgmW4DKvhx/y2OvuXuGfS exxZg9Yi5lKMKF/4ejxHi5sRDeFCY8QKGnAi9yjyle7qkvXz2APZx5YoSqafMUMTiZMqtv4RS1K 2++Mp6/uxCvyCQ8NgNWtxlxSYqycyhXS6kBU/M1bqXxPIl3L5 X-Gm-Gg: ASbGncuYwk7W3sMVBp9X3Dw0SaUktxqfWqzVvb3MhHWLCoqlvfZdrM7PYqk2Xzwzca1 SYgDRpQO7wDmU84giSAxF21q2oTHUxwuee+iSWO6pHByJCGT9PJimjr3Zx3EWFwMt3bjUUE6sT/ CZjkumIgNv7O4CRZNSrrIguVT3csP4ZQ95ScKIMKq9it6diI3pc0ibn4aoTx4LTpZggFRUZH7wK xtSPOuYrU5oiUYwIS09+jt/okgDtuY+41L66qtDPLKeBcfu63xFJkAUh2Ym9oP/ZpA21/3Txk3n 8povmfjwFTh2b39kMBRyVReWG55qVnKd72prpDqHiOdd+8bU X-Google-Smtp-Source: AGHT+IGNiXboplTvxuOlHag1z14jwVYTK/k9YxoqVDnpX1bvA662puDF/6iyn+9jpsjN4/pmxiIuSndWUpHF X-Received: by 2002:a05:6830:4193:b0:72b:84ab:b1ad with SMTP id 46e09a7af769-731cf2f7ec6mr557346a34.1.1746081670009; Wed, 30 Apr 2025 23:41:10 -0700 (PDT) Received: from postal.iol.unh.edu (postal.iol.unh.edu. [2606:4100:3880:1234::84]) by smtp-relay.gmail.com with ESMTPS id 586e51a60fabf-2da6e4d06b6sm322309fac.25.2025.04.30.23.41.09 (version=TLS1_2 cipher=ECDHE-ECDSA-AES128-GCM-SHA256 bits=128/128); Wed, 30 Apr 2025 23:41:10 -0700 (PDT) X-Relaying-Domain: iol.unh.edu Date: Wed, 30 Apr 2025 23:41:10 -0700 (PDT) Message-ID: <68131786.050a0220.9c07b.82b8SMTPIN_ADDED_MISSING@mx.google.com> Received: from [172.21.0.5] (unknown [172.18.0.240]) by postal.iol.unh.edu (Postfix) with ESMTP id 6C6706052471; Thu, 1 May 2025 02:41:09 -0400 (EDT) Subject: |FAILURE| [GIT MASTER] 4401486b5e30d43a134f80f9802f60b5f43e74a8 From: dpdklab@iol.unh.edu To: Test Report Cc: dpdk-test-reports@iol.unh.edu, Xueming Li , Christian Ehrhardt , Kevin Traynor , Luca Boccassi Content-Type: text/plain X-BeenThere: test-report@dpdk.org X-Mailman-Version: 2.1.29 Precedence: list List-Id: automatic DPDK test reports List-Unsubscribe: , List-Archive: List-Post: List-Help: List-Subscribe: , Errors-To: test-report-bounces@dpdk.org _Testing issues_ Branch: tags/v22.11 4401486b5e30d43a134f80f9802f60b5f43e74a8 --> testing issues Upstream job id: Generic-Unit-Test-DPDK#334617 Test environment and result as below: +---------------------+----------------+ | Environment | dpdk_unit_test | +=====================+================+ | CentOS Stream 9 | FAIL | +---------------------+----------------+ | Ubuntu 22.04 | FAIL | +---------------------+----------------+ | Ubuntu 24.04 | PEND | +---------------------+----------------+ | CentOS Stream 10 | PEND | +---------------------+----------------+ | Debian 12 | PEND | +---------------------+----------------+ | Fedora 41 | PEND | +---------------------+----------------+ | Fedora 40 | PEND | +---------------------+----------------+ | Fedora 41 (Clang) | PEND | +---------------------+----------------+ | RHEL8 | PEND | +---------------------+----------------+ | RHEL9 | PEND | +---------------------+----------------+ | Fedora 40 (Clang) | PEND | +---------------------+----------------+ | Ubuntu 20.04 | PASS | +---------------------+----------------+ | Windows Server 2022 | FAIL | +---------------------+----------------+ ==== Unit test summary for Windows Server 2022 (dpdk_unit_test): ==== Failed to get the unit test results. Displaying the unit test results is not supported for some environments, such as our aarch32 testing, where meson is not used to run the tests. Download the logs available on our CI site. ==== End log output ==== CentOS Stream 9 Kernel: Depends on container host Compiler: gcc 11.5.0 20240719 (Red Hat 11.5.0-2) Ubuntu 22.04 Kernel: Depends on container host Compiler: gcc (Ubuntu 11.4.0-1ubuntu1~22.04) 11.4.0 Ubuntu 24.04 Kernel: Depends on container host Compiler: gcc (Ubuntu 13.3.0-6ubuntu2~24.04) 13.3.0 CentOS Stream 10 Kernel: Depends on container host Compiler: gcc 14.2.1 20241104 (Red Hat 14.2.1-6) Debian 12 Kernel: Depends on container host Compiler: gcc (Debian 12.2.0-14) 12.2.0 Fedora 41 Kernel: Depends on container host Compiler: gcc 14.2.1 20240912 (Red Hat 14.2.1-3) Fedora 40 Kernel: Depends on container host Compiler: gcc 14.2.1 20240912 (Red Hat 14.2.1-3) Fedora 41 (Clang) Kernel: Depends on container host Compiler: clang 19.1.5 (Fedora 19.1.5-1.fc41) RHEL8 Kernel: Depends on container host Compiler: gcc 8.5.0 20210514 (Red Hat 8.5.0-22) RHEL9 Kernel: Depends on container host Compiler: gcc 11.5.0 20240719 (Red Hat 11.5.0-2) Fedora 40 (Clang) Kernel: Depends on container host Compiler: clang 18.1.8 (Fedora 18.1.8-1.fc40) Ubuntu 20.04 Kernel: Depends on container host Compiler: gcc (Ubuntu 9.4.0-1ubuntu1~20.04.2) 9.4.0 Windows Server 2022 Kernel: 10.0.20348.2031 Compiler: clang 15.0.7, gcc 14.1.0 (MinGW), and MSVC VS 19.39.33521 To view detailed results, visit: https://lab.dpdk.org/results/dashboard/tarballs/33404/ UNH-IOL DPDK Community Lab To manage your email subscriptions, visit: https://lab.dpdk.org/results/dashboard/preferences/subscriptions/