From mboxrd@z Thu Jan 1 00:00:00 1970 Return-Path: Received: from mails.dpdk.org (mails.dpdk.org [217.70.189.124]) by inbox.dpdk.org (Postfix) with ESMTP id 66E9046673 for ; Thu, 1 May 2025 08:45:54 +0200 (CEST) Received: from mails.dpdk.org (localhost [127.0.0.1]) by mails.dpdk.org (Postfix) with ESMTP id 43CAB4028E; Thu, 1 May 2025 08:45:54 +0200 (CEST) Received: from mail-oo1-f100.google.com (mail-oo1-f100.google.com [209.85.161.100]) by mails.dpdk.org (Postfix) with ESMTP id 3F5AE40279 for ; Thu, 1 May 2025 08:45:53 +0200 (CEST) Received: by mail-oo1-f100.google.com with SMTP id 006d021491bc7-60634f82c77so174511eaf.1 for ; Wed, 30 Apr 2025 23:45:53 -0700 (PDT) DKIM-Signature: v=1; a=rsa-sha256; c=relaxed/relaxed; d=iol.unh.edu; s=unh-iol; t=1746081952; x=1746686752; darn=dpdk.org; h=cc:to:from:subject:message-id:date:from:to:cc:subject:date :message-id:reply-to; bh=FxquAorpaf4MteuJQYIwiXAKjB7PKWj/bOKeQF3I5lI=; b=eSNIIR7QSuudMzDn2YAeSrYXGAbQNMMMS8UYUrZNOZF6eQe97ycThxlAcfRxciicBa 1ng8LticZcZsnee/U8qJZx6+c0yb1ij+KPaoQ8lznqONxVhwmITEAk08+BzVpfob2nDV tgsfGW7/cFe+KdNBTJ5H5p3GN5czdP03P8ukk= X-Google-DKIM-Signature: v=1; a=rsa-sha256; c=relaxed/relaxed; d=1e100.net; s=20230601; t=1746081952; x=1746686752; h=cc:to:from:subject:message-id:date:x-gm-message-state:from:to:cc :subject:date:message-id:reply-to; bh=FxquAorpaf4MteuJQYIwiXAKjB7PKWj/bOKeQF3I5lI=; b=P2YJgIYfwq8l+TylpRpVssKtvCkSh3zdZrsAmnglZ1sDGeJXTaJa0ZVYTlBW0dvpp9 XJQSsAbNFv06wHrVKYAGMyhW9pVyuo7B/mSKDR9BauoCKR0exDrC9So2IC+WphZcdcUZ kuuidrDMxP0NOtp/qjbnYM6rcSVqx00cKI2yPjuvj6CY5cRnGg8d+5s449Ais4o0RZtV bj736xz+9klmUbFyLyl0T04afBvBR/ASUPVHBxRov13Km3ybzz0grlD84HNglzbj3k9I QVKchkaAgKqc+qS76tQOn5pmJL7oNZsewG2sLZceNSJT8CRYtABOsSaBDjIt5BEqMZSn MttA== X-Gm-Message-State: AOJu0YxATg4kFaQ9f2c8mv49Cv6v/K89HMMMfJf/shodYP63tqB0MVYd +7Jr3GQM0HC72TAnPHcaRvVJzKWvi2izf8f2XEJGEa6AWp/CfbtOOs3R4guujU7Pz+hfRGpjAdE Znuv39b8QU6HGam5/K9YOaNdQRUxUCrjB X-Gm-Gg: ASbGnctJ5ahimI2fRMADTMTwCX8lyjC3xIn0kOgbsi7Tz1eZmNphFHi+Q1FLpb6NYtI uD1cRAfX5mDfeycKWwIVcxS+xHLOD1ctHcFQzFXt1oz3LkrsKaKeTKA9g8BOZt5og5UVgcDfAG2 UkdCJIUtP57/d5Nyed2UQVgQTD8i1V8x+EZJFpK+YoAFe8o+qoG9GnOfnJ8FXD9ojqAQnSNBbPY RNSuH1e1A4W25x5iU7IYw5v2HDarEzULqMhcKzEAYAGElgL65qTUED3R1PTeneq0NeJE2k+i6Rl wIdiLrNi9dV+konC33tKyl37t7zFFGjDfl26 X-Google-Smtp-Source: AGHT+IFOGpHZj4BLG03834TS18MIoVUPraO3l8z4GVnxfNFmdDA4resnm3091FGa+xcStZpCSkYzsHoTKq/9 X-Received: by 2002:a05:6871:28c:b0:2c2:5c26:2d8e with SMTP id 586e51a60fabf-2da6cd20de9mr2957834fac.16.1746081952008; Wed, 30 Apr 2025 23:45:52 -0700 (PDT) Received: from postal.iol.unh.edu (postal.iol.unh.edu. [132.177.123.84]) by smtp-relay.gmail.com with ESMTPS id 586e51a60fabf-2daa0e63e50sm1205fac.2.2025.04.30.23.45.51 (version=TLS1_2 cipher=ECDHE-ECDSA-AES128-GCM-SHA256 bits=128/128); Wed, 30 Apr 2025 23:45:52 -0700 (PDT) X-Relaying-Domain: iol.unh.edu Date: Wed, 30 Apr 2025 23:45:52 -0700 (PDT) Message-ID: <6813189f.050a0220.3cd3ad.001cSMTPIN_ADDED_MISSING@mx.google.com> Received: from [172.21.0.5] (unknown [172.18.0.240]) by postal.iol.unh.edu (Postfix) with ESMTP id 5EC496052471; Thu, 1 May 2025 02:45:51 -0400 (EDT) Subject: |FAILURE| [GIT MASTER] 4401486b5e30d43a134f80f9802f60b5f43e74a8 From: dpdklab@iol.unh.edu To: Test Report Cc: dpdk-test-reports@iol.unh.edu, Xueming Li , Christian Ehrhardt , Kevin Traynor , Luca Boccassi Content-Type: text/plain X-BeenThere: test-report@dpdk.org X-Mailman-Version: 2.1.29 Precedence: list List-Id: automatic DPDK test reports List-Unsubscribe: , List-Archive: List-Post: List-Help: List-Subscribe: , Errors-To: test-report-bounces@dpdk.org _Testing issues_ Branch: tags/v22.11 4401486b5e30d43a134f80f9802f60b5f43e74a8 --> testing issues Upstream job id: Generic-Unit-Test-DPDK#334618 Test environment and result as below: +---------------------+----------------+ | Environment | dpdk_unit_test | +=====================+================+ | CentOS Stream 9 | FAIL | +---------------------+----------------+ | Ubuntu 22.04 | FAIL | +---------------------+----------------+ | Ubuntu 24.04 | FAIL | +---------------------+----------------+ | CentOS Stream 10 | PEND | +---------------------+----------------+ | Debian 12 | PEND | +---------------------+----------------+ | Fedora 41 | PEND | +---------------------+----------------+ | Fedora 40 | PEND | +---------------------+----------------+ | Fedora 41 (Clang) | PEND | +---------------------+----------------+ | RHEL8 | PEND | +---------------------+----------------+ | RHEL9 | PEND | +---------------------+----------------+ | Fedora 40 (Clang) | PEND | +---------------------+----------------+ | Ubuntu 20.04 | PASS | +---------------------+----------------+ | Windows Server 2022 | FAIL | +---------------------+----------------+ ==== Unit test summary for Windows Server 2022 (dpdk_unit_test): ==== Failed to get the unit test results. Displaying the unit test results is not supported for some environments, such as our aarch32 testing, where meson is not used to run the tests. Download the logs available on our CI site. ==== End log output ==== CentOS Stream 9 Kernel: Depends on container host Compiler: gcc 11.5.0 20240719 (Red Hat 11.5.0-2) Ubuntu 22.04 Kernel: Depends on container host Compiler: gcc (Ubuntu 11.4.0-1ubuntu1~22.04) 11.4.0 Ubuntu 24.04 Kernel: Depends on container host Compiler: gcc (Ubuntu 13.3.0-6ubuntu2~24.04) 13.3.0 CentOS Stream 10 Kernel: Depends on container host Compiler: gcc 14.2.1 20241104 (Red Hat 14.2.1-6) Debian 12 Kernel: Depends on container host Compiler: gcc (Debian 12.2.0-14) 12.2.0 Fedora 41 Kernel: Depends on container host Compiler: gcc 14.2.1 20240912 (Red Hat 14.2.1-3) Fedora 40 Kernel: Depends on container host Compiler: gcc 14.2.1 20240912 (Red Hat 14.2.1-3) Fedora 41 (Clang) Kernel: Depends on container host Compiler: clang 19.1.5 (Fedora 19.1.5-1.fc41) RHEL8 Kernel: Depends on container host Compiler: gcc 8.5.0 20210514 (Red Hat 8.5.0-22) RHEL9 Kernel: Depends on container host Compiler: gcc 11.5.0 20240719 (Red Hat 11.5.0-2) Fedora 40 (Clang) Kernel: Depends on container host Compiler: clang 18.1.8 (Fedora 18.1.8-1.fc40) Ubuntu 20.04 Kernel: Depends on container host Compiler: gcc (Ubuntu 9.4.0-1ubuntu1~20.04.2) 9.4.0 Windows Server 2022 Kernel: 10.0.20348.2031 Compiler: clang 15.0.7, gcc 14.1.0 (MinGW), and MSVC VS 19.39.33521 To view detailed results, visit: https://lab.dpdk.org/results/dashboard/tarballs/33404/ UNH-IOL DPDK Community Lab To manage your email subscriptions, visit: https://lab.dpdk.org/results/dashboard/preferences/subscriptions/