From mboxrd@z Thu Jan 1 00:00:00 1970 Return-Path: Received: from mails.dpdk.org (mails.dpdk.org [217.70.189.124]) by inbox.dpdk.org (Postfix) with ESMTP id 0341146673 for ; Thu, 1 May 2025 09:03:55 +0200 (CEST) Received: from mails.dpdk.org (localhost [127.0.0.1]) by mails.dpdk.org (Postfix) with ESMTP id C661D4028E; Thu, 1 May 2025 09:03:55 +0200 (CEST) Received: from mail-io1-f97.google.com (mail-io1-f97.google.com [209.85.166.97]) by mails.dpdk.org (Postfix) with ESMTP id C2CC140279 for ; Thu, 1 May 2025 09:03:54 +0200 (CEST) Received: by mail-io1-f97.google.com with SMTP id ca18e2360f4ac-85e15dc801aso63096639f.2 for ; Thu, 01 May 2025 00:03:54 -0700 (PDT) DKIM-Signature: v=1; a=rsa-sha256; c=relaxed/relaxed; d=iol.unh.edu; s=unh-iol; t=1746083034; x=1746687834; darn=dpdk.org; h=cc:to:from:subject:message-id:date:from:to:cc:subject:date :message-id:reply-to; bh=XUstj4tYbIArgDrEQzq7ACBePWAx/hkUV/gvOsKtcmw=; b=HDYfYF2hgynRTsCAOm3baYC0DgULywE5LHQ0nkz8xCidNlQzgkUtWGNLpa0jekfSc5 CNc99PZVb0qQQSV4YliEvM2dTiutzgEXvGtq/jrLGiUvyp8gF6d8eh3xpJRc0hPvbfrx Tfmn8+oUbJvmc8Acdo2ZzEVhim3UiwsRRoZdA= X-Google-DKIM-Signature: v=1; a=rsa-sha256; c=relaxed/relaxed; d=1e100.net; s=20230601; t=1746083034; x=1746687834; h=cc:to:from:subject:message-id:date:x-gm-message-state:from:to:cc :subject:date:message-id:reply-to; bh=XUstj4tYbIArgDrEQzq7ACBePWAx/hkUV/gvOsKtcmw=; b=DCjayB5LQyf2GV+hecVUer+cv+WjXEONW3NVZbdBytNRU9do54vVJXIC/z/nc+JnbD ERJq0GXnr5IOYTp6P3S5YVR4Gh+svo/15hMARNeU5RYI2zeDL/IJm4jbY0YI8iJFowSu f7+T3FYKsUO2KVSOF/yjCQRWlqmWxISfs7h4jgYf+ahi6q60+xDtxZ3gvEbXcr87U+uC Dlhq6dZJX94lJdYIJ2XFkR68zXDsPXV75MKaZB355X0CaDJSsilMGSlyzQC0xp+Lm2y2 pZr4JFSoFuT49vf1qsrkUYv1DjJQQarDlin9XMb68Y+96Tuv0PRc5KQXfueM6BagMzA0 A2Jw== X-Gm-Message-State: AOJu0YzbI8C+G4R41iAOiEBYHZsAKzc3E+3bgj3G6YO6L7QGsyL6X15C HB02rqnLPowgXKn4EouknCQVldu7ACE2dC5OEat3ZDhrWt6WLq7iRkcpBuI1SEY2PjoEDd4A4iL 61WTwlhbEH2PdJvpOKHhSkbYhNg0l3vXi X-Gm-Gg: ASbGnctJOi7kLVgESvFteUUEuEftURPHhhzrkos7gqNWurOe7QFD6nCi+0FqjLZzXbL xTXPp0Y9WKNnAs1dUBPKUEFdz9jqMMsnoTAcAccvJHbQZSkTbl9/M5O2FKouYaCGn0F1L/oOOZi eGN4AjdlxdlqYN2DVHfQoRZQMQm5cLrQ/R/9OXo16HY5TBITgc836cUX32njBWroO9mUyoRiN5U Y4qRcVfgJSauCnwMU+dQqHtcqKrV3sNt75w/KcmFjPNn+j8Rh4ex7a/F8d5EMTkTpkqlMDsY04v ioBFnHN1jdgY3XBoCEbjgkzONyOK/MDywcwe X-Google-Smtp-Source: AGHT+IFkpiPGwzmWF5lAnLhLHx4gTp1yexA96NEAXuz771hEQVMw6uOAJGBMQS048hz+G5YT0HczA3593eLf X-Received: by 2002:a05:6602:36ce:b0:861:d71f:33f0 with SMTP id ca18e2360f4ac-864a344e5e3mr171461039f.5.1746083034125; Thu, 01 May 2025 00:03:54 -0700 (PDT) Received: from postal.iol.unh.edu (postal.iol.unh.edu. [132.177.123.84]) by smtp-relay.gmail.com with ESMTPS id 8926c6da1cb9f-4f882ea5b8dsm64542173.15.2025.05.01.00.03.54 (version=TLS1_2 cipher=ECDHE-ECDSA-AES128-GCM-SHA256 bits=128/128); Thu, 01 May 2025 00:03:54 -0700 (PDT) X-Relaying-Domain: iol.unh.edu Date: Thu, 01 May 2025 00:03:54 -0700 (PDT) Message-ID: <68131cda.050a0220.78e0b.06a3SMTPIN_ADDED_MISSING@mx.google.com> Received: from [172.21.0.5] (unknown [172.18.0.240]) by postal.iol.unh.edu (Postfix) with ESMTP id A2FF86052471; Thu, 1 May 2025 03:03:53 -0400 (EDT) Subject: |FAILURE| [GIT MASTER] 4401486b5e30d43a134f80f9802f60b5f43e74a8 From: dpdklab@iol.unh.edu To: Test Report Cc: dpdk-test-reports@iol.unh.edu, Xueming Li , Christian Ehrhardt , Kevin Traynor , Luca Boccassi Content-Type: text/plain X-BeenThere: test-report@dpdk.org X-Mailman-Version: 2.1.29 Precedence: list List-Id: automatic DPDK test reports List-Unsubscribe: , List-Archive: List-Post: List-Help: List-Subscribe: , Errors-To: test-report-bounces@dpdk.org _Testing issues_ Branch: tags/v22.11 4401486b5e30d43a134f80f9802f60b5f43e74a8 --> testing issues Upstream job id: Generic-Unit-Test-DPDK#334605 Test environment and result as below: +---------------------+----------------+ | Environment | dpdk_unit_test | +=====================+================+ | CentOS Stream 9 | FAIL | +---------------------+----------------+ | Ubuntu 22.04 | FAIL | +---------------------+----------------+ | Ubuntu 24.04 | FAIL | +---------------------+----------------+ | CentOS Stream 10 | FAIL | +---------------------+----------------+ | Debian 12 | PEND | +---------------------+----------------+ | Fedora 41 | PEND | +---------------------+----------------+ | Fedora 40 | PEND | +---------------------+----------------+ | Fedora 41 (Clang) | PEND | +---------------------+----------------+ | RHEL8 | PEND | +---------------------+----------------+ | RHEL9 | PEND | +---------------------+----------------+ | Fedora 40 (Clang) | PEND | +---------------------+----------------+ | Ubuntu 20.04 | PASS | +---------------------+----------------+ | Windows Server 2022 | FAIL | +---------------------+----------------+ ==== Unit test summary for Windows Server 2022 (dpdk_unit_test): ==== Failed to get the unit test results. Displaying the unit test results is not supported for some environments, such as our aarch32 testing, where meson is not used to run the tests. Download the logs available on our CI site. ==== End log output ==== CentOS Stream 9 Kernel: Depends on container host Compiler: gcc 11.5.0 20240719 (Red Hat 11.5.0-2) Ubuntu 22.04 Kernel: Depends on container host Compiler: gcc (Ubuntu 11.4.0-1ubuntu1~22.04) 11.4.0 Ubuntu 24.04 Kernel: Depends on container host Compiler: gcc (Ubuntu 13.3.0-6ubuntu2~24.04) 13.3.0 CentOS Stream 10 Kernel: Depends on container host Compiler: gcc 14.2.1 20241104 (Red Hat 14.2.1-6) Debian 12 Kernel: Depends on container host Compiler: gcc (Debian 12.2.0-14) 12.2.0 Fedora 41 Kernel: Depends on container host Compiler: gcc 14.2.1 20240912 (Red Hat 14.2.1-3) Fedora 40 Kernel: Depends on container host Compiler: gcc 14.2.1 20240912 (Red Hat 14.2.1-3) Fedora 41 (Clang) Kernel: Depends on container host Compiler: clang 19.1.5 (Fedora 19.1.5-1.fc41) RHEL8 Kernel: Depends on container host Compiler: gcc 8.5.0 20210514 (Red Hat 8.5.0-22) RHEL9 Kernel: Depends on container host Compiler: gcc 11.5.0 20240719 (Red Hat 11.5.0-2) Fedora 40 (Clang) Kernel: Depends on container host Compiler: clang 18.1.8 (Fedora 18.1.8-1.fc40) Ubuntu 20.04 Kernel: Depends on container host Compiler: gcc (Ubuntu 9.4.0-1ubuntu1~20.04.2) 9.4.0 Windows Server 2022 Kernel: 10.0.20348.2031 Compiler: clang 15.0.7, gcc 14.1.0 (MinGW), and MSVC VS 19.39.33521 To view detailed results, visit: https://lab.dpdk.org/results/dashboard/tarballs/33404/ UNH-IOL DPDK Community Lab To manage your email subscriptions, visit: https://lab.dpdk.org/results/dashboard/preferences/subscriptions/