From mboxrd@z Thu Jan 1 00:00:00 1970 Return-Path: Received: from mails.dpdk.org (mails.dpdk.org [217.70.189.124]) by inbox.dpdk.org (Postfix) with ESMTP id BCAF046673 for ; Thu, 1 May 2025 09:08:18 +0200 (CEST) Received: from mails.dpdk.org (localhost [127.0.0.1]) by mails.dpdk.org (Postfix) with ESMTP id 847A84028E; Thu, 1 May 2025 09:08:18 +0200 (CEST) Received: from mail-pl1-f227.google.com (mail-pl1-f227.google.com [209.85.214.227]) by mails.dpdk.org (Postfix) with ESMTP id D432640279 for ; Thu, 1 May 2025 09:08:16 +0200 (CEST) Received: by mail-pl1-f227.google.com with SMTP id d9443c01a7336-22c3407a87aso9882195ad.3 for ; Thu, 01 May 2025 00:08:16 -0700 (PDT) DKIM-Signature: v=1; a=rsa-sha256; c=relaxed/relaxed; d=iol.unh.edu; s=unh-iol; t=1746083296; x=1746688096; darn=dpdk.org; h=cc:to:from:subject:message-id:date:from:to:cc:subject:date :message-id:reply-to; bh=s3acIUbMsvBbsAGwNUVOuhrwwxMCFRR3NEx0xe+e700=; b=CaaoyQX1QDw6zGMyfMbl18kk6FF98VKs9Z0/iC7N0SYg0li+/KAM9FemyBY9YS9kg9 oM8Gjv2XrL+pjQ9jbInGqAt6QOj2gcQ6EyzlLsYtCNM2WxmGuLWE0nb2vmtCUivBZNiZ HVt52fC8HpGNvGicG9fGHtlYlPImd+gEUKH4w= X-Google-DKIM-Signature: v=1; a=rsa-sha256; c=relaxed/relaxed; d=1e100.net; s=20230601; t=1746083296; x=1746688096; h=cc:to:from:subject:message-id:date:x-gm-message-state:from:to:cc :subject:date:message-id:reply-to; bh=s3acIUbMsvBbsAGwNUVOuhrwwxMCFRR3NEx0xe+e700=; b=K0j43WrnNtrbbQ5vETL5d7aAhAFjbVdJkKeGyakB1nxWPfk28u3/AKGBcKPyf/tZCh evNpJDAKNwvcIBIHKMTiWXssgpfhWrumgq7n4A6LR2HkRnpk+vtMNZ31oMkS3kLDYRlP zuumTtnJWcsw2FA90GVq+GUaIU4wMHK662e5E3Ga5IqmNG/PSdNNS4kD3Z1HJB/uIwfN P0uNvN+5gCLOhpS2GNJ4eD3MpuU95JkCsmDDafvUFHottrWv6dVTiu/V/YEYJ5DHSb9i AYHW4/4vbsDG6qk2CFrecl+IlSmxbJtehgtMJRHJ4Y5Lt8FiEejuySewTO82l36asWtK txqA== X-Gm-Message-State: AOJu0YzHQ2qOrYFFo2lKZw1lYNbf7WuBs1kJQR6n6GqRv7niqvwmIvNj 6cszJg5MG/0RrcLFKZW0wwAxjFJBW5pTStY5mxv86L+P6p6RArXKXsOTYFjz6T4hzALgq5zxJdr K+ifWMG0MyOeyVjnJOh5tnaXnlTDcv4yLKtWENJMg+cOL3EnW X-Gm-Gg: ASbGncvQU/zGVTo/M1nFXeSUHktPuN+3SYGvClucqZbLNCdiBdLNlimkm5o2ejfMet8 rZKTLxpt76FW8RmoKp8pM763Q2JV8XPNRMScn8x3kJycvE8AZwlbO3FuSxr1t0t3XAfw4FCE887 yJglzul4uZ09je/cfFqK3C6XwFlHv4rBo+sXCSSR25/NuXotCUlIKvFveWNmHKjBtNn/jbGIFAt kDkDgGMLjuP68Rlb6FiFLqusUPQ/4TISP4as6+0tsqzQQ9zsbs+8XzxFNZCEZIvPd5Pcn21JLd2 vKiL/4ZAc7Od+qbVKlpuYSYNncBev/71gqVxdBM+3u0VofBF X-Google-Smtp-Source: AGHT+IHjn2bun0ezzShKdPL/4cmOTvmYU3q2NpApZwzHnllD6pZiDqWXvhkLgDpacmvmGyO6C5kxWHvx4oWv X-Received: by 2002:a17:903:2cf:b0:223:536d:f67b with SMTP id d9443c01a7336-22e0863efa8mr28794995ad.38.1746083296039; Thu, 01 May 2025 00:08:16 -0700 (PDT) Received: from postal.iol.unh.edu (postal.iol.unh.edu. [2606:4100:3880:1234::84]) by smtp-relay.gmail.com with ESMTPS id d9443c01a7336-22e0bb3189esm225985ad.60.2025.05.01.00.08.15 (version=TLS1_2 cipher=ECDHE-ECDSA-AES128-GCM-SHA256 bits=128/128); Thu, 01 May 2025 00:08:16 -0700 (PDT) X-Relaying-Domain: iol.unh.edu Date: Thu, 01 May 2025 00:08:16 -0700 (PDT) Message-ID: <68131de0.170a0220.1878b2.027bSMTPIN_ADDED_MISSING@mx.google.com> Received: from [172.21.0.5] (unknown [172.18.0.240]) by postal.iol.unh.edu (Postfix) with ESMTP id 24E446052471; Thu, 1 May 2025 03:08:15 -0400 (EDT) Subject: |FAILURE| [GIT MASTER] 4401486b5e30d43a134f80f9802f60b5f43e74a8 From: dpdklab@iol.unh.edu To: Test Report Cc: dpdk-test-reports@iol.unh.edu, Xueming Li , Christian Ehrhardt , Kevin Traynor , Luca Boccassi Content-Type: text/plain X-BeenThere: test-report@dpdk.org X-Mailman-Version: 2.1.29 Precedence: list List-Id: automatic DPDK test reports List-Unsubscribe: , List-Archive: List-Post: List-Help: List-Subscribe: , Errors-To: test-report-bounces@dpdk.org _Testing issues_ Branch: tags/v22.11 4401486b5e30d43a134f80f9802f60b5f43e74a8 --> testing issues Upstream job id: Generic-Unit-Test-DPDK#334612 Test environment and result as below: +---------------------+----------------+ | Environment | dpdk_unit_test | +=====================+================+ | CentOS Stream 9 | FAIL | +---------------------+----------------+ | Ubuntu 22.04 | FAIL | +---------------------+----------------+ | Ubuntu 24.04 | FAIL | +---------------------+----------------+ | CentOS Stream 10 | FAIL | +---------------------+----------------+ | Debian 12 | PEND | +---------------------+----------------+ | Fedora 41 | PEND | +---------------------+----------------+ | Fedora 40 | PEND | +---------------------+----------------+ | Fedora 41 (Clang) | FAIL | +---------------------+----------------+ | RHEL8 | PEND | +---------------------+----------------+ | RHEL9 | PEND | +---------------------+----------------+ | Fedora 40 (Clang) | PEND | +---------------------+----------------+ | Ubuntu 20.04 | PASS | +---------------------+----------------+ | Windows Server 2022 | FAIL | +---------------------+----------------+ ==== Unit test summary for Windows Server 2022 (dpdk_unit_test): ==== Failed to get the unit test results. Displaying the unit test results is not supported for some environments, such as our aarch32 testing, where meson is not used to run the tests. Download the logs available on our CI site. ==== End log output ==== CentOS Stream 9 Kernel: Depends on container host Compiler: gcc 11.5.0 20240719 (Red Hat 11.5.0-2) Ubuntu 22.04 Kernel: Depends on container host Compiler: gcc (Ubuntu 11.4.0-1ubuntu1~22.04) 11.4.0 Ubuntu 24.04 Kernel: Depends on container host Compiler: gcc (Ubuntu 13.3.0-6ubuntu2~24.04) 13.3.0 CentOS Stream 10 Kernel: Depends on container host Compiler: gcc 14.2.1 20241104 (Red Hat 14.2.1-6) Debian 12 Kernel: Depends on container host Compiler: gcc (Debian 12.2.0-14) 12.2.0 Fedora 41 Kernel: Depends on container host Compiler: gcc 14.2.1 20240912 (Red Hat 14.2.1-3) Fedora 40 Kernel: Depends on container host Compiler: gcc 14.2.1 20240912 (Red Hat 14.2.1-3) Fedora 41 (Clang) Kernel: Depends on container host Compiler: clang 19.1.5 (Fedora 19.1.5-1.fc41) RHEL8 Kernel: Depends on container host Compiler: gcc 8.5.0 20210514 (Red Hat 8.5.0-22) RHEL9 Kernel: Depends on container host Compiler: gcc 11.5.0 20240719 (Red Hat 11.5.0-2) Fedora 40 (Clang) Kernel: Depends on container host Compiler: clang 18.1.8 (Fedora 18.1.8-1.fc40) Ubuntu 20.04 Kernel: Depends on container host Compiler: gcc (Ubuntu 9.4.0-1ubuntu1~20.04.2) 9.4.0 Windows Server 2022 Kernel: 10.0.20348.2031 Compiler: clang 15.0.7, gcc 14.1.0 (MinGW), and MSVC VS 19.39.33521 To view detailed results, visit: https://lab.dpdk.org/results/dashboard/tarballs/33404/ UNH-IOL DPDK Community Lab To manage your email subscriptions, visit: https://lab.dpdk.org/results/dashboard/preferences/subscriptions/