From mboxrd@z Thu Jan 1 00:00:00 1970 Return-Path: Received: from mails.dpdk.org (mails.dpdk.org [217.70.189.124]) by inbox.dpdk.org (Postfix) with ESMTP id 2CB5746310 for ; Thu, 1 May 2025 09:11:59 +0200 (CEST) Received: from mails.dpdk.org (localhost [127.0.0.1]) by mails.dpdk.org (Postfix) with ESMTP id E80CA4028E; Thu, 1 May 2025 09:11:58 +0200 (CEST) Received: from mail-vk1-f228.google.com (mail-vk1-f228.google.com [209.85.221.228]) by mails.dpdk.org (Postfix) with ESMTP id 679AC40279 for ; Thu, 1 May 2025 09:11:57 +0200 (CEST) Received: by mail-vk1-f228.google.com with SMTP id 71dfb90a1353d-52446b21cfdso231296e0c.1 for ; Thu, 01 May 2025 00:11:57 -0700 (PDT) DKIM-Signature: v=1; a=rsa-sha256; c=relaxed/relaxed; d=iol.unh.edu; s=unh-iol; t=1746083516; x=1746688316; darn=dpdk.org; h=cc:to:from:subject:message-id:date:from:to:cc:subject:date :message-id:reply-to; bh=uZz7z4ond6m7u63zQeKp++c3caTmB8p4vkLbNcCzCxQ=; b=jcrQ7ch3a8CngT9HKeAG941tu1RC0HcJ3ulODE1ybH6cmP3swlx6hes6EFAqVC+grZ kwxb7XF6S6w5J6rBQGl2QJ0YAB0ysm3GYsATVrZHC5Wo90iSsR5qJiUcYNT2/vJuYZPF 1VQTCz6ZuMEiLtR6knD2HWgilsso4puxh52QQ= X-Google-DKIM-Signature: v=1; a=rsa-sha256; c=relaxed/relaxed; d=1e100.net; s=20230601; t=1746083516; x=1746688316; h=cc:to:from:subject:message-id:date:x-gm-message-state:from:to:cc :subject:date:message-id:reply-to; bh=uZz7z4ond6m7u63zQeKp++c3caTmB8p4vkLbNcCzCxQ=; b=tjd7HlyFde+mQethLd52fLL/PzVrgpS/02bBfyoB+ZNKUT8dsVaqVhW6OuKwQN9vxp wEWe7IqwGOduaKoB/HQqEA6tiyYjmdAr2k8f6N4c6jXxi3Kpe0qLObS3rS0/WIg6pTnD ptcWUV3d2XZxTJtW6f2iapURFwS/aWN7A8yglv3Vgq70thxpHITCRqenkDT0IyAz4Xs1 3VK1D4hr18p+KgCpbWdyWr15cSCD1Je61Cex7hx/tS3fKeHkCvGA5L/lVsInjTuT0bN1 Zs/dN1qCQPx+FbkMj6S1dGNV4GMjjvq0IyxAozAOSlGZwvzaFlqLM6mOwup+89UelQ5B qpkg== X-Gm-Message-State: AOJu0YxCf/yivBFiSNWrb21mDisZbnYxI/L5yrWg0LDK0LC/VfE/9xbq KyqKMNIR84JMh3sHRCk+glOOWDZcBT/WCF2gAiNnOGYcIoifH7ke1ZWZoOUFUs5sNvLnQjsLfeO QLI0a9L4Ltm1efuA8c7INIcTMnChIsmkU X-Gm-Gg: ASbGncus7HJrHptzt5fvuchr3Rb1hB7JutN0GhF8bm8CLMJxw1y8SC63QiOdFLyHODI ercQJl1+dPe4cuBrSAVSXmvWMacC6a9K+kHMYft5QMWIHTGzFlgPQfRSpGwtSP7WQEOYLIURMeV sbXghbYIUBVfl/N1wBp8mysmKrgAtAfdQ8ATkVhpzXtlL13YEwnw+w9wNUAbPGL6fCwYQ5Uxqgi UPmFGRseJRM+MbPrJDAkcrXInLT++6z2GE+9FoXP8z+3/xR0Na1N2K4Ib4yY9zBmjb6vV8mtaTb 8KAHFus1dHqtdgsnLYOS6wLL9EGKU/U3eDnF X-Google-Smtp-Source: AGHT+IHkL5OcoxbiQ6gAH6idyHxVCMPICMkibuSn/uD2QNVHtUdBTyLo3CB0K97KdFTI6QEPWXNYjhKXZMB6 X-Received: by 2002:a05:6122:181b:b0:52a:93fc:e93d with SMTP id 71dfb90a1353d-52ade328a53mr808830e0c.5.1746083516721; Thu, 01 May 2025 00:11:56 -0700 (PDT) Received: from postal.iol.unh.edu (postal.iol.unh.edu. [132.177.123.84]) by smtp-relay.gmail.com with ESMTPS id 71dfb90a1353d-52ae402658asm55512e0c.6.2025.05.01.00.11.56 (version=TLS1_2 cipher=ECDHE-ECDSA-AES128-GCM-SHA256 bits=128/128); Thu, 01 May 2025 00:11:56 -0700 (PDT) X-Relaying-Domain: iol.unh.edu Date: Thu, 01 May 2025 00:11:56 -0700 (PDT) Message-ID: <68131ebc.050a0220.39391a.05fcSMTPIN_ADDED_MISSING@mx.google.com> Received: from [172.21.0.5] (unknown [172.18.0.240]) by postal.iol.unh.edu (Postfix) with ESMTP id 50C9E6052471; Thu, 1 May 2025 03:11:56 -0400 (EDT) Subject: |FAILURE| [GIT MASTER] 4401486b5e30d43a134f80f9802f60b5f43e74a8 From: dpdklab@iol.unh.edu To: Test Report Cc: dpdk-test-reports@iol.unh.edu, Xueming Li , Christian Ehrhardt , Kevin Traynor , Luca Boccassi Content-Type: text/plain X-BeenThere: test-report@dpdk.org X-Mailman-Version: 2.1.29 Precedence: list List-Id: automatic DPDK test reports List-Unsubscribe: , List-Archive: List-Post: List-Help: List-Subscribe: , Errors-To: test-report-bounces@dpdk.org _Testing issues_ Branch: tags/v22.11 4401486b5e30d43a134f80f9802f60b5f43e74a8 --> testing issues Upstream job id: Generic-Unit-Test-DPDK#334614 Test environment and result as below: +---------------------+----------------+ | Environment | dpdk_unit_test | +=====================+================+ | CentOS Stream 9 | FAIL | +---------------------+----------------+ | Ubuntu 22.04 | FAIL | +---------------------+----------------+ | Ubuntu 24.04 | FAIL | +---------------------+----------------+ | CentOS Stream 10 | FAIL | +---------------------+----------------+ | Debian 12 | PEND | +---------------------+----------------+ | Fedora 41 | PEND | +---------------------+----------------+ | Fedora 40 | PEND | +---------------------+----------------+ | Fedora 41 (Clang) | FAIL | +---------------------+----------------+ | RHEL8 | FAIL | +---------------------+----------------+ | RHEL9 | FAIL | +---------------------+----------------+ | Fedora 40 (Clang) | PEND | +---------------------+----------------+ | Ubuntu 20.04 | PASS | +---------------------+----------------+ | Windows Server 2022 | FAIL | +---------------------+----------------+ ==== Unit test summary for Windows Server 2022 (dpdk_unit_test): ==== Failed to get the unit test results. Displaying the unit test results is not supported for some environments, such as our aarch32 testing, where meson is not used to run the tests. Download the logs available on our CI site. ==== End log output ==== CentOS Stream 9 Kernel: Depends on container host Compiler: gcc 11.5.0 20240719 (Red Hat 11.5.0-2) Ubuntu 22.04 Kernel: Depends on container host Compiler: gcc (Ubuntu 11.4.0-1ubuntu1~22.04) 11.4.0 Ubuntu 24.04 Kernel: Depends on container host Compiler: gcc (Ubuntu 13.3.0-6ubuntu2~24.04) 13.3.0 CentOS Stream 10 Kernel: Depends on container host Compiler: gcc 14.2.1 20241104 (Red Hat 14.2.1-6) Debian 12 Kernel: Depends on container host Compiler: gcc (Debian 12.2.0-14) 12.2.0 Fedora 41 Kernel: Depends on container host Compiler: gcc 14.2.1 20240912 (Red Hat 14.2.1-3) Fedora 40 Kernel: Depends on container host Compiler: gcc 14.2.1 20240912 (Red Hat 14.2.1-3) Fedora 41 (Clang) Kernel: Depends on container host Compiler: clang 19.1.5 (Fedora 19.1.5-1.fc41) RHEL8 Kernel: Depends on container host Compiler: gcc 8.5.0 20210514 (Red Hat 8.5.0-22) RHEL9 Kernel: Depends on container host Compiler: gcc 11.5.0 20240719 (Red Hat 11.5.0-2) Fedora 40 (Clang) Kernel: Depends on container host Compiler: clang 18.1.8 (Fedora 18.1.8-1.fc40) Ubuntu 20.04 Kernel: Depends on container host Compiler: gcc (Ubuntu 9.4.0-1ubuntu1~20.04.2) 9.4.0 Windows Server 2022 Kernel: 10.0.20348.2031 Compiler: clang 15.0.7, gcc 14.1.0 (MinGW), and MSVC VS 19.39.33521 To view detailed results, visit: https://lab.dpdk.org/results/dashboard/tarballs/33404/ UNH-IOL DPDK Community Lab To manage your email subscriptions, visit: https://lab.dpdk.org/results/dashboard/preferences/subscriptions/