From mboxrd@z Thu Jan 1 00:00:00 1970 Return-Path: Received: from mails.dpdk.org (mails.dpdk.org [217.70.189.124]) by inbox.dpdk.org (Postfix) with ESMTP id 2C32546673 for ; Thu, 1 May 2025 09:22:10 +0200 (CEST) Received: from mails.dpdk.org (localhost [127.0.0.1]) by mails.dpdk.org (Postfix) with ESMTP id 092DC4028E; Thu, 1 May 2025 09:22:10 +0200 (CEST) Received: from mail-io1-f99.google.com (mail-io1-f99.google.com [209.85.166.99]) by mails.dpdk.org (Postfix) with ESMTP id 2AEC640279 for ; Thu, 1 May 2025 09:22:08 +0200 (CEST) Received: by mail-io1-f99.google.com with SMTP id ca18e2360f4ac-85de3e8d0adso13407539f.1 for ; Thu, 01 May 2025 00:22:08 -0700 (PDT) DKIM-Signature: v=1; a=rsa-sha256; c=relaxed/relaxed; d=iol.unh.edu; s=unh-iol; t=1746084127; x=1746688927; darn=dpdk.org; h=cc:to:from:subject:message-id:date:from:to:cc:subject:date :message-id:reply-to; bh=qIc6q6tbv9A7LkskS/z2rzNa+vD9nFV7lU1bObmz+tk=; b=jKglfDGZM1bF69PGsKIClHLFICnRH2m+WOWPxTwPD6UBLf8ohWEFcN0ZonBx1QGf+P CG5EtY6DGzaM70UeedyCIGT7hE/rYFxNjrgMsL/oEgPPUcl8EueE1adWjkcyG2OhXW1q h0LvCvZ+MXBoAeTB90btDPByKZyh7afZclDmQ= X-Google-DKIM-Signature: v=1; a=rsa-sha256; c=relaxed/relaxed; d=1e100.net; s=20230601; t=1746084127; x=1746688927; h=cc:to:from:subject:message-id:date:x-gm-message-state:from:to:cc :subject:date:message-id:reply-to; bh=qIc6q6tbv9A7LkskS/z2rzNa+vD9nFV7lU1bObmz+tk=; b=nI7JLGtPoMI0r5U+JwFQEWbY3WCcLJ2D4WmvmsN5FBZLkRp8LikU6j8eDZgmSQkgeN Nz+yA7irLi8//vzEDf74PK7htqQDD22hrCKYyKF9PnLRlPqX5tlA6LmE96Q1+nasd5FP A+BuBDcX/P9F/4pG0FQL864jxkPKCepGVJX1G1thDGLQsxz6MJgF5aCYpurg1w2Z7m5d /RiBZTqJhpXZtitQQUep4p1wPQ7xohG13P32XVBGtPc9Md2AykfeEn3aa79PYPP//xLW SIGj4XzBok1z38RlUmyOL1DoM8u/dBsoQ+0KhNLbthd+qAfPG9c8rIkURYgIgOFyajax YZxQ== X-Gm-Message-State: AOJu0Yy0SDBs64ItjRZNvg4ycim9zcW1wR7dUHkCqcTTlHXVYQ1LwKOy Ft1v0LL2C2MKCFe8Z4FajjzgMnIEL+HRJhJmLPBjKagKwui30r6Tbx729Fq+uU18nnLKTlwI/p+ XvhDrzXCIIKF/es43hgUoUbLYFPHpn087 X-Gm-Gg: ASbGncuIcX09hyF6i0JK69gvv+I57PFrJJbw/Flgv9kDrr6fOHJUqVNpa7Ep12mtV2v qUQe170C0l/4mLQwcktiJJ/LJh5Xf8w6XqsaXQ50JUvfoSmCg79SukzrxMMHykMSdMM2NBh1wZQ dioNPk2l0SQ4PDfIdWnxDa1fGfTKioMNTVE4oXeovvDLgNwxZJe7EB/d/O1oUcUh5AUukBEeKTC VvC3us+HaQ5A3eoAyX34t3QKWHF4YHw8cHbXynDmxLayTB66/8ZIKp0eKCpUFOaAeliPlfqvB8G LcZ+kAejIKchTRbULz6H9iDl2FksEzTg4N9H X-Google-Smtp-Source: AGHT+IHDXW1zAiQZSbzVko/VAuDEAWUczlujdcFfiZzbco2O4T9Y5XgiOjX5IzrgZbhzTyfMmf81xLgKLFNE X-Received: by 2002:a05:6602:3e9c:b0:862:fc1e:43c4 with SMTP id ca18e2360f4ac-86497f9bbc7mr697793939f.7.1746084127439; Thu, 01 May 2025 00:22:07 -0700 (PDT) Received: from postal.iol.unh.edu (postal.iol.unh.edu. [132.177.123.84]) by smtp-relay.gmail.com with ESMTPS id ca18e2360f4ac-864aa585c8asm215339f.26.2025.05.01.00.22.07 (version=TLS1_2 cipher=ECDHE-ECDSA-AES128-GCM-SHA256 bits=128/128); Thu, 01 May 2025 00:22:07 -0700 (PDT) X-Relaying-Domain: iol.unh.edu Date: Thu, 01 May 2025 00:22:07 -0700 (PDT) Message-ID: <6813211f.050a0220.4f902.0033SMTPIN_ADDED_MISSING@mx.google.com> Received: from [172.21.0.5] (unknown [172.18.0.240]) by postal.iol.unh.edu (Postfix) with ESMTP id D82286052471; Thu, 1 May 2025 03:22:06 -0400 (EDT) Subject: |FAILURE| [GIT MASTER] 4401486b5e30d43a134f80f9802f60b5f43e74a8 From: dpdklab@iol.unh.edu To: Test Report Cc: dpdk-test-reports@iol.unh.edu, Xueming Li , Christian Ehrhardt , Kevin Traynor , Luca Boccassi Content-Type: text/plain X-BeenThere: test-report@dpdk.org X-Mailman-Version: 2.1.29 Precedence: list List-Id: automatic DPDK test reports List-Unsubscribe: , List-Archive: List-Post: List-Help: List-Subscribe: , Errors-To: test-report-bounces@dpdk.org _Testing issues_ Branch: tags/v22.11 4401486b5e30d43a134f80f9802f60b5f43e74a8 --> testing issues Upstream job id: Generic-Unit-Test-DPDK#334606 Test environment and result as below: +---------------------+----------------+ | Environment | dpdk_unit_test | +=====================+================+ | CentOS Stream 9 | FAIL | +---------------------+----------------+ | Ubuntu 22.04 | FAIL | +---------------------+----------------+ | Ubuntu 24.04 | FAIL | +---------------------+----------------+ | CentOS Stream 10 | FAIL | +---------------------+----------------+ | Debian 12 | FAIL | +---------------------+----------------+ | Fedora 41 | PEND | +---------------------+----------------+ | Fedora 40 | PEND | +---------------------+----------------+ | Fedora 41 (Clang) | FAIL | +---------------------+----------------+ | RHEL8 | FAIL | +---------------------+----------------+ | RHEL9 | FAIL | +---------------------+----------------+ | Fedora 40 (Clang) | PEND | +---------------------+----------------+ | Ubuntu 20.04 | PASS | +---------------------+----------------+ | Windows Server 2022 | FAIL | +---------------------+----------------+ ==== Unit test summary for Windows Server 2022 (dpdk_unit_test): ==== Failed to get the unit test results. Displaying the unit test results is not supported for some environments, such as our aarch32 testing, where meson is not used to run the tests. Download the logs available on our CI site. ==== End log output ==== CentOS Stream 9 Kernel: Depends on container host Compiler: gcc 11.5.0 20240719 (Red Hat 11.5.0-2) Ubuntu 22.04 Kernel: Depends on container host Compiler: gcc (Ubuntu 11.4.0-1ubuntu1~22.04) 11.4.0 Ubuntu 24.04 Kernel: Depends on container host Compiler: gcc (Ubuntu 13.3.0-6ubuntu2~24.04) 13.3.0 CentOS Stream 10 Kernel: Depends on container host Compiler: gcc 14.2.1 20241104 (Red Hat 14.2.1-6) Debian 12 Kernel: Depends on container host Compiler: gcc (Debian 12.2.0-14) 12.2.0 Fedora 41 Kernel: Depends on container host Compiler: gcc 14.2.1 20240912 (Red Hat 14.2.1-3) Fedora 40 Kernel: Depends on container host Compiler: gcc 14.2.1 20240912 (Red Hat 14.2.1-3) Fedora 41 (Clang) Kernel: Depends on container host Compiler: clang 19.1.5 (Fedora 19.1.5-1.fc41) RHEL8 Kernel: Depends on container host Compiler: gcc 8.5.0 20210514 (Red Hat 8.5.0-22) RHEL9 Kernel: Depends on container host Compiler: gcc 11.5.0 20240719 (Red Hat 11.5.0-2) Fedora 40 (Clang) Kernel: Depends on container host Compiler: clang 18.1.8 (Fedora 18.1.8-1.fc40) Ubuntu 20.04 Kernel: Depends on container host Compiler: gcc (Ubuntu 9.4.0-1ubuntu1~20.04.2) 9.4.0 Windows Server 2022 Kernel: 10.0.20348.2031 Compiler: clang 15.0.7, gcc 14.1.0 (MinGW), and MSVC VS 19.39.33521 To view detailed results, visit: https://lab.dpdk.org/results/dashboard/tarballs/33404/ UNH-IOL DPDK Community Lab To manage your email subscriptions, visit: https://lab.dpdk.org/results/dashboard/preferences/subscriptions/