From mboxrd@z Thu Jan 1 00:00:00 1970 Return-Path: Received: from mails.dpdk.org (mails.dpdk.org [217.70.189.124]) by inbox.dpdk.org (Postfix) with ESMTP id CBFE846673 for ; Thu, 1 May 2025 09:28:35 +0200 (CEST) Received: from mails.dpdk.org (localhost [127.0.0.1]) by mails.dpdk.org (Postfix) with ESMTP id 9A7174028E; Thu, 1 May 2025 09:28:35 +0200 (CEST) Received: from mail-pg1-f228.google.com (mail-pg1-f228.google.com [209.85.215.228]) by mails.dpdk.org (Postfix) with ESMTP id C6DF240279 for ; Thu, 1 May 2025 09:28:34 +0200 (CEST) Received: by mail-pg1-f228.google.com with SMTP id 41be03b00d2f7-7fd581c2bf4so555396a12.3 for ; Thu, 01 May 2025 00:28:34 -0700 (PDT) DKIM-Signature: v=1; a=rsa-sha256; c=relaxed/relaxed; d=iol.unh.edu; s=unh-iol; t=1746084513; x=1746689313; darn=dpdk.org; h=cc:to:from:subject:message-id:date:from:to:cc:subject:date :message-id:reply-to; bh=RoBsGNi9eU/jy64P76cs3zYlX3uIZbsv3QkzF/U8bI4=; b=ZzjyW5qDVTDoQGfMOtDSh/jOBPHd+Vav6R553SNVfRO9B9qDxgpsuckD8M/eMOKnRM yzcVRInlHM9kV/NH/6c7WCWDB12ggM752gIbSXubu7w3zQ6ahsHTpmgV803mCnsr4sh3 h4HABsgycp0r5fb24G8hjBfD/k9ZLRzAsMgMc= X-Google-DKIM-Signature: v=1; a=rsa-sha256; c=relaxed/relaxed; d=1e100.net; s=20230601; t=1746084513; x=1746689313; h=cc:to:from:subject:message-id:date:x-gm-message-state:from:to:cc :subject:date:message-id:reply-to; bh=RoBsGNi9eU/jy64P76cs3zYlX3uIZbsv3QkzF/U8bI4=; b=Qw05NxxumDLwfvk8MUqKpx5n4T24WM8+q80gdlT1Ss51Fy00f4BHwGboDOIK96Y1rD km4zVkDNCz9dGtPvxYx9YPjnpbDtxTbYNGDsH97fRa8z/7F1Y1LolvGN7grhWYd0oniq 9PcCFBQFW5LZ2m46WGaZqpwpr1qIuHhT+T6dsGC3WIpGDbSRmpdvSqNuyuBoSlY/06DS 03SPQFSsvMjHYKXceocKzHiNORC0Wd1ZZLLBlewlCuqy3qwdwKEzsWLxDS8j92u9mAjG Z+2GQycUaRdmnWKKrNVdakgMz37DyorLisYmWaWeaAKgm7DSIq4KMDn2lAmMsepRs/kA UeQA== X-Gm-Message-State: AOJu0YxQLLNGeDpB0WwfNNQZdtb9JI/TBI9JXbFxnrzD0qSv9rhZTysm d1mwp8SlkyxoXUguLYaIraIH8Hu3cZ0awuSdoQFpwvXu+Hh5PhMs8Uj+4t4F5LbEW+wVKO32gaT YExxYzPzBNMrIC1PBzP1hrIg8reyBhITkh4fzUaNhDoR8psUb X-Gm-Gg: ASbGncv9oPBWsTbHixg2SnnBDatcf37nZA5ecc1DS6wreg2WmPwcmd7rdcQJIaGATJS WL6gVd42pvwkgmNbf+F0HplghE0AHB8sNy8g0HE8YddimmySQ2dd8laF1v28MR53XRkFVqDadiy K/Nb3xTtx77w1hbE8b6VW36gbBeqXsz18nYYkrsRiscUWBjgvC3hn3DaPVe5raVecpPTgLyBM1Q tB0+F580Yrn8cH+Z+1FUvOGY3duTQUOsiuG8706be+MGIV2FoDMyAvwgYw57eBMxiHPDiTIIBIv hICw2oVAQku2UPlEOOGfyU07ww5hkhcwHjapF0DIlclTyMMs X-Google-Smtp-Source: AGHT+IEnu7HF6iaX6Ps0gIF13kh9AyoFKFThoY5ixoSPnsqNdyUwlnM3QlwRIcHbD+hJFGRljr4Pv73S9UK6 X-Received: by 2002:a17:903:22ce:b0:224:10a2:cae1 with SMTP id d9443c01a7336-22e084489f8mr22330395ad.37.1746084513413; Thu, 01 May 2025 00:28:33 -0700 (PDT) Received: from postal.iol.unh.edu (postal.iol.unh.edu. [2606:4100:3880:1234::84]) by smtp-relay.gmail.com with ESMTPS id d9443c01a7336-22e0be74521sm293285ad.103.2025.05.01.00.28.33 (version=TLS1_2 cipher=ECDHE-ECDSA-AES128-GCM-SHA256 bits=128/128); Thu, 01 May 2025 00:28:33 -0700 (PDT) X-Relaying-Domain: iol.unh.edu Date: Thu, 01 May 2025 00:28:33 -0700 (PDT) Message-ID: <681322a1.170a0220.32f655.034eSMTPIN_ADDED_MISSING@mx.google.com> Received: from [172.21.0.6] (unknown [172.18.0.240]) by postal.iol.unh.edu (Postfix) with ESMTP id BD7046052471; Thu, 1 May 2025 03:28:32 -0400 (EDT) Subject: |FAILURE| [GIT MASTER] 4401486b5e30d43a134f80f9802f60b5f43e74a8 From: dpdklab@iol.unh.edu To: Test Report Cc: dpdk-test-reports@iol.unh.edu, Xueming Li , Christian Ehrhardt , Kevin Traynor , Luca Boccassi Content-Type: text/plain X-BeenThere: test-report@dpdk.org X-Mailman-Version: 2.1.29 Precedence: list List-Id: automatic DPDK test reports List-Unsubscribe: , List-Archive: List-Post: List-Help: List-Subscribe: , Errors-To: test-report-bounces@dpdk.org _Testing issues_ Branch: tags/v22.11 4401486b5e30d43a134f80f9802f60b5f43e74a8 --> testing issues Upstream job id: Generic-Unit-Test-DPDK#334608 Test environment and result as below: +---------------------+----------------+ | Environment | dpdk_unit_test | +=====================+================+ | CentOS Stream 9 | FAIL | +---------------------+----------------+ | Ubuntu 22.04 | FAIL | +---------------------+----------------+ | Ubuntu 24.04 | FAIL | +---------------------+----------------+ | CentOS Stream 10 | FAIL | +---------------------+----------------+ | Debian 12 | FAIL | +---------------------+----------------+ | Fedora 41 | PEND | +---------------------+----------------+ | Fedora 40 | PEND | +---------------------+----------------+ | Fedora 41 (Clang) | FAIL | +---------------------+----------------+ | RHEL8 | FAIL | +---------------------+----------------+ | RHEL9 | FAIL | +---------------------+----------------+ | Fedora 40 (Clang) | FAIL | +---------------------+----------------+ | Ubuntu 20.04 | PASS | +---------------------+----------------+ | Windows Server 2022 | FAIL | +---------------------+----------------+ ==== Unit test summary for Windows Server 2022 (dpdk_unit_test): ==== Failed to get the unit test results. Displaying the unit test results is not supported for some environments, such as our aarch32 testing, where meson is not used to run the tests. Download the logs available on our CI site. ==== End log output ==== CentOS Stream 9 Kernel: Depends on container host Compiler: gcc 11.5.0 20240719 (Red Hat 11.5.0-2) Ubuntu 22.04 Kernel: Depends on container host Compiler: gcc (Ubuntu 11.4.0-1ubuntu1~22.04) 11.4.0 Ubuntu 24.04 Kernel: Depends on container host Compiler: gcc (Ubuntu 13.3.0-6ubuntu2~24.04) 13.3.0 CentOS Stream 10 Kernel: Depends on container host Compiler: gcc 14.2.1 20241104 (Red Hat 14.2.1-6) Debian 12 Kernel: Depends on container host Compiler: gcc (Debian 12.2.0-14) 12.2.0 Fedora 41 Kernel: Depends on container host Compiler: gcc 14.2.1 20240912 (Red Hat 14.2.1-3) Fedora 40 Kernel: Depends on container host Compiler: gcc 14.2.1 20240912 (Red Hat 14.2.1-3) Fedora 41 (Clang) Kernel: Depends on container host Compiler: clang 19.1.5 (Fedora 19.1.5-1.fc41) RHEL8 Kernel: Depends on container host Compiler: gcc 8.5.0 20210514 (Red Hat 8.5.0-22) RHEL9 Kernel: Depends on container host Compiler: gcc 11.5.0 20240719 (Red Hat 11.5.0-2) Fedora 40 (Clang) Kernel: Depends on container host Compiler: clang 18.1.8 (Fedora 18.1.8-1.fc40) Ubuntu 20.04 Kernel: Depends on container host Compiler: gcc (Ubuntu 9.4.0-1ubuntu1~20.04.2) 9.4.0 Windows Server 2022 Kernel: 10.0.20348.2031 Compiler: clang 15.0.7, gcc 14.1.0 (MinGW), and MSVC VS 19.39.33521 To view detailed results, visit: https://lab.dpdk.org/results/dashboard/tarballs/33404/ UNH-IOL DPDK Community Lab To manage your email subscriptions, visit: https://lab.dpdk.org/results/dashboard/preferences/subscriptions/