From mboxrd@z Thu Jan 1 00:00:00 1970 Return-Path: Received: from mails.dpdk.org (mails.dpdk.org [217.70.189.124]) by inbox.dpdk.org (Postfix) with ESMTP id 5BD9046673 for ; Thu, 1 May 2025 09:34:52 +0200 (CEST) Received: from mails.dpdk.org (localhost [127.0.0.1]) by mails.dpdk.org (Postfix) with ESMTP id 2BE7B4028E; Thu, 1 May 2025 09:34:52 +0200 (CEST) Received: from mail-io1-f100.google.com (mail-io1-f100.google.com [209.85.166.100]) by mails.dpdk.org (Postfix) with ESMTP id 3B89740279 for ; Thu, 1 May 2025 09:34:51 +0200 (CEST) Received: by mail-io1-f100.google.com with SMTP id ca18e2360f4ac-85e751cffbeso63552039f.0 for ; Thu, 01 May 2025 00:34:51 -0700 (PDT) DKIM-Signature: v=1; a=rsa-sha256; c=relaxed/relaxed; d=iol.unh.edu; s=unh-iol; t=1746084890; x=1746689690; darn=dpdk.org; h=cc:to:from:subject:message-id:date:from:to:cc:subject:date :message-id:reply-to; bh=ZHI8nMB+VPTsiaWkOv9rqw4Sio1CAfxIRG80lK+8D5I=; b=avIXyrpiZESdQG/KnQxXW511V7XzCwr9FjW4xNSGVduKgS7xb93mwRPgnzZARB1kp2 1a0p0EPB7g1VtNpPZnAVcl3Kv9xTYJRIyRN4zMbKZ2af0wof5LwbB6fgqFJA7IFbTGFR gtdzIkAYRq/K4RmXxamt/KbsRtdhkItPVbRHM= X-Google-DKIM-Signature: v=1; a=rsa-sha256; c=relaxed/relaxed; d=1e100.net; s=20230601; t=1746084890; x=1746689690; h=cc:to:from:subject:message-id:date:x-gm-message-state:from:to:cc :subject:date:message-id:reply-to; bh=ZHI8nMB+VPTsiaWkOv9rqw4Sio1CAfxIRG80lK+8D5I=; b=mcnjPpLeEcStdhGI99q2PgZRboDVLxPI/vjzfXrCPZiceqs/SJt+wEYrfdxjGAvbwC qN35j1UdOSS8RAFxaJrq8REDcUm52Bb85c8IuS8qqhOzynEzHOWvBhyu2JuSTEj2rKl1 vDtsUbNcpXGIOHtyjvpIcQXSWuPhjRJ1KOIamyqUO7DQhzx5CfJMaF0fvZXXCs/xrEAl Iv3S8Ro2Ic2avgWFKny9Gm8WccTafkl4SII4oh+NajfWSILhhTDTfHLFEvbkrzvRz2xL EXtglQon/SUXPYQQl3NkBfSdi3JhwCTRwHyHOmT5oArsYr5nWTsGoaUHY0hYG+HWN3j/ yZ2g== X-Gm-Message-State: AOJu0YxUiz4tvVlBXS6gFPQEkWoRm7Gb55z1gNOPxlISPLSb3ftU9sGw Xq/JV6X2d9g0fDyT7QoKoEmLGKheMtMYTDY9jtffSLKAxL48MJ1Qdft5oA1/Z4NHOIArAg1LFXt d7y8VGc1i3eI6pN1kensMHChvxj9XmRGCqmO8k2zp2FzZQ4/C X-Gm-Gg: ASbGncvfVM5AMTb8bIaRnRW+rmNwrkXzn8pmIfmWaaV26ZILJ0gxFRToPSrLUPyHDu6 L1kXfWF97sc74SavG4VbB98/LeFn4WWRxYQRAmN8NFvUsz0MD/koVdyiJ80Y5gWUA6NWdGQyvk+ 4ftd7T5GgDTIK889xZei9580Rt7fQe97oFirpQEHcSEe6FjuZxczP6cEWg7hlVSphb174Uv7UZ5 7HMiVoSaTMGjuBfQd73dUJIBTsSn9ovrht0iprsMVaov0icOvBE59AtT7GhjeaXM9HgTl/m5Lvl QrtND/lFD84BAAG8olR3OuAxUV2oo4/vZRbsrBo2/hXamb9y X-Google-Smtp-Source: AGHT+IEcCbHSUatEN26ISgXi8pym6b3pKHCuhKqRL/3LXCu1cadNN935gL+cW6bDFotjl8Jl1gSKEUbfjpQ7 X-Received: by 2002:a05:6e02:1564:b0:3d9:24a7:db17 with SMTP id e9e14a558f8ab-3d967fafc5fmr61356295ab.7.1746084890251; Thu, 01 May 2025 00:34:50 -0700 (PDT) Received: from postal.iol.unh.edu (postal.iol.unh.edu. [2606:4100:3880:1234::84]) by smtp-relay.gmail.com with ESMTPS id 8926c6da1cb9f-4f883015f53sm74124173.72.2025.05.01.00.34.50 (version=TLS1_2 cipher=ECDHE-ECDSA-AES128-GCM-SHA256 bits=128/128); Thu, 01 May 2025 00:34:50 -0700 (PDT) X-Relaying-Domain: iol.unh.edu Date: Thu, 01 May 2025 00:34:50 -0700 (PDT) Message-ID: <6813241a.050a0220.1d5729.0796SMTPIN_ADDED_MISSING@mx.google.com> Received: from [172.21.0.5] (unknown [172.18.0.240]) by postal.iol.unh.edu (Postfix) with ESMTP id A24476052471; Thu, 1 May 2025 03:34:49 -0400 (EDT) Subject: |FAILURE| [GIT MASTER] 4401486b5e30d43a134f80f9802f60b5f43e74a8 From: dpdklab@iol.unh.edu To: Test Report Cc: dpdk-test-reports@iol.unh.edu, Xueming Li , Christian Ehrhardt , Kevin Traynor , Luca Boccassi Content-Type: text/plain X-BeenThere: test-report@dpdk.org X-Mailman-Version: 2.1.29 Precedence: list List-Id: automatic DPDK test reports List-Unsubscribe: , List-Archive: List-Post: List-Help: List-Subscribe: , Errors-To: test-report-bounces@dpdk.org _Testing issues_ Branch: tags/v22.11 4401486b5e30d43a134f80f9802f60b5f43e74a8 --> testing issues Upstream job id: Generic-Unit-Test-DPDK#334616 Test environment and result as below: +---------------------+----------------+ | Environment | dpdk_unit_test | +=====================+================+ | CentOS Stream 9 | FAIL | +---------------------+----------------+ | Ubuntu 22.04 | FAIL | +---------------------+----------------+ | Ubuntu 24.04 | FAIL | +---------------------+----------------+ | CentOS Stream 10 | FAIL | +---------------------+----------------+ | Debian 12 | FAIL | +---------------------+----------------+ | Fedora 41 | PEND | +---------------------+----------------+ | Fedora 40 | PEND | +---------------------+----------------+ | Fedora 41 (Clang) | FAIL | +---------------------+----------------+ | RHEL8 | FAIL | +---------------------+----------------+ | RHEL9 | FAIL | +---------------------+----------------+ | Fedora 40 (Clang) | FAIL | +---------------------+----------------+ | Ubuntu 20.04 | PASS | +---------------------+----------------+ | Windows Server 2022 | FAIL | +---------------------+----------------+ ==== Unit test summary for Windows Server 2022 (dpdk_unit_test): ==== Failed to get the unit test results. Displaying the unit test results is not supported for some environments, such as our aarch32 testing, where meson is not used to run the tests. Download the logs available on our CI site. ==== End log output ==== CentOS Stream 9 Kernel: Depends on container host Compiler: gcc 11.5.0 20240719 (Red Hat 11.5.0-2) Ubuntu 22.04 Kernel: Depends on container host Compiler: gcc (Ubuntu 11.4.0-1ubuntu1~22.04) 11.4.0 Ubuntu 24.04 Kernel: Depends on container host Compiler: gcc (Ubuntu 13.3.0-6ubuntu2~24.04) 13.3.0 CentOS Stream 10 Kernel: Depends on container host Compiler: gcc 14.2.1 20241104 (Red Hat 14.2.1-6) Debian 12 Kernel: Depends on container host Compiler: gcc (Debian 12.2.0-14) 12.2.0 Fedora 41 Kernel: Depends on container host Compiler: gcc 14.2.1 20240912 (Red Hat 14.2.1-3) Fedora 40 Kernel: Depends on container host Compiler: gcc 14.2.1 20240912 (Red Hat 14.2.1-3) Fedora 41 (Clang) Kernel: Depends on container host Compiler: clang 19.1.5 (Fedora 19.1.5-1.fc41) RHEL8 Kernel: Depends on container host Compiler: gcc 8.5.0 20210514 (Red Hat 8.5.0-22) RHEL9 Kernel: Depends on container host Compiler: gcc 11.5.0 20240719 (Red Hat 11.5.0-2) Fedora 40 (Clang) Kernel: Depends on container host Compiler: clang 18.1.8 (Fedora 18.1.8-1.fc40) Ubuntu 20.04 Kernel: Depends on container host Compiler: gcc (Ubuntu 9.4.0-1ubuntu1~20.04.2) 9.4.0 Windows Server 2022 Kernel: 10.0.20348.2031 Compiler: clang 15.0.7, gcc 14.1.0 (MinGW), and MSVC VS 19.39.33521 To view detailed results, visit: https://lab.dpdk.org/results/dashboard/tarballs/33404/ UNH-IOL DPDK Community Lab To manage your email subscriptions, visit: https://lab.dpdk.org/results/dashboard/preferences/subscriptions/