From mboxrd@z Thu Jan 1 00:00:00 1970 Return-Path: Received: from mails.dpdk.org (mails.dpdk.org [217.70.189.124]) by inbox.dpdk.org (Postfix) with ESMTP id 56C1846673 for ; Thu, 1 May 2025 09:44:06 +0200 (CEST) Received: from mails.dpdk.org (localhost [127.0.0.1]) by mails.dpdk.org (Postfix) with ESMTP id 1ADCC4028E; Thu, 1 May 2025 09:44:06 +0200 (CEST) Received: from mail-io1-f99.google.com (mail-io1-f99.google.com [209.85.166.99]) by mails.dpdk.org (Postfix) with ESMTP id 2D87B40279 for ; Thu, 1 May 2025 09:44:05 +0200 (CEST) Received: by mail-io1-f99.google.com with SMTP id ca18e2360f4ac-86135ae2a29so72427439f.2 for ; Thu, 01 May 2025 00:44:05 -0700 (PDT) DKIM-Signature: v=1; a=rsa-sha256; c=relaxed/relaxed; d=iol.unh.edu; s=unh-iol; t=1746085444; x=1746690244; darn=dpdk.org; h=cc:to:from:subject:message-id:date:from:to:cc:subject:date :message-id:reply-to; bh=KuaD2P9rlY1VUobckB2yomYK31dUdXQj3aSi2HvsQBc=; b=ZBLMxO8yFf19bwf+cNe6NBnUQsn8YAZ+K7v63RbaWHKUkhUDGcbT5jKhR7kI0m449H T2U7Qivnq8xBB/VeOjtwZGAF3zU6M9dNGSaiB9tIZ0VACPOsbCUKMICGm2DT77f2m7gq tIa93y8gBPgNlMjfWy983ggho2hwzERNePbQ0= X-Google-DKIM-Signature: v=1; a=rsa-sha256; c=relaxed/relaxed; d=1e100.net; s=20230601; t=1746085444; x=1746690244; h=cc:to:from:subject:message-id:date:x-gm-message-state:from:to:cc :subject:date:message-id:reply-to; bh=KuaD2P9rlY1VUobckB2yomYK31dUdXQj3aSi2HvsQBc=; b=s+37x/bXcQmGybFbZqytDIrIxAdY3ChUSxpnBlipGnE3WXvGB4u5tjrkDTqKmKsMuc +BiYRoG/nIuhm2bSDgPUUA71hOg6L5fsSIun12N7RuuI/eqyNYosfNkNA7Pt8H+LIJij WnYwOjmLhz0VY4lziGlEkqlfhFKnyIm44i+mh7usFIg7dekK4Wo+SM7KKSPjWryANfSq wy7Vpt2yVapp6rVaRKd3wRhpjeBXPGqTceBETsj5uhOQV6CRHM7fHcx6qSG+5rcK6ILk jX5iS8dpzbqjdPuXdBcZDK41uWmhmTTTQqjWVIc4hMC1LOiLtJvEP3mvX+xxYyes2NG0 EIrA== X-Gm-Message-State: AOJu0YwKGikWPNvWvb2dwXlu/mBPHtNlmY56jaJMoJyrJ2FUsugNbSc5 DwMx8ovlscMceDLyvV6HQc6BjagSqvXFKTYq+01FInF64/7r2cof09lFZlP90PcRrHj+FCBVPtz xM+2KMAKTSUgQYcIHPKNz1vyDXQ/S7iZe X-Gm-Gg: ASbGncuNatoZTkCgpoF2pcKdwXR4Csf3EtCDaQGEL+WvA+BCesWuiaoE9csAwVqojdB ltcLHZC42kh8EZEngpqN87VHj/R1X0qPWwpbKeajM3wMjOFy8n/nlmS0vjRmJu+/2YgF9Qocom4 BuH3c3hJPTd0lfbak+LZ0/Kvpv2Sg4PMI/ui/zlZQLBQsMaGjwd5fNqSZcPDDloF0ZOry9Jteok 7kSNoDGeoNLLxSWCicRcZj57mPq/JHs+ALSq2OTARC+rQ+CmJ5cSWK8rWyFmp8KNMmADQcN6prw cUNvJyrxqBdd4v6xDsUSXkkAdFpwdrEEeOSJ X-Google-Smtp-Source: AGHT+IFwJteyYk/T/KzYClotG0Cz0JOySggwjmCEUIN8/23/Awx3gS9ruEM9o8koQBtD1ShjFrJqBzJFImRd X-Received: by 2002:a05:6e02:1a41:b0:3d8:20f0:4006 with SMTP id e9e14a558f8ab-3d967fa3d6amr64610445ab.4.1746085444390; Thu, 01 May 2025 00:44:04 -0700 (PDT) Received: from postal.iol.unh.edu (postal.iol.unh.edu. [132.177.123.84]) by smtp-relay.gmail.com with ESMTPS id e9e14a558f8ab-3d97607660dsm316295ab.69.2025.05.01.00.44.04 (version=TLS1_2 cipher=ECDHE-ECDSA-AES128-GCM-SHA256 bits=128/128); Thu, 01 May 2025 00:44:04 -0700 (PDT) X-Relaying-Domain: iol.unh.edu Date: Thu, 01 May 2025 00:44:04 -0700 (PDT) Message-ID: <68132644.050a0220.b8a03.034eSMTPIN_ADDED_MISSING@mx.google.com> Received: from [172.21.0.6] (unknown [172.18.0.240]) by postal.iol.unh.edu (Postfix) with ESMTP id EDC596052471; Thu, 1 May 2025 03:44:03 -0400 (EDT) Subject: |FAILURE| [GIT MASTER] 4401486b5e30d43a134f80f9802f60b5f43e74a8 From: dpdklab@iol.unh.edu To: Test Report Cc: dpdk-test-reports@iol.unh.edu, Xueming Li , Christian Ehrhardt , Kevin Traynor , Luca Boccassi Content-Type: text/plain X-BeenThere: test-report@dpdk.org X-Mailman-Version: 2.1.29 Precedence: list List-Id: automatic DPDK test reports List-Unsubscribe: , List-Archive: List-Post: List-Help: List-Subscribe: , Errors-To: test-report-bounces@dpdk.org _Testing issues_ Branch: tags/v22.11 4401486b5e30d43a134f80f9802f60b5f43e74a8 --> testing issues Upstream job id: Generic-Unit-Test-DPDK#334609 Test environment and result as below: +---------------------+----------------+ | Environment | dpdk_unit_test | +=====================+================+ | CentOS Stream 9 | FAIL | +---------------------+----------------+ | Ubuntu 22.04 | FAIL | +---------------------+----------------+ | Ubuntu 24.04 | FAIL | +---------------------+----------------+ | CentOS Stream 10 | FAIL | +---------------------+----------------+ | Debian 12 | FAIL | +---------------------+----------------+ | Fedora 41 | FAIL | +---------------------+----------------+ | Fedora 40 | PEND | +---------------------+----------------+ | Fedora 41 (Clang) | FAIL | +---------------------+----------------+ | RHEL8 | FAIL | +---------------------+----------------+ | RHEL9 | FAIL | +---------------------+----------------+ | Fedora 40 (Clang) | FAIL | +---------------------+----------------+ | Ubuntu 20.04 | PASS | +---------------------+----------------+ | Windows Server 2022 | FAIL | +---------------------+----------------+ ==== Unit test summary for Windows Server 2022 (dpdk_unit_test): ==== Failed to get the unit test results. Displaying the unit test results is not supported for some environments, such as our aarch32 testing, where meson is not used to run the tests. Download the logs available on our CI site. ==== End log output ==== CentOS Stream 9 Kernel: Depends on container host Compiler: gcc 11.5.0 20240719 (Red Hat 11.5.0-2) Ubuntu 22.04 Kernel: Depends on container host Compiler: gcc (Ubuntu 11.4.0-1ubuntu1~22.04) 11.4.0 Ubuntu 24.04 Kernel: Depends on container host Compiler: gcc (Ubuntu 13.3.0-6ubuntu2~24.04) 13.3.0 CentOS Stream 10 Kernel: Depends on container host Compiler: gcc 14.2.1 20241104 (Red Hat 14.2.1-6) Debian 12 Kernel: Depends on container host Compiler: gcc (Debian 12.2.0-14) 12.2.0 Fedora 41 Kernel: Depends on container host Compiler: gcc 14.2.1 20240912 (Red Hat 14.2.1-3) Fedora 40 Kernel: Depends on container host Compiler: gcc 14.2.1 20240912 (Red Hat 14.2.1-3) Fedora 41 (Clang) Kernel: Depends on container host Compiler: clang 19.1.5 (Fedora 19.1.5-1.fc41) RHEL8 Kernel: Depends on container host Compiler: gcc 8.5.0 20210514 (Red Hat 8.5.0-22) RHEL9 Kernel: Depends on container host Compiler: gcc 11.5.0 20240719 (Red Hat 11.5.0-2) Fedora 40 (Clang) Kernel: Depends on container host Compiler: clang 18.1.8 (Fedora 18.1.8-1.fc40) Ubuntu 20.04 Kernel: Depends on container host Compiler: gcc (Ubuntu 9.4.0-1ubuntu1~20.04.2) 9.4.0 Windows Server 2022 Kernel: 10.0.20348.2031 Compiler: clang 15.0.7, gcc 14.1.0 (MinGW), and MSVC VS 19.39.33521 To view detailed results, visit: https://lab.dpdk.org/results/dashboard/tarballs/33404/ UNH-IOL DPDK Community Lab To manage your email subscriptions, visit: https://lab.dpdk.org/results/dashboard/preferences/subscriptions/