From mboxrd@z Thu Jan 1 00:00:00 1970 Return-Path: Received: from mails.dpdk.org (mails.dpdk.org [217.70.189.124]) by inbox.dpdk.org (Postfix) with ESMTP id 2ADE346664 for ; Fri, 2 May 2025 03:12:00 +0200 (CEST) Received: from mails.dpdk.org (localhost [127.0.0.1]) by mails.dpdk.org (Postfix) with ESMTP id 1893D402A4; Fri, 2 May 2025 03:12:00 +0200 (CEST) Received: from mail-pl1-f225.google.com (mail-pl1-f225.google.com [209.85.214.225]) by mails.dpdk.org (Postfix) with ESMTP id 03A464029E for ; Fri, 2 May 2025 03:11:58 +0200 (CEST) Received: by mail-pl1-f225.google.com with SMTP id d9443c01a7336-22438c356c8so15431755ad.1 for ; Thu, 01 May 2025 18:11:57 -0700 (PDT) DKIM-Signature: v=1; a=rsa-sha256; c=relaxed/relaxed; d=iol.unh.edu; s=unh-iol; t=1746148317; x=1746753117; darn=dpdk.org; h=cc:to:from:subject:message-id:date:from:to:cc:subject:date :message-id:reply-to; bh=6YrYMgmWroUwQhyk8eMIfxaCZp8gXniqwE/Uq8evYGE=; b=Vtjo6sdpXk6cCFVDpx4FPDHg3EOGhOelazvtMYxExwOSWEPfswfQLjM17tkdTT9NDX 7+FJnksxlrFICK+CWVi69AneAkWnoZXd7OHfuFF+xpPiRRkHP8Xd7Nfz/hZgMen9yiiU v7Am7Jk5ciYEeTMQdj6K739zhMcUyuELdXdC4= X-Google-DKIM-Signature: v=1; a=rsa-sha256; c=relaxed/relaxed; d=1e100.net; s=20230601; t=1746148317; x=1746753117; h=cc:to:from:subject:message-id:date:x-gm-message-state:from:to:cc :subject:date:message-id:reply-to; bh=6YrYMgmWroUwQhyk8eMIfxaCZp8gXniqwE/Uq8evYGE=; b=ZKCnD+KqRr1FuCIbN9J4bs7M3+AxxkIOGFIpPEA5ePlSyus2adqhhKGVCia5vkbt6A 8kxykA2c/gO2sL7Qi+Expd4rP7obMyVQfdVNOt3z95rLRPDA82bJVlt/kx9ho55rYzkR ZdHAAhOarJcnwPHtN7vgjFlWRgRk3xC/d1OcW1oIYQ3S9S5YHtmWvX+NsumMauwc0lSA vNY1qZKlp1o9Hb1tr1IyzAbbKh3ciT4FIrkM81QnaQSXKOr2uIErXDvgFI2q9mBDlj3Y pAY1MUJKviUWOXqGQm2J1ZI/q4Q8yHj+5cyLzmdytGs/U7S/ZXH+GL8w3s+fdyhoCWC3 iXxA== X-Gm-Message-State: AOJu0YyTWFpTScjw8D8BA+NoX8r0i2BvGFTNioO9QbeLSUc2d/5kIiWM GYIWJPtXev2l2nn2+mYLKcsK3UjkGhZnB3F6eVbo+nWZCCqvCjmIwKXRTt1Zjt6EDTJAZU1hjOj HiN6RzrBqWj6zAfdwna6kw1pLAE23uHicYJEiUSmn0+8Ajpki310Z1qEV X-Gm-Gg: ASbGnctT+2PvDY/opI6EPfQ0PYnIO4nCtq0zgZb2GTFh4m3avcD9THGSIkGzIxvr+8R TBguFbBAlghs1hdkgEnMgikOuPxm3psAZ/qAPB6EYAma7OmTQeS9/3wIucr7WOdgbf36DjKi6mm eFxOJELT5RdeDQmc0idkDuZm1xC7Cp1g6xfArtiNLQIgYa3ObLxxR0XozmkzBLy2DlYHDam1FL2 HHJobYBxipPsCpysFxagKFH3+JIWGPwOTVaLZ5jgpNkDLgqHqADXk4q+VKWMRczmT1jFWbYl338 I9IG5UNcDMzgvxlof5rpRJoU0fD0JXztpKGI X-Google-Smtp-Source: AGHT+IGex1jybawO1adCPHVp7+iQ1rQXAU+VxSeWLRAfzpSkbeqWKmouxy+4oFd0dc7Rw4TFbmwO9mJtA4XX X-Received: by 2002:a17:903:2448:b0:223:4bd6:3863 with SMTP id d9443c01a7336-22e103113a0mr17818615ad.10.1746148316894; Thu, 01 May 2025 18:11:56 -0700 (PDT) Received: from postal.iol.unh.edu (postal.iol.unh.edu. [2606:4100:3880:1234::84]) by smtp-relay.gmail.com with ESMTPS id d9443c01a7336-22e1095874fsm1343515ad.125.2025.05.01.18.11.56 (version=TLS1_2 cipher=ECDHE-ECDSA-AES128-GCM-SHA256 bits=128/128); Thu, 01 May 2025 18:11:56 -0700 (PDT) X-Relaying-Domain: iol.unh.edu Date: Thu, 01 May 2025 18:11:56 -0700 (PDT) Message-ID: <68141bdc.170a0220.c767b.14d8SMTPIN_ADDED_MISSING@mx.google.com> Received: from [172.21.0.5] (unknown [172.18.0.240]) by postal.iol.unh.edu (Postfix) with ESMTP id 230096052471; Thu, 1 May 2025 21:11:56 -0400 (EDT) Subject: |FAILURE| [GIT MASTER] ca1690ebd224f148268285b15b97441ccdbdd07e From: dpdklab@iol.unh.edu To: Test Report Cc: dpdk-test-reports@iol.unh.edu Content-Type: text/plain X-BeenThere: test-report@dpdk.org X-Mailman-Version: 2.1.29 Precedence: list List-Id: automatic DPDK test reports List-Unsubscribe: , List-Archive: List-Post: List-Help: List-Subscribe: , Errors-To: test-report-bounces@dpdk.org _Testing issues_ Branch: dpdk ca1690ebd224f148268285b15b97441ccdbdd07e --> testing issues Upstream job id: Generic-Unit-Test-DPDK#334696 Test environment and result as below: +------------------------+---------------------------+------------------------------+--------------+----------------+ | Environment | cryptodev_sw_zuc_autotest | cryptodev_sw_snow3g_autotest | lpm_autotest | dpdk_unit_test | +========================+===========================+==============================+==============+================+ | Debian 12 (arm) | PASS | PASS | SKIPPED | PASS | +------------------------+---------------------------+------------------------------+--------------+----------------+ | Ubuntu 20.04 ARM SVE | SKIPPED | SKIPPED | PASS | SKIPPED | +------------------------+---------------------------+------------------------------+--------------+----------------+ | CentOS Stream 9 (ARM) | SKIPPED | SKIPPED | SKIPPED | FAIL | +------------------------+---------------------------+------------------------------+--------------+----------------+ | CentOS Stream 10 (ARM) | SKIPPED | SKIPPED | SKIPPED | PASS | +------------------------+---------------------------+------------------------------+--------------+----------------+ | Fedora 40 (ARM) | SKIPPED | SKIPPED | SKIPPED | PASS | +------------------------+---------------------------+------------------------------+--------------+----------------+ | Fedora 41 (ARM Clang) | SKIPPED | SKIPPED | SKIPPED | PASS | +------------------------+---------------------------+------------------------------+--------------+----------------+ | RHEL9 (ARM) | SKIPPED | SKIPPED | SKIPPED | PASS | +------------------------+---------------------------+------------------------------+--------------+----------------+ | Ubuntu 24.04 (ARM) | SKIPPED | SKIPPED | SKIPPED | PASS | +------------------------+---------------------------+------------------------------+--------------+----------------+ | Fedora 40 (ARM Clang) | SKIPPED | SKIPPED | SKIPPED | PASS | +------------------------+---------------------------+------------------------------+--------------+----------------+ | Fedora 41 (ARM) | SKIPPED | SKIPPED | SKIPPED | PASS | +------------------------+---------------------------+------------------------------+--------------+----------------+ | Ubuntu 22.04 (ARM) | SKIPPED | SKIPPED | SKIPPED | PASS | +------------------------+---------------------------+------------------------------+--------------+----------------+ | Ubuntu 20.04 (ARM) | SKIPPED | SKIPPED | SKIPPED | PASS | +------------------------+---------------------------+------------------------------+--------------+----------------+ ==== Unit test summary for CentOS Stream 9 (ARM) (dpdk_unit_test): ==== ninja: Entering directory `/home-local/jenkins-local/jenkins-agent/workspace/Generic-Unit-Test-DPDK/dpdk/build' ninja: no work to do. 1/119 DPDK:fast-tests / acl_autotest OK 5.72s 2/119 DPDK:fast-tests / alarm_autotest OK 1.17s 3/119 DPDK:fast-tests / argparse_autotest OK 0.17s 4/119 DPDK:fast-tests / atomic_autotest OK 4.78s 5/119 DPDK:fast-tests / bitcount_autotest OK 0.19s 6/119 DPDK:fast-tests / bitmap_autotest OK 0.17s 7/119 DPDK:fast-tests / bitops_autotest OK 1.69s 8/119 DPDK:fast-tests / bitratestats_autotest OK 0.17s 9/119 DPDK:fast-tests / bitset_autotest OK 2.67s 10/119 DPDK:fast-tests / bpf_autotest OK 0.17s 11/119 DPDK:fast-tests / bpf_convert_autotest OK 0.18s 12/119 DPDK:fast-tests / byteorder_autotest OK 0.16s 13/119 DPDK:fast-tests / cfgfile_autotest OK 0.17s 14/119 DPDK:fast-tests / cksum_autotest OK 0.17s 15/119 DPDK:fast-tests / cmdline_autotest OK 0.16s 16/119 DPDK:fast-tests / common_autotest OK 0.91s 17/119 DPDK:fast-tests / compressdev_autotest SKIP 0.09s exit status 77 18/119 DPDK:fast-tests / cpuflags_autotest OK 0.18s 19/119 DPDK:fast-tests / crc_autotest OK 0.16s 20/119 DPDK:fast-tests / user_delay_us OK 0.16s 21/119 DPDK:fast-tests / debug_autotest OK 0.92s 22/119 DPDK:fast-tests / devargs_autotest OK 0.16s 23/119 DPDK:fast-tests / dispatcher_autotest OK 2.42s 24/119 DPDK:fast-tests / distributor_autotest OK 0.82s 25/119 DPDK:fast-tests / eal_flags_c_opt_autotest OK 1.76s 26/119 DPDK:fast-tests / eal_flags_main_opt_autotest OK 0.46s 27/119 DPDK:fast-tests / eal_flags_n_opt_autotest OK 0.42s 28/119 DPDK:fast-tests / eal_flags_hpet_autotest OK 0.23s 29/119 DPDK:fast-tests / eal_flags_no_huge_autotest OK 0.47s 30/119 DPDK:fast-tests / eal_flags_a_opt_autotest OK 0.67s 31/119 DPDK:fast-tests / eal_flags_b_opt_autotest OK 0.55s 32/119 DPDK:fast-tests / eal_flags_vdev_opt_autotest OK 0.41s 33/119 DPDK:fast-tests / eal_flags_r_opt_autotest OK 0.41s 34/119 DPDK:fast-tests / eal_flags_mem_autotest OK 0.63s 35/119 DPDK:fast-tests / eal_flags_file_prefix_autotest OK 1.89s 36/119 DPDK:fast-tests / eal_flags_misc_autotest FAIL 1.15s (exit status 255 or signal 127 SIGinvalid) >>> MALLOC_PERTURB_=143 DPDK_TEST=eal_flags_misc_autotest /home-local/jenkins-local/jenkins-agent/workspace/Generic-Unit-Test-DPDK/dpdk/build/app/dpdk-test 37/119 DPDK:fast-tests / eal_fs_autotest OK 0.22s 38/119 DPDK:fast-tests / errno_autotest OK 0.19s 39/119 DPDK:fast-tests / ethdev_link_status OK 0.17s 40/119 DPDK:fast-tests / event_eth_tx_adapter_autotest OK 1.29s 41/119 DPDK:fast-tests / event_ring_autotest OK 0.20s 42/119 DPDK:fast-tests / eventdev_common_autotest OK 0.23s 43/119 DPDK:fast-tests / eventdev_selftest_sw OK 7.20s 44/119 DPDK:fast-tests / fbarray_autotest OK 0.17s 45/119 DPDK:fast-tests / fib_autotest OK 1.27s 46/119 DPDK:fast-tests / fib6_autotest OK 0.92s 47/119 DPDK:fast-tests / func_reentrancy_autotest OK 1.06s 48/119 DPDK:fast-tests / graph_autotest OK 0.19s 49/119 DPDK:fast-tests / node_list_dump OK 0.17s 50/119 DPDK:fast-tests / hash_autotest OK 0.52s 51/119 DPDK:fast-tests / hash_readwrite_func_autotest OK 9.71s 52/119 DPDK:fast-tests / interrupt_autotest OK 1.20s 53/119 DPDK:fast-tests / ipfrag_autotest OK 0.10s 54/119 DPDK:fast-tests / ipsec_autotest SKIP 0.19s exit status 77 55/119 DPDK:fast-tests / kvargs_autotest OK 0.17s 56/119 DPDK:fast-tests / latencystats_autotest OK 0.17s 57/119 DPDK:fast-tests / lcore_var_autotest OK 0.70s 58/119 DPDK:fast-tests / lcores_autotest OK 4.21s 59/119 DPDK:fast-tests / logs_autotest OK 0.17s 60/119 DPDK:fast-tests / lpm_autotest OK 1.82s 61/119 DPDK:fast-tests / lpm6_autotest OK 5.28s 62/119 DPDK:fast-tests / malloc_autotest OK 0.52s 63/119 DPDK:fast-tests / mbuf_autotest OK 2.84s 64/119 DPDK:fast-tests / mcslock_autotest OK 0.88s 65/119 DPDK:fast-tests / member_autotest OK 1.47s 66/119 DPDK:fast-tests / memcpy_autotest OK 6.45s 67/119 DPDK:fast-tests / memory_autotest OK 0.10s 68/119 DPDK:fast-tests / mempool_autotest OK 0.52s 69/119 DPDK:fast-tests / memzone_autotest OK 0.11s 70/119 DPDK:fast-tests / meter_autotest OK 0.19s 71/119 DPDK:fast-tests / metrics_autotest OK 0.20s 72/119 DPDK:fast-tests / multiprocess_autotest OK 0.44s 73/119 DPDK:fast-tests / net_ether_autotest OK 1.17s 74/119 DPDK:fast-tests / net_ipv6_autotest OK 0.17s 75/119 DPDK:fast-tests / pcapng_autotest OK 6.12s 76/119 DPDK:fast-tests / pdcp_autotest SKIP 0.09s exit status 77 77/119 DPDK:fast-tests / pdump_autotest OK 0.44s 78/119 DPDK:fast-tests / per_lcore_autotest OK 0.26s 79/119 DPDK:fast-tests / pflock_autotest OK 0.52s 80/119 DPDK:fast-tests / pie_autotest OK 0.16s 81/119 DPDK:fast-tests / ring_pmd_autotest OK 0.17s 82/119 DPDK:fast-tests / power_autotest OK 0.19s 83/119 DPDK:fast-tests / power_cpufreq_autotest SKIP 0.09s exit status 77 84/119 DPDK:fast-tests / power_intel_uncore_autotest SKIP 0.22s exit status 77 85/119 DPDK:fast-tests / power_kvm_vm_autotest SKIP 0.09s exit status 77 86/119 DPDK:fast-tests / prefetch_autotest OK 0.22s 87/119 DPDK:fast-tests / ptr_compress_autotest OK 0.16s 88/119 DPDK:fast-tests / rawdev_autotest OK 0.19s 89/119 DPDK:fast-tests / rcu_qsbr_autotest OK 0.64s 90/119 DPDK:fast-tests / reorder_autotest OK 0.43s 91/119 DPDK:fast-tests / rib_autotest OK 4.33s 92/119 DPDK:fast-tests / rib6_autotest OK 4.41s 93/119 DPDK:fast-tests / ring_autotest OK 0.20s 94/119 DPDK:fast-tests / rwlock_test1_autotest OK 0.49s 95/119 DPDK:fast-tests / rwlock_rda_autotest OK 5.17s 96/119 DPDK:fast-tests / rwlock_rds_wrm_autotest OK 5.16s 97/119 DPDK:fast-tests / rwlock_rde_wro_autotest OK 5.21s 98/119 DPDK:fast-tests / sched_autotest OK 0.18s 99/119 DPDK:fast-tests / security_autotest OK 0.09s 100/119 DPDK:fast-tests / seqlock_autotest OK 2.23s 101/119 DPDK:fast-tests / service_autotest OK 2.87s 102/119 DPDK:fast-tests / soring_autotest OK 0.20s 103/119 DPDK:fast-tests / spinlock_autotest OK 0.20s 104/119 DPDK:fast-tests / stack_autotest OK 0.33s 105/119 DPDK:fast-tests / stack_lf_autotest OK 0.33s 106/119 DPDK:fast-tests / string_autotest OK 0.18s 107/119 DPDK:fast-tests / table_autotest OK 7.35s 108/119 DPDK:fast-tests / tailq_autotest OK 0.23s 109/119 DPDK:fast-tests / telemetry_data_autotest OK 0.19s 110/119 DPDK:fast-tests / telemetry_json_autotest OK 0.16s 111/119 DPDK:fast-tests / thash_autotest OK 0.18s 112/119 DPDK:fast-tests / threads_autotest OK 0.33s 113/119 DPDK:fast-tests / ticketlock_autotest OK 0.20s 114/119 DPDK:fast-tests / timer_autotest OK 2.84s 115/119 DPDK:fast-tests / trace_autotest OK 0.19s 116/119 DPDK:fast-tests / trace_autotest_with_traces OK 0.18s 117/119 DPDK:fast-tests / vdev_autotest OK 0.17s 118/119 DPDK:fast-tests / version_autotest OK 0.17s 119/119 DPDK:fast-tests / telemetry_all SKIP 0.06s exit status 77 Ok: 111 Expected Fail: 0 Fail: 1 Unexpected Pass: 0 Skipped: 7 Timeout: 0 Full log written to /home-local/jenkins-local/jenkins-agent/workspace/Generic-Unit-Test-DPDK/dpdk/build/meson-logs/testlog.txt Test log output from the failed test eal_flags_misc_autotest: Sorry, we were not able to find the logs for this test. Download the log output from the CI site for this test run. ==== End log output ==== Debian 12 (arm) Kernel: Depends on container host Compiler: gcc (Debian 12.2.0-14) 12.2.0 Ubuntu 20.04 ARM SVE Kernel: Depends on container host Compiler: gcc (Ubuntu 10.5.0-1ubuntu1~20.04) 10.5.0 CentOS Stream 9 (ARM) Kernel: Depends on container host Compiler: gcc 11.5.0 20240719 (Red Hat 11.5.0-2) CentOS Stream 10 (ARM) Kernel: Depends on container host Compiler: gcc 14.2.1 20241104 (Red Hat 14.2.1-6) Fedora 40 (ARM) Kernel: Depends on container host Compiler: gcc 14.2.1 20240912 (Red Hat 14.2.1-3) Fedora 41 (ARM Clang) Kernel: Depends on container host Compiler: clang 19.1.5 (Fedora 19.1.5-1.fc41) RHEL9 (ARM) Kernel: Depends on container host Compiler: gcc 11.5.0 20240719 (Red Hat 11.5.0-2) Ubuntu 24.04 (ARM) Kernel: Depends on container host Compiler: gcc (Ubuntu 13.3.0-6ubuntu2~24.04) 13.3.0 Fedora 40 (ARM Clang) Kernel: Depends on container host Compiler: clang 18.1.8 (Fedora 18.1.8-1.fc40) Fedora 41 (ARM) Kernel: Depends on container host Compiler: gcc 14.2.1 20240912 (Red Hat 14.2.1-3) Ubuntu 22.04 (ARM) Kernel: Depends on container host Compiler: gcc (Ubuntu 11.4.0-1ubuntu1~22.04) 11.4.0 Ubuntu 20.04 (ARM) Kernel: Depends on container host Compiler: gcc (Ubuntu 9.4.0-1ubuntu1~20.04.2) 9.4.0 To view detailed results, visit: https://lab.dpdk.org/results/dashboard/tarballs/33406/ UNH-IOL DPDK Community Lab To manage your email subscriptions, visit: https://lab.dpdk.org/results/dashboard/preferences/subscriptions/