From mboxrd@z Thu Jan 1 00:00:00 1970 Return-Path: Received: from mails.dpdk.org (mails.dpdk.org [217.70.189.124]) by inbox.dpdk.org (Postfix) with ESMTP id B1AC14669A for ; Fri, 2 May 2025 08:23:04 +0200 (CEST) Received: from mails.dpdk.org (localhost [127.0.0.1]) by mails.dpdk.org (Postfix) with ESMTP id 98374402A0; Fri, 2 May 2025 08:23:04 +0200 (CEST) Received: from mail-pl1-f225.google.com (mail-pl1-f225.google.com [209.85.214.225]) by mails.dpdk.org (Postfix) with ESMTP id 8B88D4029E for ; Fri, 2 May 2025 08:23:03 +0200 (CEST) Received: by mail-pl1-f225.google.com with SMTP id d9443c01a7336-223fb0f619dso19832545ad.1 for ; Thu, 01 May 2025 23:23:03 -0700 (PDT) DKIM-Signature: v=1; a=rsa-sha256; c=relaxed/relaxed; d=iol.unh.edu; s=unh-iol; t=1746166982; x=1746771782; darn=dpdk.org; h=cc:to:from:subject:message-id:date:from:to:cc:subject:date :message-id:reply-to; bh=u/97Xfwx9rw3X9IOBj3RCqoFF9oBVj684sq8r+Al4BU=; b=KMKFpasMM+3wdKG2mBUuzj4hOL/nmMlzMmAz1cLT4LUJ2IpUS8rK3zpQbkq74vQ6Cl qxMuFmHdYlWm/QZ313FNpKiIyl856DyL06Wr5RlPzKyQePL3tyEpM/guxTBCg3mbfaZd agvBo97ee+cbaHzOI2oortXYBeb5n+v+vtUAI= X-Google-DKIM-Signature: v=1; a=rsa-sha256; c=relaxed/relaxed; d=1e100.net; s=20230601; t=1746166982; x=1746771782; h=cc:to:from:subject:message-id:date:x-gm-message-state:from:to:cc :subject:date:message-id:reply-to; bh=u/97Xfwx9rw3X9IOBj3RCqoFF9oBVj684sq8r+Al4BU=; b=n39QCb3U7Cb5xsGzuYDxYnlICNg+Xeuo5PpyFOLwoSBUAxvcjT5HsmFZ9RR/SUQ8V9 83F2N5WrBBxN4RP1ABPyMSyxuYgAeFyxf0HdP2C16L4TZ2ax5NGJk5k8SzM44PXgqx9S k8aM0SYgjOVZWUEzbq5G4PWvcbK2s7DxWM0LDH8SZhU3g5ob6Kn8+7URicIwk/7UTRPw OUYDDcDgKRDOb8nE/kdBjAklv0Q5nCjsm7VwvXgwLkRqVB1dBLfMpS2v2uL8CjTG5QWy SbxB0eei8CMfh1WIxPtFTpo+Rn2pcuLTFDb0dV6g5/keof7dcbJYazbKKShI2XkGonj7 8QCw== X-Gm-Message-State: AOJu0YyVWarBAUI9WToWY9yQht4OVAM9kEEgF51ig8oLUH9OMWd1xX/2 ie75ZS/zxq4fBVvnFCskd6rbNdWI7MZ8f/HpubTIGiUZVC/LC1LCEoXoiPEcrwdxnL8g/TT8uMC wi2N+jBb1lNFpFDQ89envpshQ4gMbCgmp X-Gm-Gg: ASbGncsgyJL7FLoWVOEdVMS0EEYLu7umdiMnC++kYW8jxNC+ye/cB8wRwBrsChOgJmg JgwUNkofC6sWV7Dpnyzk87kAtXAtSC7Oc8VM3H7dC2Qftm8r5Hz1/9/A5malUUoW0FiC8dOmfPg RqurC/Ni/seq678grKiP5gNQDq41VREgP/v52yPczd9a63tqHDcsVYhTiZ9QzPUyYbbfu+eZ7MF mGfocDgLo3veroL4HkpuOJKQLFPiQpe7Lwchpq+zqE8+7OgvWjuL+bV9Xltot1bykbK9z460U0o y1/KDOnVC7gNPi0vIGlUHBmZuEObIpZPVD0Dqm20PPPpboeTvLSxJRpy83Q= X-Google-Smtp-Source: AGHT+IEMeOFVLFVHT5lNfSGKsWSu2/dcvq6adPJtpSuKM8/srIodcu4Y+M+PFRb2oUSL3/gGkfl0kcBvN3YI X-Received: by 2002:a17:903:238a:b0:223:501c:7576 with SMTP id d9443c01a7336-22e102cfc6dmr31567505ad.12.1746166982271; Thu, 01 May 2025 23:23:02 -0700 (PDT) Received: from postal.iol.unh.edu (postal.iol.unh.edu. [132.177.123.84]) by smtp-relay.gmail.com with ESMTPS id d9443c01a7336-22e10958521sm2474585ad.124.2025.05.01.23.23.02 (version=TLS1_2 cipher=ECDHE-ECDSA-AES128-GCM-SHA256 bits=128/128); Thu, 01 May 2025 23:23:02 -0700 (PDT) X-Relaying-Domain: iol.unh.edu Date: Thu, 01 May 2025 23:23:02 -0700 (PDT) Message-ID: <681464c6.170a0220.96421.2560SMTPIN_ADDED_MISSING@mx.google.com> Received: from [172.21.0.7] (unknown [172.18.0.240]) by postal.iol.unh.edu (Postfix) with ESMTP id 6D3746052471; Fri, 2 May 2025 02:23:01 -0400 (EDT) Subject: |WARNING| [GIT MASTER] 4401486b5e30d43a134f80f9802f60b5f43e74a8 From: dpdklab@iol.unh.edu To: Test Report Cc: dpdk-test-reports@iol.unh.edu, Xueming Li , Christian Ehrhardt , Kevin Traynor , Luca Boccassi Content-Type: text/plain X-BeenThere: test-report@dpdk.org X-Mailman-Version: 2.1.29 Precedence: list List-Id: automatic DPDK test reports List-Unsubscribe: , List-Archive: List-Post: List-Help: List-Subscribe: , Errors-To: test-report-bounces@dpdk.org _Testing issues_ Branch: tags/v22.11 4401486b5e30d43a134f80f9802f60b5f43e74a8 --> testing issues Upstream job id: Generic-DPDK-Compile-ABI#124988 Test environment and result as below: +-------------------+----------+ | Environment | abi_test | +===================+==========+ | CentOS Stream 9 | FAIL | +-------------------+----------+ | CentOS Stream 10 | FAIL | +-------------------+----------+ | Fedora 40 (Clang) | PASS | +-------------------+----------+ | Debian 12 | FAIL | +-------------------+----------+ | RHEL8 | FAIL | +-------------------+----------+ | openSUSE Leap 15 | FAIL | +-------------------+----------+ | Fedora 41 | PASS | +-------------------+----------+ | Fedora 41 (Clang) | PASS | +-------------------+----------+ | Fedora 40 | PASS | +-------------------+----------+ | RHEL9 | PASS | +-------------------+----------+ | Ubuntu 24.04 | PASS | +-------------------+----------+ | Ubuntu 22.04 | FAIL | +-------------------+----------+ ==== 20 line log output for Ubuntu 22.04 (abi_test): ==== './librte_vdpa_ifc.so' -> 'dpdk/pmds-23.0/librte_vdpa_ifc.so' './librte_vdpa_ifc.so.23' -> 'dpdk/pmds-23.0/librte_vdpa_ifc.so.23' './librte_vdpa_ifc.so.23.0' -> 'dpdk/pmds-23.0/librte_vdpa_ifc.so.23.0' './librte_vdpa_mlx5.so' -> 'dpdk/pmds-23.0/librte_vdpa_mlx5.so' './librte_vdpa_mlx5.so.23' -> 'dpdk/pmds-23.0/librte_vdpa_mlx5.so.23' './librte_vdpa_mlx5.so.23.0' -> 'dpdk/pmds-23.0/librte_vdpa_mlx5.so.23.0' './librte_vdpa_sfc.so' -> 'dpdk/pmds-23.0/librte_vdpa_sfc.so' './librte_vdpa_sfc.so.23' -> 'dpdk/pmds-23.0/librte_vdpa_sfc.so.23' './librte_vdpa_sfc.so.23.0' -> 'dpdk/pmds-23.0/librte_vdpa_sfc.so.23.0' Installing /root/workspace/Generic-DPDK-Compile-ABI@2/dpdk/usertools/dpdk-devbind.py to /root/workspace/Generic-DPDK-Compile-ABI@2/build_install/usr/local/bin Installing /root/workspace/Generic-DPDK-Compile-ABI@2/dpdk/usertools/dpdk-pmdinfo.py to /root/workspace/Generic-DPDK-Compile-ABI@2/build_install/usr/local/bin Installing /root/workspace/Generic-DPDK-Compile-ABI@2/dpdk/usertools/dpdk-telemetry.py to /root/workspace/Generic-DPDK-Compile-ABI@2/build_install/usr/local/bin Installing /root/workspace/Generic-DPDK-Compile-ABI@2/dpdk/usertools/dpdk-hugepages.py to /root/workspace/Generic-DPDK-Compile-ABI@2/build_install/usr/local/bin Installing /root/workspace/Generic-DPDK-Compile-ABI@2/dpdk/doc/guides/custom.css to /root/workspace/Generic-DPDK-Compile-ABI@2/build_install/usr/local/share/doc/dpdk/_static/css Installing /root/workspace/Generic-DPDK-Compile-ABI@2/dpdk/build/rte_build_config.h to /root/workspace/Generic-DPDK-Compile-ABI@2/build_install/usr/local/include Installing /root/workspace/Generic-DPDK-Compile-ABI@2/dpdk/build/meson-private/libdpdk-libs.pc to /root/workspace/Generic-DPDK-Compile-ABI@2/build_install/usr/local/lib/x86_64-linux-gnu/pkgconfig Installing /root/workspace/Generic-DPDK-Compile-ABI@2/dpdk/build/meson-private/libdpdk.pc to /root/workspace/Generic-DPDK-Compile-ABI@2/build_install/usr/local/lib/x86_64-linux-gnu/pkgconfig Running custom install script '/bin/sh /root/workspace/Generic-DPDK-Compile-ABI@2/dpdk/config/../buildtools/symlink-drivers-solibs.sh lib/x86_64-linux-gnu dpdk/pmds-23.0' ==== Compiled DPDK with debugoptimized bash: /scripts/generate_abi.sh: No such file or directory ==== End log output ==== CentOS Stream 9 Kernel: Depends on container host Compiler: gcc 11.5.0 20240719 (Red Hat 11.5.0-2) CentOS Stream 10 Kernel: Depends on container host Compiler: gcc 14.2.1 20241104 (Red Hat 14.2.1-6) Fedora 40 (Clang) Kernel: Depends on container host Compiler: clang 18.1.8 (Fedora 18.1.8-1.fc40) Debian 12 Kernel: Depends on container host Compiler: gcc (Debian 12.2.0-14) 12.2.0 RHEL8 Kernel: Depends on container host Compiler: gcc 8.5.0 20210514 (Red Hat 8.5.0-22) openSUSE Leap 15 Kernel: Depends on container host Compiler: gcc (SUSE Linux) 7.5.0 Fedora 41 Kernel: Depends on container host Compiler: gcc 14.2.1 20240912 (Red Hat 14.2.1-3) Fedora 41 (Clang) Kernel: Depends on container host Compiler: clang 19.1.5 (Fedora 19.1.5-1.fc41) Fedora 40 Kernel: Depends on container host Compiler: gcc 14.2.1 20240912 (Red Hat 14.2.1-3) RHEL9 Kernel: Depends on container host Compiler: gcc 11.5.0 20240719 (Red Hat 11.5.0-2) Ubuntu 24.04 Kernel: Depends on container host Compiler: gcc (Ubuntu 13.3.0-6ubuntu2~24.04) 13.3.0 Ubuntu 22.04 Kernel: Depends on container host Compiler: gcc (Ubuntu 11.4.0-1ubuntu1~22.04) 11.4.0 To view detailed results, visit: https://lab.dpdk.org/results/dashboard/tarballs/33409/ UNH-IOL DPDK Community Lab To manage your email subscriptions, visit: https://lab.dpdk.org/results/dashboard/preferences/subscriptions/