From mboxrd@z Thu Jan 1 00:00:00 1970 Return-Path: Received: from mails.dpdk.org (mails.dpdk.org [217.70.189.124]) by inbox.dpdk.org (Postfix) with ESMTP id C862A4669A for ; Fri, 2 May 2025 08:35:43 +0200 (CEST) Received: from mails.dpdk.org (localhost [127.0.0.1]) by mails.dpdk.org (Postfix) with ESMTP id C4CAE402A0; Fri, 2 May 2025 08:35:43 +0200 (CEST) Received: from mail-qk1-f228.google.com (mail-qk1-f228.google.com [209.85.222.228]) by mails.dpdk.org (Postfix) with ESMTP id 47B5E4029E for ; Fri, 2 May 2025 08:35:43 +0200 (CEST) Received: by mail-qk1-f228.google.com with SMTP id af79cd13be357-7c5675dec99so202336585a.0 for ; Thu, 01 May 2025 23:35:43 -0700 (PDT) DKIM-Signature: v=1; a=rsa-sha256; c=relaxed/relaxed; d=iol.unh.edu; s=unh-iol; t=1746167742; x=1746772542; darn=dpdk.org; h=cc:to:from:subject:message-id:date:from:to:cc:subject:date :message-id:reply-to; bh=v/qsXI7TMRXQTpOCAPhzc+IoYypHWiHZwgaXhLeopVg=; b=R8aGIeqQEOprQqOJWZ0q7GUoqJjhiiQt4xu10yA45v+j6x6VZ849gOOgv4ddAvF8fz y38PPDpQs9WH5HRpIQZZVKupuNqA+F1yboiPdvA8OzgDm+575qiFTpGUokuhdmD1HVOe tb0I7yFBjOhwaGJ6e1YOUhoG+wcATNjsaE/uc= X-Google-DKIM-Signature: v=1; a=rsa-sha256; c=relaxed/relaxed; d=1e100.net; s=20230601; t=1746167742; x=1746772542; h=cc:to:from:subject:message-id:date:x-gm-message-state:from:to:cc :subject:date:message-id:reply-to; bh=v/qsXI7TMRXQTpOCAPhzc+IoYypHWiHZwgaXhLeopVg=; b=g58s/ZV+jz+Rqu0Yl/9tcn2xtPZaq4WGW3L6shPDGLnlWGYEM6j9Ij+oGRS/Xn8Fhm tYtZohHNoaYt8itc0ZNpIY4bQpau9smVXb44UJPNZUlDzmEQDIsJMz3tlH9388tmDSnf lW7CJ16KtpdyCvrO/HPN4S8t/7scRsT8nqrMY33Gb1mycJMxqdXa/GKagJm0go/GYMFC zd7NcmqR8wHHwZWyC28PBH6Yzq4Twjwt8mYS7aXBgCe0lVvxPdY4X8zu+YitnOM34Huc or8hpWZc2PAD/Q1Yx2HFdkYoYA4Eh/7wgvDlM0n98yHzJUw+edcHlCGa06RZyS4zP+nb t3hw== X-Gm-Message-State: AOJu0YwfUgye/p9aAPZUhZPusi9i2olXGsIB0IMCCJPeDNIEtuDvsd0a rHzm4Ew0xzSgylecl+BFYDoKrTlWk6xcl4Uk6xum7zu26AQaQu+41UEalYkEqbtL3CB7N9ZWD51 QuQK2hU6NNNUesiPZJCz8wzd5aB9XB0ReHx0cgOtjqcGijbL2 X-Gm-Gg: ASbGncv1TzvCzkqKKlyEcclMOz4QwEl066ZPfseBo4Nl7+DwmdrGfKCRtUcTCiMc6bg rqGhXZ5zRUnEgmgmDAX15TKsmPbpEdui5TkgC7tzyf4pn3sff+XrJu6zK7291/QoTpW9DfU0e/b kE2t3OdoHvkqDOAiYB9Cyyu0HH65pFWD4XaEhOKNDeAu2cSVS//x5Fs3cFdz7/0nVn76aiB+EGG e36ud1WxFdGI79749WVCk56RW/4hWaesE/Oi3+dof60JpVWX/5UipWle7OS9WuqnggbUMANpXb+ YYzb/BPGZRU47/i0p/ifQ9Y28j3HJ/o0fg0S X-Google-Smtp-Source: AGHT+IEhpqYkf3bBUjXqSphxKbBQvW1aBZ7+Xljug0aGXSb0nvFLJyXP5EtWqqskwLjiI11MrfIoRIP7iMZc X-Received: by 2002:a05:622a:4a18:b0:477:887f:29ce with SMTP id d75a77b69052e-48c311649acmr29011581cf.5.1746167742642; Thu, 01 May 2025 23:35:42 -0700 (PDT) Received: from postal.iol.unh.edu (postal.iol.unh.edu. [2606:4100:3880:1234::84]) by smtp-relay.gmail.com with ESMTPS id d75a77b69052e-48b98d0fa9dsm3776941cf.21.2025.05.01.23.35.42 (version=TLS1_2 cipher=ECDHE-ECDSA-AES128-GCM-SHA256 bits=128/128); Thu, 01 May 2025 23:35:42 -0700 (PDT) X-Relaying-Domain: iol.unh.edu Date: Thu, 01 May 2025 23:35:42 -0700 (PDT) Message-ID: <681467be.050a0220.36663a.39b7SMTPIN_ADDED_MISSING@mx.google.com> Received: from [172.21.0.5] (unknown [172.18.0.240]) by postal.iol.unh.edu (Postfix) with ESMTP id 508B76052471; Fri, 2 May 2025 02:35:42 -0400 (EDT) Subject: |FAILURE| [GIT MASTER] 4401486b5e30d43a134f80f9802f60b5f43e74a8 From: dpdklab@iol.unh.edu To: Test Report Cc: dpdk-test-reports@iol.unh.edu, Xueming Li , Christian Ehrhardt , Kevin Traynor , Luca Boccassi Content-Type: text/plain X-BeenThere: test-report@dpdk.org X-Mailman-Version: 2.1.29 Precedence: list List-Id: automatic DPDK test reports List-Unsubscribe: , List-Archive: List-Post: List-Help: List-Subscribe: , Errors-To: test-report-bounces@dpdk.org _Testing issues_ Branch: tags/v22.11 4401486b5e30d43a134f80f9802f60b5f43e74a8 --> testing issues Upstream job id: Generic-Unit-Test-DPDK#334733 Test environment and result as below: +---------------------+----------------+ | Environment | dpdk_unit_test | +=====================+================+ | CentOS Stream 9 | FAIL | +---------------------+----------------+ | Debian 12 | PEND | +---------------------+----------------+ | CentOS Stream 10 | PEND | +---------------------+----------------+ | RHEL9 | PEND | +---------------------+----------------+ | Fedora 41 | PEND | +---------------------+----------------+ | Ubuntu 22.04 | PEND | +---------------------+----------------+ | Fedora 41 (Clang) | PEND | +---------------------+----------------+ | RHEL8 | PEND | +---------------------+----------------+ | Ubuntu 20.04 | PASS | +---------------------+----------------+ | Ubuntu 24.04 | PEND | +---------------------+----------------+ | Fedora 40 | PEND | +---------------------+----------------+ | Fedora 40 (Clang) | PEND | +---------------------+----------------+ | Windows Server 2022 | FAIL | +---------------------+----------------+ ==== Unit test summary for Windows Server 2022 (dpdk_unit_test): ==== Failed to get the unit test results. Displaying the unit test results is not supported for some environments, such as our aarch32 testing, where meson is not used to run the tests. Download the logs available on our CI site. ==== End log output ==== CentOS Stream 9 Kernel: Depends on container host Compiler: gcc 11.5.0 20240719 (Red Hat 11.5.0-2) Debian 12 Kernel: Depends on container host Compiler: gcc (Debian 12.2.0-14) 12.2.0 CentOS Stream 10 Kernel: Depends on container host Compiler: gcc 14.2.1 20241104 (Red Hat 14.2.1-6) RHEL9 Kernel: Depends on container host Compiler: gcc 11.5.0 20240719 (Red Hat 11.5.0-2) Fedora 41 Kernel: Depends on container host Compiler: gcc 14.2.1 20240912 (Red Hat 14.2.1-3) Ubuntu 22.04 Kernel: Depends on container host Compiler: gcc (Ubuntu 11.4.0-1ubuntu1~22.04) 11.4.0 Fedora 41 (Clang) Kernel: Depends on container host Compiler: clang 19.1.5 (Fedora 19.1.5-1.fc41) RHEL8 Kernel: Depends on container host Compiler: gcc 8.5.0 20210514 (Red Hat 8.5.0-22) Ubuntu 20.04 Kernel: Depends on container host Compiler: gcc (Ubuntu 9.4.0-1ubuntu1~20.04.2) 9.4.0 Ubuntu 24.04 Kernel: Depends on container host Compiler: gcc (Ubuntu 13.3.0-6ubuntu2~24.04) 13.3.0 Fedora 40 Kernel: Depends on container host Compiler: gcc 14.2.1 20240912 (Red Hat 14.2.1-3) Fedora 40 (Clang) Kernel: Depends on container host Compiler: clang 18.1.8 (Fedora 18.1.8-1.fc40) Windows Server 2022 Kernel: 10.0.20348.2031 Compiler: clang 15.0.7, gcc 14.1.0 (MinGW), and MSVC VS 19.39.33521 To view detailed results, visit: https://lab.dpdk.org/results/dashboard/tarballs/33409/ UNH-IOL DPDK Community Lab To manage your email subscriptions, visit: https://lab.dpdk.org/results/dashboard/preferences/subscriptions/