From mboxrd@z Thu Jan 1 00:00:00 1970 Return-Path: Received: from mails.dpdk.org (mails.dpdk.org [217.70.189.124]) by inbox.dpdk.org (Postfix) with ESMTP id 117FE4669A for ; Fri, 2 May 2025 08:37:27 +0200 (CEST) Received: from mails.dpdk.org (localhost [127.0.0.1]) by mails.dpdk.org (Postfix) with ESMTP id 0DAFE402A0; Fri, 2 May 2025 08:37:27 +0200 (CEST) Received: from mail-yw1-f226.google.com (mail-yw1-f226.google.com [209.85.128.226]) by mails.dpdk.org (Postfix) with ESMTP id 7FBAE4029E for ; Fri, 2 May 2025 08:37:26 +0200 (CEST) Received: by mail-yw1-f226.google.com with SMTP id 00721157ae682-7081165a238so12440687b3.1 for ; Thu, 01 May 2025 23:37:26 -0700 (PDT) DKIM-Signature: v=1; a=rsa-sha256; c=relaxed/relaxed; d=iol.unh.edu; s=unh-iol; t=1746167846; x=1746772646; darn=dpdk.org; h=cc:to:from:subject:message-id:date:from:to:cc:subject:date :message-id:reply-to; bh=V0vgnC333SeG3jJIA39QT4ToAKazeyE77CUsyuDyO1E=; b=AuAsNZSinEhpJC3Tse6YxW26vSE81DoQcP6P/BPvfC/WUN3XxwjRzeV+YeMTaT7x6E FNPYzHk3+4aW3nTkDiv3zl/FTi7ncBiwTsw3Aoj8enOfNtwiGNhu8nZq8GDb4elQ/wuo ZwWmph+l7I6PMGJXmi8tRHvT+zBGRfBoM+3ss= X-Google-DKIM-Signature: v=1; a=rsa-sha256; c=relaxed/relaxed; d=1e100.net; s=20230601; t=1746167846; x=1746772646; h=cc:to:from:subject:message-id:date:x-gm-message-state:from:to:cc :subject:date:message-id:reply-to; bh=V0vgnC333SeG3jJIA39QT4ToAKazeyE77CUsyuDyO1E=; b=GGI82TuWLKWZeHQ9H8EK+pgaHIzlgoUe4H8Ng4tb1k1CNjFRDMy/HW47T6Re+g/pxo dcRf6gTu8lrphHUMp8R2WLWPcS2o9kxgeigi00+fsUoPVgV4k2xICzDrcdW43zZQNEl7 8iGNs88/ouLFcElMLFLe72kBAKW/ZeZpVHIgdEngK42SFRi8e3MGzjwrecqwuccD54St GKaW/XiW+TVzppIKXuQsCpYgq+dIITa/CFdimfF89+O7q9bfv/rsEV4fxJWl4vLuz3Lu nWKA3sQCADlgEUcJ0M642fK+jDHSuUlbww7vF56o9LwHclzThiG3PUbMthPTY1Hc5AGT JAdQ== X-Gm-Message-State: AOJu0YzNJAXQ7/4VxXRu9sH4C+iziT85nIndKsCbE0ZsOeUExeK3VMC1 OeMa1JqhYXWIKjqZeKaB12cEITFR8dj6679njrubtRkGTBxN7yzRZWZqg6PVEdGKBvTX/sRrL/0 p1zp9rEGSHV/axUVVd8ZYea0eo6KAX3uq X-Gm-Gg: ASbGncsTle5tRv+KCZjgngu1s1CtQaaM1dsnSWriZpOju2nzftNRvqxwOPdC8MgQ1Ps 6DZXEluM+bTzy7jK0kLZEpGTJu+3HFSxjsAj3WZdXxF6t8pQ3mKLPOWXwLCRBzxkhYfIWbIBsHF pnIINU6YHCzMVTCYq8bmqMn/BEyzhZkWGygZCMllGFscTwcOilzvOFY56jA6buIR0Uy3ZBybVy5 haw3fbeD/GHPsCDcL64TugkXOagGviIyZC+/PrJk9LzcQ0SlgW04obdluXqYtnR3sR/XdZc0AT3 V0vLg1lxHevUyfPF7B+lKOTzQEoDmTHJhL1qlD4grB2jF3kfdml3bY4beiw= X-Google-Smtp-Source: AGHT+IGOR1MQRvFw2nvu7VUKmJw6jYiZaML2zm89TtW5Jh05iZC/I3lW706FHXy9lKDqOrCd+SBbkcym4W/B X-Received: by 2002:a05:690c:6002:b0:708:c18d:e6ac with SMTP id 00721157ae682-708ced70585mr30468487b3.18.1746167845880; Thu, 01 May 2025 23:37:25 -0700 (PDT) Received: from postal.iol.unh.edu (postal.iol.unh.edu. [132.177.123.84]) by smtp-relay.gmail.com with ESMTPS id 00721157ae682-708c3f11a0csm5104177b3.1.2025.05.01.23.37.25 (version=TLS1_2 cipher=ECDHE-ECDSA-AES128-GCM-SHA256 bits=128/128); Thu, 01 May 2025 23:37:25 -0700 (PDT) X-Relaying-Domain: iol.unh.edu Date: Thu, 01 May 2025 23:37:25 -0700 (PDT) Message-ID: <68146825.050a0220.fcbd3.3c6eSMTPIN_ADDED_MISSING@mx.google.com> Received: from [172.21.0.9] (unknown [172.18.0.240]) by postal.iol.unh.edu (Postfix) with ESMTP id 7FCAA6052471; Fri, 2 May 2025 02:37:25 -0400 (EDT) Subject: |FAILURE| [GIT MASTER] 4401486b5e30d43a134f80f9802f60b5f43e74a8 From: dpdklab@iol.unh.edu To: Test Report Cc: dpdk-test-reports@iol.unh.edu, Xueming Li , Christian Ehrhardt , Kevin Traynor , Luca Boccassi Content-Type: text/plain X-BeenThere: test-report@dpdk.org X-Mailman-Version: 2.1.29 Precedence: list List-Id: automatic DPDK test reports List-Unsubscribe: , List-Archive: List-Post: List-Help: List-Subscribe: , Errors-To: test-report-bounces@dpdk.org _Testing issues_ Branch: tags/v22.11 4401486b5e30d43a134f80f9802f60b5f43e74a8 --> testing issues Upstream job id: Generic-Unit-Test-DPDK#334737 Test environment and result as below: +---------------------+----------------+ | Environment | dpdk_unit_test | +=====================+================+ | CentOS Stream 9 | FAIL | +---------------------+----------------+ | Debian 12 | FAIL | +---------------------+----------------+ | CentOS Stream 10 | PEND | +---------------------+----------------+ | RHEL9 | PEND | +---------------------+----------------+ | Fedora 41 | PEND | +---------------------+----------------+ | Ubuntu 22.04 | PEND | +---------------------+----------------+ | Fedora 41 (Clang) | PEND | +---------------------+----------------+ | RHEL8 | PEND | +---------------------+----------------+ | Ubuntu 20.04 | PASS | +---------------------+----------------+ | Ubuntu 24.04 | PEND | +---------------------+----------------+ | Fedora 40 | PEND | +---------------------+----------------+ | Fedora 40 (Clang) | PEND | +---------------------+----------------+ | Windows Server 2022 | FAIL | +---------------------+----------------+ ==== Unit test summary for Windows Server 2022 (dpdk_unit_test): ==== Failed to get the unit test results. Displaying the unit test results is not supported for some environments, such as our aarch32 testing, where meson is not used to run the tests. Download the logs available on our CI site. ==== End log output ==== CentOS Stream 9 Kernel: Depends on container host Compiler: gcc 11.5.0 20240719 (Red Hat 11.5.0-2) Debian 12 Kernel: Depends on container host Compiler: gcc (Debian 12.2.0-14) 12.2.0 CentOS Stream 10 Kernel: Depends on container host Compiler: gcc 14.2.1 20241104 (Red Hat 14.2.1-6) RHEL9 Kernel: Depends on container host Compiler: gcc 11.5.0 20240719 (Red Hat 11.5.0-2) Fedora 41 Kernel: Depends on container host Compiler: gcc 14.2.1 20240912 (Red Hat 14.2.1-3) Ubuntu 22.04 Kernel: Depends on container host Compiler: gcc (Ubuntu 11.4.0-1ubuntu1~22.04) 11.4.0 Fedora 41 (Clang) Kernel: Depends on container host Compiler: clang 19.1.5 (Fedora 19.1.5-1.fc41) RHEL8 Kernel: Depends on container host Compiler: gcc 8.5.0 20210514 (Red Hat 8.5.0-22) Ubuntu 20.04 Kernel: Depends on container host Compiler: gcc (Ubuntu 9.4.0-1ubuntu1~20.04.2) 9.4.0 Ubuntu 24.04 Kernel: Depends on container host Compiler: gcc (Ubuntu 13.3.0-6ubuntu2~24.04) 13.3.0 Fedora 40 Kernel: Depends on container host Compiler: gcc 14.2.1 20240912 (Red Hat 14.2.1-3) Fedora 40 (Clang) Kernel: Depends on container host Compiler: clang 18.1.8 (Fedora 18.1.8-1.fc40) Windows Server 2022 Kernel: 10.0.20348.2031 Compiler: clang 15.0.7, gcc 14.1.0 (MinGW), and MSVC VS 19.39.33521 To view detailed results, visit: https://lab.dpdk.org/results/dashboard/tarballs/33409/ UNH-IOL DPDK Community Lab To manage your email subscriptions, visit: https://lab.dpdk.org/results/dashboard/preferences/subscriptions/