From mboxrd@z Thu Jan 1 00:00:00 1970 Return-Path: Received: from mails.dpdk.org (mails.dpdk.org [217.70.189.124]) by inbox.dpdk.org (Postfix) with ESMTP id BD5774669A for ; Fri, 2 May 2025 08:43:22 +0200 (CEST) Received: from mails.dpdk.org (localhost [127.0.0.1]) by mails.dpdk.org (Postfix) with ESMTP id 95808402A0; Fri, 2 May 2025 08:43:22 +0200 (CEST) Received: from mail-yw1-f225.google.com (mail-yw1-f225.google.com [209.85.128.225]) by mails.dpdk.org (Postfix) with ESMTP id 8B2074029E for ; Fri, 2 May 2025 08:43:21 +0200 (CEST) Received: by mail-yw1-f225.google.com with SMTP id 00721157ae682-703cd93820fso14258197b3.2 for ; Thu, 01 May 2025 23:43:21 -0700 (PDT) DKIM-Signature: v=1; a=rsa-sha256; c=relaxed/relaxed; d=iol.unh.edu; s=unh-iol; t=1746168201; x=1746773001; darn=dpdk.org; h=cc:to:from:subject:message-id:date:from:to:cc:subject:date :message-id:reply-to; bh=9mL+zPZmhMZ3LwqgcW9kpm+DxN2j0md9oKyz4dd9y0c=; b=DHaVLUPdgSgg3sGXXHI5eXbsT2WyQwPjb9Ux16yix+AcrEGyXqI+unWTHE8C6QNVsx 3G99dU3RkQdDitwk7wR94oPfbongTaJ8QJvPBwSnd46Qh+zQco5IK/YmzrQ81mopJqGi YqH5BFfUYP4iDSr2dud0HupVRpaHgXwi/Ubl8= X-Google-DKIM-Signature: v=1; a=rsa-sha256; c=relaxed/relaxed; d=1e100.net; s=20230601; t=1746168201; x=1746773001; h=cc:to:from:subject:message-id:date:x-gm-message-state:from:to:cc :subject:date:message-id:reply-to; bh=9mL+zPZmhMZ3LwqgcW9kpm+DxN2j0md9oKyz4dd9y0c=; b=v10DPVWMh8oUk4HRHsN0sem3gf77nh/1Q8QmDj8IDH6/tkO4AfHkes8A5nPS8UCDFB CuEJB/C/ZyGdXJf8Gq4Ov6oChJyba0RSY/llPlAro23dHqA3rThi01M0z6NJvwaQaHjF hS6/iER4w0tHcxtCPvvbYVXnhMGtH43d4Z/5WwJGqdoY38d0fT4D7iFmiNWKhyitURaD ItNye7+Sdsdy0sYtyqIg2R6it6a+n99RozQTfYWTPt/U2+HIAJHdUtul73Qa4NO619U7 oZ/VUwmamE6dkCsh+cv3UCtDOdhKi6zyAwLbk3tViccEX2947K3Ej3vR4A4MbHDke+Jv o0pg== X-Gm-Message-State: AOJu0Yzsonczv/VpBRqSpiqeUIwmdMksgXEoCJ2nUYnETy+R8LhNa8eh nA+LVcK8zalwtHMUGjyq7NElo3sQEM2oh29aQnBrGYlUwFLrBezjySE9BXn/0hmTQkNYKiPGmsc FDvAPU8qwP9X0QYZuVW+W1zP0qMI5SWCGFsK/u/MU702UNfW6 X-Gm-Gg: ASbGncv+VpInKmtiMX0nFLg9OaAGIMCtEOzdf9x8lrqE8z0t8bq9MoEK54uhmnQg5Ib B8+IFvyxnPfjuDdKm290NH77XNTcrMEXYKi851HgxOQP0pYYpSJf6TJOvYmgoOzmIv0TIgvMbb6 7eM5hjuL++9Wjh/4Qc2ygcnXi10hntA8Yp36Mm4gkly7BQ4mXigrUHKq3L8DS717PrYqgj7WMdc K62JHCV9i/vMf8vGDb9dRHtFH3mmHWiaMzwAU6O4R9t/i4rRSKLtkQgHF5f2YuFE0w8OCWTTO0a nZ6oTZmc7SUFzFFV5GV8+xn8jznULfXtgU87 X-Google-Smtp-Source: AGHT+IF8BewyHBCIH+lJ4r9ZaiXOyofbzIG+iamNQa/LjaUKFdcuJSR7UhRdemDSgnBjQvuWmzn1YWIgeVBj X-Received: by 2002:a05:690c:6812:b0:708:2604:4a10 with SMTP id 00721157ae682-708ced6f91emr30833167b3.18.1746168200823; Thu, 01 May 2025 23:43:20 -0700 (PDT) Received: from postal.iol.unh.edu (postal.iol.unh.edu. [2606:4100:3880:1234::84]) by smtp-relay.gmail.com with ESMTPS id 00721157ae682-708c412cdd4sm5592117b3.18.2025.05.01.23.43.20 (version=TLS1_2 cipher=ECDHE-ECDSA-AES128-GCM-SHA256 bits=128/128); Thu, 01 May 2025 23:43:20 -0700 (PDT) X-Relaying-Domain: iol.unh.edu Date: Thu, 01 May 2025 23:43:20 -0700 (PDT) Message-ID: <68146988.810a0220.599ed.81c6SMTPIN_ADDED_MISSING@mx.google.com> Received: from [172.21.0.7] (unknown [172.18.0.240]) by postal.iol.unh.edu (Postfix) with ESMTP id 53D2B6052471; Fri, 2 May 2025 02:43:20 -0400 (EDT) Subject: |FAILURE| [GIT MASTER] 4401486b5e30d43a134f80f9802f60b5f43e74a8 From: dpdklab@iol.unh.edu To: Test Report Cc: dpdk-test-reports@iol.unh.edu, Xueming Li , Christian Ehrhardt , Kevin Traynor , Luca Boccassi Content-Type: text/plain X-BeenThere: test-report@dpdk.org X-Mailman-Version: 2.1.29 Precedence: list List-Id: automatic DPDK test reports List-Unsubscribe: , List-Archive: List-Post: List-Help: List-Subscribe: , Errors-To: test-report-bounces@dpdk.org _Testing issues_ Branch: tags/v22.11 4401486b5e30d43a134f80f9802f60b5f43e74a8 --> testing issues Upstream job id: Generic-Unit-Test-DPDK#334749 Test environment and result as below: +---------------------+----------------+ | Environment | dpdk_unit_test | +=====================+================+ | CentOS Stream 9 | FAIL | +---------------------+----------------+ | Debian 12 | FAIL | +---------------------+----------------+ | CentOS Stream 10 | PEND | +---------------------+----------------+ | RHEL9 | FAIL | +---------------------+----------------+ | Fedora 41 | PEND | +---------------------+----------------+ | Ubuntu 22.04 | PEND | +---------------------+----------------+ | Fedora 41 (Clang) | PEND | +---------------------+----------------+ | RHEL8 | PEND | +---------------------+----------------+ | Ubuntu 20.04 | PASS | +---------------------+----------------+ | Ubuntu 24.04 | PEND | +---------------------+----------------+ | Fedora 40 | PEND | +---------------------+----------------+ | Fedora 40 (Clang) | PEND | +---------------------+----------------+ | Windows Server 2022 | FAIL | +---------------------+----------------+ ==== Unit test summary for Windows Server 2022 (dpdk_unit_test): ==== Failed to get the unit test results. Displaying the unit test results is not supported for some environments, such as our aarch32 testing, where meson is not used to run the tests. Download the logs available on our CI site. ==== End log output ==== CentOS Stream 9 Kernel: Depends on container host Compiler: gcc 11.5.0 20240719 (Red Hat 11.5.0-2) Debian 12 Kernel: Depends on container host Compiler: gcc (Debian 12.2.0-14) 12.2.0 CentOS Stream 10 Kernel: Depends on container host Compiler: gcc 14.2.1 20241104 (Red Hat 14.2.1-6) RHEL9 Kernel: Depends on container host Compiler: gcc 11.5.0 20240719 (Red Hat 11.5.0-2) Fedora 41 Kernel: Depends on container host Compiler: gcc 14.2.1 20240912 (Red Hat 14.2.1-3) Ubuntu 22.04 Kernel: Depends on container host Compiler: gcc (Ubuntu 11.4.0-1ubuntu1~22.04) 11.4.0 Fedora 41 (Clang) Kernel: Depends on container host Compiler: clang 19.1.5 (Fedora 19.1.5-1.fc41) RHEL8 Kernel: Depends on container host Compiler: gcc 8.5.0 20210514 (Red Hat 8.5.0-22) Ubuntu 20.04 Kernel: Depends on container host Compiler: gcc (Ubuntu 9.4.0-1ubuntu1~20.04.2) 9.4.0 Ubuntu 24.04 Kernel: Depends on container host Compiler: gcc (Ubuntu 13.3.0-6ubuntu2~24.04) 13.3.0 Fedora 40 Kernel: Depends on container host Compiler: gcc 14.2.1 20240912 (Red Hat 14.2.1-3) Fedora 40 (Clang) Kernel: Depends on container host Compiler: clang 18.1.8 (Fedora 18.1.8-1.fc40) Windows Server 2022 Kernel: 10.0.20348.2031 Compiler: clang 15.0.7, gcc 14.1.0 (MinGW), and MSVC VS 19.39.33521 To view detailed results, visit: https://lab.dpdk.org/results/dashboard/tarballs/33409/ UNH-IOL DPDK Community Lab To manage your email subscriptions, visit: https://lab.dpdk.org/results/dashboard/preferences/subscriptions/