From mboxrd@z Thu Jan 1 00:00:00 1970 Return-Path: Received: from mails.dpdk.org (mails.dpdk.org [217.70.189.124]) by inbox.dpdk.org (Postfix) with ESMTP id 241CF4669A for ; Fri, 2 May 2025 08:46:51 +0200 (CEST) Received: from mails.dpdk.org (localhost [127.0.0.1]) by mails.dpdk.org (Postfix) with ESMTP id EC547402A0; Fri, 2 May 2025 08:46:50 +0200 (CEST) Received: from mail-pl1-f227.google.com (mail-pl1-f227.google.com [209.85.214.227]) by mails.dpdk.org (Postfix) with ESMTP id 9F2404029E for ; Fri, 2 May 2025 08:46:49 +0200 (CEST) Received: by mail-pl1-f227.google.com with SMTP id d9443c01a7336-22435603572so19920045ad.1 for ; Thu, 01 May 2025 23:46:49 -0700 (PDT) DKIM-Signature: v=1; a=rsa-sha256; c=relaxed/relaxed; d=iol.unh.edu; s=unh-iol; t=1746168408; x=1746773208; darn=dpdk.org; h=cc:to:from:subject:message-id:date:from:to:cc:subject:date :message-id:reply-to; bh=pLPG1xLWk9AEULahHThsyr9I7zzDvg7ODHjcsVmRaPM=; b=gzPGfeEIiAlukTmv7QutZ7eA/2FWnEzm3XUHIKaixNU0lgVv/uMeGA87bSkEUw1yLW z091VL3b1hB4YBcnLs2ie11OS4kDFeCfWEK0lvGDEhpfjeEbePI/iMvbWKKhlvFEGAbY HFURxA3DpW6T6mIWs+KWGaW6njs8rMifF1uR0= X-Google-DKIM-Signature: v=1; a=rsa-sha256; c=relaxed/relaxed; d=1e100.net; s=20230601; t=1746168408; x=1746773208; h=cc:to:from:subject:message-id:date:x-gm-message-state:from:to:cc :subject:date:message-id:reply-to; bh=pLPG1xLWk9AEULahHThsyr9I7zzDvg7ODHjcsVmRaPM=; b=ej793EhS7WdqbskiqIjCgvSWqezYh556vKMhfTxdHBZ1GUQPC1DR8u4BwIOK2Euv0x HWB4BBq8C1LFfaBTPLm3FszBDQk/FckBld8GVKLeXziVPH5bezjVUHaeQ6BlhvmpmbV1 cjcgKOXxAIKOEQgCIXtHEpN5lMHGhrHy5LBkq+9pGrumJKynSxO4bhwhJLa9XegBd3IX tEJXEg5ahpI7URLPpjpF+MXRZ2gKWPMQcOG6ZZNh+lkwTDjlAVErdHaReVL9whnrkoSe H4GToyO722V+f+TavF12/V63aKq0qZmzQ4BAxUYJIiSpD6+Do2CUB+PfOxQ66S+VMKnM ZmYg== X-Gm-Message-State: AOJu0Yyg+jjitMsn9husaEFp3FwjEXntMpqIwQ+zLPZjtOwRdIyW29lc 63GKEpVSL2+YPJ5qPZ12AKMI9SgN9BQSugoSVcIkqOLiEcjG/6KQaDg5DzrCfp2KvvQts4oPskH RezmcuMFM/ZdsSMwY37pjauuk3L2tyaYT X-Gm-Gg: ASbGncuwqtemnlBnRtO5y0JUHdcUCuZxRiDUr4FIOmNVSCRbkM4OkB9h2f9JBJaKWdZ XUIlEmBTv8Qb+yC98OObH4bQ3wkA/BW/AR1vKxKCtPe2PnRXCw1Fl44NMhDe0GZzh5B8RBFbFsi a6i9USGN71mcoPiiHUz2QpQIl968EGZNsM2OoQo5SAboC14DtKHblymg5uEEsshlQOyOUdDonQQ PQPpt1XF48z8/bjZp4Equ6QG+uPzbS9d1nFtkXxcJkQvYf0KtU82kESTcgFoYf5lsCFi4C28rLX zJLJ8CcRxd1ocB1RTujcX7nDHQ/oAM2POQtXuDxDlTxFEvpBK/R2+1OA5H4= X-Google-Smtp-Source: AGHT+IFL6WZlOCsl2Io4hIY9i8vRYkMHetatfOdCFtqGNjcLYF6z96aqQ9T1cRTLvjRIGtj/UcxSopEL3PVZ X-Received: by 2002:a17:902:da8c:b0:223:33cb:335f with SMTP id d9443c01a7336-22e1030c7fdmr26387165ad.3.1746168408360; Thu, 01 May 2025 23:46:48 -0700 (PDT) Received: from postal.iol.unh.edu (postal.iol.unh.edu. [132.177.123.84]) by smtp-relay.gmail.com with ESMTPS id d9443c01a7336-22e151e9e58sm70455ad.52.2025.05.01.23.46.47 (version=TLS1_2 cipher=ECDHE-ECDSA-AES128-GCM-SHA256 bits=128/128); Thu, 01 May 2025 23:46:47 -0700 (PDT) X-Relaying-Domain: iol.unh.edu Date: Thu, 01 May 2025 23:46:47 -0700 (PDT) Message-ID: <68146a57.170a0220.345129.00e5SMTPIN_ADDED_MISSING@mx.google.com> Received: from [172.21.0.5] (unknown [172.18.0.240]) by postal.iol.unh.edu (Postfix) with ESMTP id 78EC16052471; Fri, 2 May 2025 02:46:46 -0400 (EDT) Subject: |FAILURE| [GIT MASTER] 4401486b5e30d43a134f80f9802f60b5f43e74a8 From: dpdklab@iol.unh.edu To: Test Report Cc: dpdk-test-reports@iol.unh.edu, Xueming Li , Christian Ehrhardt , Kevin Traynor , Luca Boccassi Content-Type: text/plain X-BeenThere: test-report@dpdk.org X-Mailman-Version: 2.1.29 Precedence: list List-Id: automatic DPDK test reports List-Unsubscribe: , List-Archive: List-Post: List-Help: List-Subscribe: , Errors-To: test-report-bounces@dpdk.org _Testing issues_ Branch: tags/v22.11 4401486b5e30d43a134f80f9802f60b5f43e74a8 --> testing issues Upstream job id: Generic-Unit-Test-DPDK#334742 Test environment and result as below: +---------------------+----------------+ | Environment | dpdk_unit_test | +=====================+================+ | CentOS Stream 9 | FAIL | +---------------------+----------------+ | Debian 12 | FAIL | +---------------------+----------------+ | CentOS Stream 10 | PEND | +---------------------+----------------+ | RHEL9 | FAIL | +---------------------+----------------+ | Fedora 41 | FAIL | +---------------------+----------------+ | Ubuntu 22.04 | PEND | +---------------------+----------------+ | Fedora 41 (Clang) | PEND | +---------------------+----------------+ | RHEL8 | PEND | +---------------------+----------------+ | Ubuntu 20.04 | PASS | +---------------------+----------------+ | Ubuntu 24.04 | PEND | +---------------------+----------------+ | Fedora 40 | PEND | +---------------------+----------------+ | Fedora 40 (Clang) | PEND | +---------------------+----------------+ | Windows Server 2022 | FAIL | +---------------------+----------------+ ==== Unit test summary for Windows Server 2022 (dpdk_unit_test): ==== Failed to get the unit test results. Displaying the unit test results is not supported for some environments, such as our aarch32 testing, where meson is not used to run the tests. Download the logs available on our CI site. ==== End log output ==== CentOS Stream 9 Kernel: Depends on container host Compiler: gcc 11.5.0 20240719 (Red Hat 11.5.0-2) Debian 12 Kernel: Depends on container host Compiler: gcc (Debian 12.2.0-14) 12.2.0 CentOS Stream 10 Kernel: Depends on container host Compiler: gcc 14.2.1 20241104 (Red Hat 14.2.1-6) RHEL9 Kernel: Depends on container host Compiler: gcc 11.5.0 20240719 (Red Hat 11.5.0-2) Fedora 41 Kernel: Depends on container host Compiler: gcc 14.2.1 20240912 (Red Hat 14.2.1-3) Ubuntu 22.04 Kernel: Depends on container host Compiler: gcc (Ubuntu 11.4.0-1ubuntu1~22.04) 11.4.0 Fedora 41 (Clang) Kernel: Depends on container host Compiler: clang 19.1.5 (Fedora 19.1.5-1.fc41) RHEL8 Kernel: Depends on container host Compiler: gcc 8.5.0 20210514 (Red Hat 8.5.0-22) Ubuntu 20.04 Kernel: Depends on container host Compiler: gcc (Ubuntu 9.4.0-1ubuntu1~20.04.2) 9.4.0 Ubuntu 24.04 Kernel: Depends on container host Compiler: gcc (Ubuntu 13.3.0-6ubuntu2~24.04) 13.3.0 Fedora 40 Kernel: Depends on container host Compiler: gcc 14.2.1 20240912 (Red Hat 14.2.1-3) Fedora 40 (Clang) Kernel: Depends on container host Compiler: clang 18.1.8 (Fedora 18.1.8-1.fc40) Windows Server 2022 Kernel: 10.0.20348.2031 Compiler: clang 15.0.7, gcc 14.1.0 (MinGW), and MSVC VS 19.39.33521 To view detailed results, visit: https://lab.dpdk.org/results/dashboard/tarballs/33409/ UNH-IOL DPDK Community Lab To manage your email subscriptions, visit: https://lab.dpdk.org/results/dashboard/preferences/subscriptions/