From mboxrd@z Thu Jan 1 00:00:00 1970 Return-Path: Received: from mails.dpdk.org (mails.dpdk.org [217.70.189.124]) by inbox.dpdk.org (Postfix) with ESMTP id C73A34669A for ; Fri, 2 May 2025 09:14:58 +0200 (CEST) Received: from mails.dpdk.org (localhost [127.0.0.1]) by mails.dpdk.org (Postfix) with ESMTP id 79565402A0; Fri, 2 May 2025 09:14:58 +0200 (CEST) Received: from mail-ot1-f100.google.com (mail-ot1-f100.google.com [209.85.210.100]) by mails.dpdk.org (Postfix) with ESMTP id EBE264029E for ; Fri, 2 May 2025 09:14:56 +0200 (CEST) Received: by mail-ot1-f100.google.com with SMTP id 46e09a7af769-72c40235c34so523100a34.3 for ; Fri, 02 May 2025 00:14:56 -0700 (PDT) DKIM-Signature: v=1; a=rsa-sha256; c=relaxed/relaxed; d=iol.unh.edu; s=unh-iol; t=1746170096; x=1746774896; darn=dpdk.org; h=cc:to:from:subject:message-id:date:from:to:cc:subject:date :message-id:reply-to; bh=6byIGqbMTPVrlvW5onUMhf3mPGyNxQPJUNSmvXY649k=; b=U7kGXvV/W+JhI63VqUgHSehu6eK/i5Fpx1GdCwAI6tojCjI1XU3PrH5Mf5ZiTGOxOF pie8/mWgZmfzs8+JPJk143c3J0uyyNX2rQxg0ZZYwMSkst8dGNf5A1MSYrNa6WcI3agB Wq2OF0L25xuodEkTZG52ypwHodDjAklufUtnw= X-Google-DKIM-Signature: v=1; a=rsa-sha256; c=relaxed/relaxed; d=1e100.net; s=20230601; t=1746170096; x=1746774896; h=cc:to:from:subject:message-id:date:x-gm-message-state:from:to:cc :subject:date:message-id:reply-to; bh=6byIGqbMTPVrlvW5onUMhf3mPGyNxQPJUNSmvXY649k=; b=fJ8p0JCYOnaBsDdObcF2ax1QWHw+Q02al0oL0Ec9KTL5yQShU1X8KLLrj/nOKCw0dI /r1NfBcu4W88o0wJ0jZwDymNmlvIeN6YZjC8OslsH0+xubXOfUVrX20pS77SZ14JYfaZ R+4HyaisBUNQmUVZYx+hdcKbL/Mll45DfGKg0nX4dYVYbE3c8ws6Oov7tVffPhy1iL1e /F20LqgdbzLwsHvx5FRxGgO4g079OWDfIpMTXVrfVRQFh+8pTek0jKJrCjgkl0fbFc+B Byvl1vmy/X/jYead/0buD7parPzq38q+o0kTgX2quyXOeCd927gDeXx7cuZs4JxCdZPw NqUg== X-Gm-Message-State: AOJu0YysaFPFfnrG+JioNbJ3ORrY8Oyj2msAy4WNo8hf++RijkNVK7FO P2Z3E0pe1y6exrO9XMazaL0xNO4F/7Rmh+dt4SJ8oz+Nx8JbDQEaM5CendmX3sdV9jRTUmAwEWY rxUO+cC/hi1S+cEorrjLqwdkkEl4G1Ckx X-Gm-Gg: ASbGncvEtL5wss+6ZpulVJGw3BG6IWrzcn+aIMua2QEvwkjPO/pUij92nTf2UP6zJQw kzPNSOzscNMhTcNSmjqUmcDauj7AZI7oPHR7OWS9KHMCd6n3hFhzvmAK/vguGrRCUdfSiVwLaSj 2ZmxBKJh/Lzk1KB/+3IIkvz+QsdgN9r9dI59wuqADoicLhwBp38K4vqBFJosAmZ9mjWugScB03k Ew2yhGAcyYZTwkFEcUq6EZkKMQVPUDHxkA2z6+yx2nA3B/lJdeNuapcdkIftYLyLVlyb1pTwc2B BZJGrSM6Tvj/02cAGBF680fk5NFjtw4ynFv0m8/DECfZn1b7H7Z/fd3pv3Y= X-Google-Smtp-Source: AGHT+IFPL4H7+EIArlURPz4GhQOkwGa6ryDGSN8j28ztdPMGhnMu/T6kyx4yIh1iPcNndy7VVUEv/yCJsd+E X-Received: by 2002:a05:6830:730a:b0:731:d1e5:7c5d with SMTP id 46e09a7af769-731da17a808mr1014656a34.9.1746170096035; Fri, 02 May 2025 00:14:56 -0700 (PDT) Received: from postal.iol.unh.edu (postal.iol.unh.edu. [132.177.123.84]) by smtp-relay.gmail.com with ESMTPS id 46e09a7af769-731d34d4d18sm270476a34.11.2025.05.02.00.14.55 (version=TLS1_2 cipher=ECDHE-ECDSA-AES128-GCM-SHA256 bits=128/128); Fri, 02 May 2025 00:14:56 -0700 (PDT) X-Relaying-Domain: iol.unh.edu Date: Fri, 02 May 2025 00:14:56 -0700 (PDT) Message-ID: <681470f0.050a0220.309c41.27c5SMTPIN_ADDED_MISSING@mx.google.com> Received: from [172.21.0.6] (unknown [172.18.0.240]) by postal.iol.unh.edu (Postfix) with ESMTP id 7805F6052471; Fri, 2 May 2025 03:14:55 -0400 (EDT) Subject: |FAILURE| [GIT MASTER] 4401486b5e30d43a134f80f9802f60b5f43e74a8 From: dpdklab@iol.unh.edu To: Test Report Cc: dpdk-test-reports@iol.unh.edu, Xueming Li , Christian Ehrhardt , Kevin Traynor , Luca Boccassi Content-Type: text/plain X-BeenThere: test-report@dpdk.org X-Mailman-Version: 2.1.29 Precedence: list List-Id: automatic DPDK test reports List-Unsubscribe: , List-Archive: List-Post: List-Help: List-Subscribe: , Errors-To: test-report-bounces@dpdk.org _Testing issues_ Branch: tags/v22.11 4401486b5e30d43a134f80f9802f60b5f43e74a8 --> testing issues Upstream job id: Generic-Unit-Test-DPDK#334735 Test environment and result as below: +---------------------+----------------+ | Environment | dpdk_unit_test | +=====================+================+ | CentOS Stream 9 | FAIL | +---------------------+----------------+ | Debian 12 | FAIL | +---------------------+----------------+ | CentOS Stream 10 | FAIL | +---------------------+----------------+ | RHEL9 | FAIL | +---------------------+----------------+ | Fedora 41 | FAIL | +---------------------+----------------+ | Ubuntu 22.04 | PEND | +---------------------+----------------+ | Fedora 41 (Clang) | PEND | +---------------------+----------------+ | RHEL8 | PEND | +---------------------+----------------+ | Ubuntu 20.04 | PASS | +---------------------+----------------+ | Ubuntu 24.04 | PEND | +---------------------+----------------+ | Fedora 40 | PEND | +---------------------+----------------+ | Fedora 40 (Clang) | PEND | +---------------------+----------------+ | Windows Server 2022 | FAIL | +---------------------+----------------+ ==== Unit test summary for Windows Server 2022 (dpdk_unit_test): ==== Failed to get the unit test results. Displaying the unit test results is not supported for some environments, such as our aarch32 testing, where meson is not used to run the tests. Download the logs available on our CI site. ==== End log output ==== CentOS Stream 9 Kernel: Depends on container host Compiler: gcc 11.5.0 20240719 (Red Hat 11.5.0-2) Debian 12 Kernel: Depends on container host Compiler: gcc (Debian 12.2.0-14) 12.2.0 CentOS Stream 10 Kernel: Depends on container host Compiler: gcc 14.2.1 20241104 (Red Hat 14.2.1-6) RHEL9 Kernel: Depends on container host Compiler: gcc 11.5.0 20240719 (Red Hat 11.5.0-2) Fedora 41 Kernel: Depends on container host Compiler: gcc 14.2.1 20240912 (Red Hat 14.2.1-3) Ubuntu 22.04 Kernel: Depends on container host Compiler: gcc (Ubuntu 11.4.0-1ubuntu1~22.04) 11.4.0 Fedora 41 (Clang) Kernel: Depends on container host Compiler: clang 19.1.5 (Fedora 19.1.5-1.fc41) RHEL8 Kernel: Depends on container host Compiler: gcc 8.5.0 20210514 (Red Hat 8.5.0-22) Ubuntu 20.04 Kernel: Depends on container host Compiler: gcc (Ubuntu 9.4.0-1ubuntu1~20.04.2) 9.4.0 Ubuntu 24.04 Kernel: Depends on container host Compiler: gcc (Ubuntu 13.3.0-6ubuntu2~24.04) 13.3.0 Fedora 40 Kernel: Depends on container host Compiler: gcc 14.2.1 20240912 (Red Hat 14.2.1-3) Fedora 40 (Clang) Kernel: Depends on container host Compiler: clang 18.1.8 (Fedora 18.1.8-1.fc40) Windows Server 2022 Kernel: 10.0.20348.2031 Compiler: clang 15.0.7, gcc 14.1.0 (MinGW), and MSVC VS 19.39.33521 To view detailed results, visit: https://lab.dpdk.org/results/dashboard/tarballs/33409/ UNH-IOL DPDK Community Lab To manage your email subscriptions, visit: https://lab.dpdk.org/results/dashboard/preferences/subscriptions/