From mboxrd@z Thu Jan 1 00:00:00 1970 Return-Path: Received: from mails.dpdk.org (mails.dpdk.org [217.70.189.124]) by inbox.dpdk.org (Postfix) with ESMTP id A8B144669A for ; Fri, 2 May 2025 09:18:53 +0200 (CEST) Received: from mails.dpdk.org (localhost [127.0.0.1]) by mails.dpdk.org (Postfix) with ESMTP id D4080402A0; Fri, 2 May 2025 09:18:48 +0200 (CEST) Received: from mail-pg1-f228.google.com (mail-pg1-f228.google.com [209.85.215.228]) by mails.dpdk.org (Postfix) with ESMTP id 7855F4029E for ; Fri, 2 May 2025 09:18:47 +0200 (CEST) Received: by mail-pg1-f228.google.com with SMTP id 41be03b00d2f7-b1396171fb1so1109356a12.2 for ; Fri, 02 May 2025 00:18:47 -0700 (PDT) DKIM-Signature: v=1; a=rsa-sha256; c=relaxed/relaxed; d=iol.unh.edu; s=unh-iol; t=1746170326; x=1746775126; darn=dpdk.org; h=cc:to:from:subject:message-id:date:from:to:cc:subject:date :message-id:reply-to; bh=VA09ARhQJk90moPz22a6V/m+ghsDjUqXGhX+5gcbmuQ=; b=SWNYBcBfctBQw6gvOGhDQBxcFG95oAgaKKCWZfYTZXu6MgBbOF5aJVDmL8tePLC5oT T5SPCZxmm9bqffY0GoA0BZ5KSicJ4fhBczDsNR0TilUfWhlmNHckAtHZP2T7LC+ONXEg AJdetXE0FwFcNzVByTZv9NOv7MH5HTC5BznaM= X-Google-DKIM-Signature: v=1; a=rsa-sha256; c=relaxed/relaxed; d=1e100.net; s=20230601; t=1746170326; x=1746775126; h=cc:to:from:subject:message-id:date:x-gm-message-state:from:to:cc :subject:date:message-id:reply-to; bh=VA09ARhQJk90moPz22a6V/m+ghsDjUqXGhX+5gcbmuQ=; b=QgAbsgbWgv7MqPBz2rLJ//yB0wMUqXVAQE/cHfaa6IKkBFFnIKLDTRq7Zw5/xjU3Ki 6vxHiSalnviyF46feFa2Jyz3Rq8NIJfIsWJiG5Khs9cynzy6/DtelrOljd91MTS6siIW RJ32M4MdTfssmar/RpsG9yzWmw5zKwJn5Q2v00hmZQWJP03cucCjoAHNdbuz1jiJofU+ QEDbNnRtztr/37UNR+vpYY6K5WlVi7T+6KFkNqGyMASIIoUPCin8kR5Re8GdlQ3lSzbD qLs2BBkCHBfMldIiVWMbT2O4FLRy8J0hng7kXRFOGU5MDTer3vLHduAkjToQtUWG+gRn N6uQ== X-Gm-Message-State: AOJu0YyxmGqGQMotlOQT5m6w5c4zW9t+g++5W620kOPFJTbVOtZkUmBW uJuqs5kIMJcMlKkDiuHPNinseAxIfS5LMDcRzx/NtG1P/s3noIHwfuFDiVfCdpw7QpB1z6/VHh5 GcgDoR8czRgXX8pfpE9nkOKItmFCBO+M0 X-Gm-Gg: ASbGncvJmAOu4c08gOzBEBHM/9Xev0eU5IzXAy7UHmim87c7V38FBuIRZd4AJXEOIkr ePzJzRXSZqji89+VTYLOkBd8GvvTQ3Su4izL4tQc/9txyNbFh12dzNceIL8/BFO8GB1cvZfxw9T s/mnhGpJDHu8tQXGQtD6hAgmtrSfJGU8eTAhgHncRnxjQ06Fm+bPoFl3WO0h6unXa4tALSvNw0f qU30z+KfihLhwXxvMQ3wv/L+gjeRXB+6okdJLtfxASLBOgv0h1TAbBHOB0ys96lPu9QRwcdmgvs aAfHTAMeQRwhe5NPLWTvFwBvVQCClkzSPwy3UzqLCEftB8/cVrIfMz/U9rM= X-Google-Smtp-Source: AGHT+IFVE3EMZXTuAQ8jLai3m8+qfvgg/Rfq1kgRIgS6PzbbZlYbuyJqG8lVRH12f4j+XPiBedujYXUxZick X-Received: by 2002:a17:90a:da8f:b0:2fe:b937:2a51 with SMTP id 98e67ed59e1d1-30a4e6b5c64mr3278394a91.33.1746170326412; Fri, 02 May 2025 00:18:46 -0700 (PDT) Received: from postal.iol.unh.edu (postal.iol.unh.edu. [132.177.123.84]) by smtp-relay.gmail.com with ESMTPS id 98e67ed59e1d1-30a34747f49sm1073397a91.4.2025.05.02.00.18.46 (version=TLS1_2 cipher=ECDHE-ECDSA-AES128-GCM-SHA256 bits=128/128); Fri, 02 May 2025 00:18:46 -0700 (PDT) X-Relaying-Domain: iol.unh.edu Date: Fri, 02 May 2025 00:18:46 -0700 (PDT) Message-ID: <681471d6.170a0220.e5e04.2d2fSMTPIN_ADDED_MISSING@mx.google.com> Received: from [172.21.0.6] (unknown [172.18.0.240]) by postal.iol.unh.edu (Postfix) with ESMTP id 987326052471; Fri, 2 May 2025 03:18:45 -0400 (EDT) Subject: |FAILURE| [GIT MASTER] 4401486b5e30d43a134f80f9802f60b5f43e74a8 From: dpdklab@iol.unh.edu To: Test Report Cc: dpdk-test-reports@iol.unh.edu, Xueming Li , Christian Ehrhardt , Kevin Traynor , Luca Boccassi Content-Type: text/plain X-BeenThere: test-report@dpdk.org X-Mailman-Version: 2.1.29 Precedence: list List-Id: automatic DPDK test reports List-Unsubscribe: , List-Archive: List-Post: List-Help: List-Subscribe: , Errors-To: test-report-bounces@dpdk.org _Testing issues_ Branch: tags/v22.11 4401486b5e30d43a134f80f9802f60b5f43e74a8 --> testing issues Upstream job id: Generic-Unit-Test-DPDK#334744 Test environment and result as below: +---------------------+----------------+ | Environment | dpdk_unit_test | +=====================+================+ | CentOS Stream 9 | FAIL | +---------------------+----------------+ | Debian 12 | FAIL | +---------------------+----------------+ | CentOS Stream 10 | FAIL | +---------------------+----------------+ | RHEL9 | FAIL | +---------------------+----------------+ | Fedora 41 | FAIL | +---------------------+----------------+ | Ubuntu 22.04 | PEND | +---------------------+----------------+ | Fedora 41 (Clang) | FAIL | +---------------------+----------------+ | RHEL8 | PEND | +---------------------+----------------+ | Ubuntu 20.04 | PASS | +---------------------+----------------+ | Ubuntu 24.04 | PEND | +---------------------+----------------+ | Fedora 40 | PEND | +---------------------+----------------+ | Fedora 40 (Clang) | PEND | +---------------------+----------------+ | Windows Server 2022 | FAIL | +---------------------+----------------+ ==== Unit test summary for Windows Server 2022 (dpdk_unit_test): ==== Failed to get the unit test results. Displaying the unit test results is not supported for some environments, such as our aarch32 testing, where meson is not used to run the tests. Download the logs available on our CI site. ==== End log output ==== CentOS Stream 9 Kernel: Depends on container host Compiler: gcc 11.5.0 20240719 (Red Hat 11.5.0-2) Debian 12 Kernel: Depends on container host Compiler: gcc (Debian 12.2.0-14) 12.2.0 CentOS Stream 10 Kernel: Depends on container host Compiler: gcc 14.2.1 20241104 (Red Hat 14.2.1-6) RHEL9 Kernel: Depends on container host Compiler: gcc 11.5.0 20240719 (Red Hat 11.5.0-2) Fedora 41 Kernel: Depends on container host Compiler: gcc 14.2.1 20240912 (Red Hat 14.2.1-3) Ubuntu 22.04 Kernel: Depends on container host Compiler: gcc (Ubuntu 11.4.0-1ubuntu1~22.04) 11.4.0 Fedora 41 (Clang) Kernel: Depends on container host Compiler: clang 19.1.5 (Fedora 19.1.5-1.fc41) RHEL8 Kernel: Depends on container host Compiler: gcc 8.5.0 20210514 (Red Hat 8.5.0-22) Ubuntu 20.04 Kernel: Depends on container host Compiler: gcc (Ubuntu 9.4.0-1ubuntu1~20.04.2) 9.4.0 Ubuntu 24.04 Kernel: Depends on container host Compiler: gcc (Ubuntu 13.3.0-6ubuntu2~24.04) 13.3.0 Fedora 40 Kernel: Depends on container host Compiler: gcc 14.2.1 20240912 (Red Hat 14.2.1-3) Fedora 40 (Clang) Kernel: Depends on container host Compiler: clang 18.1.8 (Fedora 18.1.8-1.fc40) Windows Server 2022 Kernel: 10.0.20348.2031 Compiler: clang 15.0.7, gcc 14.1.0 (MinGW), and MSVC VS 19.39.33521 To view detailed results, visit: https://lab.dpdk.org/results/dashboard/tarballs/33409/ UNH-IOL DPDK Community Lab To manage your email subscriptions, visit: https://lab.dpdk.org/results/dashboard/preferences/subscriptions/