From mboxrd@z Thu Jan 1 00:00:00 1970 Return-Path: Received: from mails.dpdk.org (mails.dpdk.org [217.70.189.124]) by inbox.dpdk.org (Postfix) with ESMTP id 0D4B84669A for ; Fri, 2 May 2025 09:19:52 +0200 (CEST) Received: from mails.dpdk.org (localhost [127.0.0.1]) by mails.dpdk.org (Postfix) with ESMTP id 04B7E402A0; Fri, 2 May 2025 09:19:51 +0200 (CEST) Received: from mail-pl1-f228.google.com (mail-pl1-f228.google.com [209.85.214.228]) by mails.dpdk.org (Postfix) with ESMTP id 3DFD34029E for ; Fri, 2 May 2025 09:19:49 +0200 (CEST) Received: by mail-pl1-f228.google.com with SMTP id d9443c01a7336-224341bbc1dso22611065ad.3 for ; Fri, 02 May 2025 00:19:49 -0700 (PDT) DKIM-Signature: v=1; a=rsa-sha256; c=relaxed/relaxed; d=iol.unh.edu; s=unh-iol; t=1746170388; x=1746775188; darn=dpdk.org; h=cc:to:from:subject:message-id:date:from:to:cc:subject:date :message-id:reply-to; bh=sBnjmW1HQmTr1QeFPRBYx9RkCOXNb7FqiKvrmUdgenY=; b=OrE3TkFOOzNveSd8y+UEThbc1qLjNiMtWzVxXUeC2LKGS3Bqjy8U1dbLYJdXBvCenk E7ibQHOGkys8IpNh1CB4SE6H7zsMpTsq5nw/VyrAzngNx6XFXdBw/OYZYprEL2ek+AJZ K9l5anZF1BcUXRy32H4DM70DpbeiGVoa9oNGI= X-Google-DKIM-Signature: v=1; a=rsa-sha256; c=relaxed/relaxed; d=1e100.net; s=20230601; t=1746170388; x=1746775188; h=cc:to:from:subject:message-id:date:x-gm-message-state:from:to:cc :subject:date:message-id:reply-to; bh=sBnjmW1HQmTr1QeFPRBYx9RkCOXNb7FqiKvrmUdgenY=; b=YEAUClm4mUqPdMLnvaJEBn6Tv/eJiVx2U8pvk9ZGdMsHG8tv5UjMuTzc1oPsf4BZIx Y28KcDEGahETT1IUddQqMdACCAl8cbrww4GFpsPEqKP45Qp2i2AWXPpkGimk81a5B0i8 mvebW3DkPi4kS7Wlr5jho/qsmHs9AlwnX7obd2nHapf7QSQQaT4/ToYwDOHwTfMhoCpK 1GpuOM7AbxlPlAwt4Gf6oY12cpFE5Fadbj9Buc/Or3DByQGdwc54OVM2eBDxs7JoglTR 2xQwEP2oKsSaxCUaNoo56HbhkPrOYUs340yWNvdIX35xYD2S4gTa/kR7O+FVT0PlHqXe cGmw== X-Gm-Message-State: AOJu0YzVxgbM8r928pSBCOcXNRac1nMQozfY4RnScszzIn3c3zpqeokV ag3YEJR0S7FWYbgwCcpNi3q/khEKcmNcrQXhD6Rbcl0Q9itS6KwddoTSxca+sY8sjG37BMfUXDX +eucQn1H8Nr/3EESbO60fa60qj6F7JueaoFJ2Qyj8QltfFpg4 X-Gm-Gg: ASbGnctG+rqadnNm86OIEOZqspXbT22D5DFHdec9xNiFpQkunTJY6O6RCa7Li6QvKCr t3guV4cju+7dNKdNSrPIvBcUBpck0KseHJCslJjiK8GDS2z3PqiN6AeQjvopv1szzhi6j1ufgz/ x7KHqn+J4b8cic9kWFUR2WB8izumafnC8KhEDHzTZ4YueZj8UXhxk0dh4drk+YTaoXbnBM9+8q0 H16UXRn9sZf4fXHkIxYKXhrKsRujrkpqxByKrfl2byeAyaL9/FDxt9C4M89Ly6uTCijfL69Zjo0 rf00K3Tz//VXXgPRv4GVxA23g2XxpDMwNuq9 X-Google-Smtp-Source: AGHT+IGteBVmB3K7rBjRRqBfCBrJ6pbXewVWZl/5ZvLpCT/WxY8LvFvey6VsArJDQzZ06mxoS7S+1awKM/Qh X-Received: by 2002:a17:90b:37c3:b0:2ff:784b:ffe with SMTP id 98e67ed59e1d1-30a4e59659emr3356231a91.11.1746170388046; Fri, 02 May 2025 00:19:48 -0700 (PDT) Received: from postal.iol.unh.edu (postal.iol.unh.edu. [2606:4100:3880:1234::84]) by smtp-relay.gmail.com with ESMTPS id 98e67ed59e1d1-30a348418a3sm1064899a91.14.2025.05.02.00.19.47 (version=TLS1_2 cipher=ECDHE-ECDSA-AES128-GCM-SHA256 bits=128/128); Fri, 02 May 2025 00:19:48 -0700 (PDT) X-Relaying-Domain: iol.unh.edu Date: Fri, 02 May 2025 00:19:48 -0700 (PDT) Message-ID: <68147214.170a0220.2988df.ffcdSMTPIN_ADDED_MISSING@mx.google.com> Received: from [172.21.0.5] (unknown [172.18.0.240]) by postal.iol.unh.edu (Postfix) with ESMTP id 390D36052471; Fri, 2 May 2025 03:19:47 -0400 (EDT) Subject: |FAILURE| [GIT MASTER] 4401486b5e30d43a134f80f9802f60b5f43e74a8 From: dpdklab@iol.unh.edu To: Test Report Cc: dpdk-test-reports@iol.unh.edu, Xueming Li , Christian Ehrhardt , Kevin Traynor , Luca Boccassi Content-Type: text/plain X-BeenThere: test-report@dpdk.org X-Mailman-Version: 2.1.29 Precedence: list List-Id: automatic DPDK test reports List-Unsubscribe: , List-Archive: List-Post: List-Help: List-Subscribe: , Errors-To: test-report-bounces@dpdk.org _Testing issues_ Branch: tags/v22.11 4401486b5e30d43a134f80f9802f60b5f43e74a8 --> testing issues Upstream job id: Generic-Unit-Test-DPDK#334753 Test environment and result as below: +---------------------+----------------+ | Environment | dpdk_unit_test | +=====================+================+ | CentOS Stream 9 | FAIL | +---------------------+----------------+ | Debian 12 | FAIL | +---------------------+----------------+ | CentOS Stream 10 | FAIL | +---------------------+----------------+ | RHEL9 | FAIL | +---------------------+----------------+ | Fedora 41 | FAIL | +---------------------+----------------+ | Ubuntu 22.04 | FAIL | +---------------------+----------------+ | Fedora 41 (Clang) | FAIL | +---------------------+----------------+ | RHEL8 | PEND | +---------------------+----------------+ | Ubuntu 20.04 | PASS | +---------------------+----------------+ | Ubuntu 24.04 | PEND | +---------------------+----------------+ | Fedora 40 | PEND | +---------------------+----------------+ | Fedora 40 (Clang) | PEND | +---------------------+----------------+ | Windows Server 2022 | FAIL | +---------------------+----------------+ ==== Unit test summary for Windows Server 2022 (dpdk_unit_test): ==== Failed to get the unit test results. Displaying the unit test results is not supported for some environments, such as our aarch32 testing, where meson is not used to run the tests. Download the logs available on our CI site. ==== End log output ==== CentOS Stream 9 Kernel: Depends on container host Compiler: gcc 11.5.0 20240719 (Red Hat 11.5.0-2) Debian 12 Kernel: Depends on container host Compiler: gcc (Debian 12.2.0-14) 12.2.0 CentOS Stream 10 Kernel: Depends on container host Compiler: gcc 14.2.1 20241104 (Red Hat 14.2.1-6) RHEL9 Kernel: Depends on container host Compiler: gcc 11.5.0 20240719 (Red Hat 11.5.0-2) Fedora 41 Kernel: Depends on container host Compiler: gcc 14.2.1 20240912 (Red Hat 14.2.1-3) Ubuntu 22.04 Kernel: Depends on container host Compiler: gcc (Ubuntu 11.4.0-1ubuntu1~22.04) 11.4.0 Fedora 41 (Clang) Kernel: Depends on container host Compiler: clang 19.1.5 (Fedora 19.1.5-1.fc41) RHEL8 Kernel: Depends on container host Compiler: gcc 8.5.0 20210514 (Red Hat 8.5.0-22) Ubuntu 20.04 Kernel: Depends on container host Compiler: gcc (Ubuntu 9.4.0-1ubuntu1~20.04.2) 9.4.0 Ubuntu 24.04 Kernel: Depends on container host Compiler: gcc (Ubuntu 13.3.0-6ubuntu2~24.04) 13.3.0 Fedora 40 Kernel: Depends on container host Compiler: gcc 14.2.1 20240912 (Red Hat 14.2.1-3) Fedora 40 (Clang) Kernel: Depends on container host Compiler: clang 18.1.8 (Fedora 18.1.8-1.fc40) Windows Server 2022 Kernel: 10.0.20348.2031 Compiler: clang 15.0.7, gcc 14.1.0 (MinGW), and MSVC VS 19.39.33521 To view detailed results, visit: https://lab.dpdk.org/results/dashboard/tarballs/33409/ UNH-IOL DPDK Community Lab To manage your email subscriptions, visit: https://lab.dpdk.org/results/dashboard/preferences/subscriptions/