From mboxrd@z Thu Jan 1 00:00:00 1970 Return-Path: Received: from mails.dpdk.org (mails.dpdk.org [217.70.189.124]) by inbox.dpdk.org (Postfix) with ESMTP id 966114669A for ; Fri, 2 May 2025 09:24:09 +0200 (CEST) Received: from mails.dpdk.org (localhost [127.0.0.1]) by mails.dpdk.org (Postfix) with ESMTP id 6D6F9402A0; Fri, 2 May 2025 09:24:06 +0200 (CEST) Received: from mail-pl1-f227.google.com (mail-pl1-f227.google.com [209.85.214.227]) by mails.dpdk.org (Postfix) with ESMTP id CC60A4029E for ; Fri, 2 May 2025 09:24:04 +0200 (CEST) Received: by mail-pl1-f227.google.com with SMTP id d9443c01a7336-2254e0b4b79so26636065ad.2 for ; Fri, 02 May 2025 00:24:04 -0700 (PDT) DKIM-Signature: v=1; a=rsa-sha256; c=relaxed/relaxed; d=iol.unh.edu; s=unh-iol; t=1746170644; x=1746775444; darn=dpdk.org; h=cc:to:from:subject:message-id:date:from:to:cc:subject:date :message-id:reply-to; bh=m7IcYlIyll+8oKJwQC3pTmYfo4igtyx6CKqafQnNbAI=; b=eFp8Tmy8PzpeHUCiQKDw26qt1rkk8Z68uMei8tj7o3Af+htdSaIXVGApLyFF9EZARt eBnULO31qt9p+FaE1Qmf+wpf2FOh5hpjIiDTSzR18lDUtKistXsFnMjQ8I33LJRRC016 oOQ5N7EUBwh9PVtZmrb7l0qLvI1a3/ywzaZ1s= X-Google-DKIM-Signature: v=1; a=rsa-sha256; c=relaxed/relaxed; d=1e100.net; s=20230601; t=1746170644; x=1746775444; h=cc:to:from:subject:message-id:date:x-gm-message-state:from:to:cc :subject:date:message-id:reply-to; bh=m7IcYlIyll+8oKJwQC3pTmYfo4igtyx6CKqafQnNbAI=; b=b9eKcwR7lee047pFxJgna0p44cJ5e2cuTXfBA9Yfyl3lAjoVIIcI2VZ6uPoVNNSOoL uw41ciPNTdF7+5pO2tG0WBOrOzjo2Gun5/tSkO9iAmQ+HqoK8C4y8HBCNJvE12wQ3Ag8 SXhEBiL2XUrmoVt8P931olt3gXgFQR1nN3M/zD0qoNIGA1LaGSvC7r4ktAiprvH3PUro Tm2MzOrIvI7gicNPGYXkHRZv4oqoPRfrxhfVzwCEF9Ucol/eQzxF2u316HZPxwsKsr0e hsOVaw865cimLg5hGe7RuFJKBiN1czTzrDyfNLMhm0KRoWh+5XtbAf2v94ynjLcDTiQt D6vQ== X-Gm-Message-State: AOJu0YyHpl6hKfwbYWdcKehuMjNl1972ZVChqy1Kvb5ZOM39JSB26WqA 8qjQvO396yxm+6GBCa2vyYZ/ASumnHJhqVO0ekckUKhpuxbcYt74hgJoXGahUFX8kat5DI6JDo/ 3yeicUS5ewBYzN4CmwrYl9rRINYJ1W9Hy X-Gm-Gg: ASbGnctYZbvJybSIusBQjuer7hX2+a5ZfJ/JIw7EaipEr0JL3tzbkQPYSEjLa2SX6E2 RfA62+wSj535QFq12Ux0hbaV+VzMfsAJbctR4YhOEI0Jowbz2e/U9LSZGcNGA4giotKr8YPMFSF Y6SYUypk6u8hFOP975qCDrAUSP9VlG0Zb6iLpmyTEIT49UDj/3/XCxIHXtKWTQh71iut4tXq9rr pI3JfBrQ2aL3nhbIMmZ/5tSqFYDkviiV0nZlTVF49Byzw+ZaPrS2cHlbjNretDjnLq5C0oVPPa/ hxCD8qElte/gr7ewGc5dBwT2qT+Y9Xa7/nbWi1qIVALg3D6pBS9BQVAx9TU= X-Google-Smtp-Source: AGHT+IED/seBNPcNC4mgUmdbiWlDkTDGE7XHlCWi2vU+8PsKS/gPZHGJ1kTxqEETn432F1gQJPbCXHHBVeDo X-Received: by 2002:a17:903:1787:b0:224:584:6f05 with SMTP id d9443c01a7336-22e103401acmr30649275ad.41.1746170644006; Fri, 02 May 2025 00:24:04 -0700 (PDT) Received: from postal.iol.unh.edu (postal.iol.unh.edu. [132.177.123.84]) by smtp-relay.gmail.com with ESMTPS id d9443c01a7336-22e152332fbsm178515ad.105.2025.05.02.00.24.03 (version=TLS1_2 cipher=ECDHE-ECDSA-AES128-GCM-SHA256 bits=128/128); Fri, 02 May 2025 00:24:03 -0700 (PDT) X-Relaying-Domain: iol.unh.edu Date: Fri, 02 May 2025 00:24:03 -0700 (PDT) Message-ID: <68147313.170a0220.2736c1.0299SMTPIN_ADDED_MISSING@mx.google.com> Received: from [172.21.0.5] (unknown [172.18.0.240]) by postal.iol.unh.edu (Postfix) with ESMTP id 327B56052471; Fri, 2 May 2025 03:24:03 -0400 (EDT) Subject: |FAILURE| [GIT MASTER] 4401486b5e30d43a134f80f9802f60b5f43e74a8 From: dpdklab@iol.unh.edu To: Test Report Cc: dpdk-test-reports@iol.unh.edu, Xueming Li , Christian Ehrhardt , Kevin Traynor , Luca Boccassi Content-Type: text/plain X-BeenThere: test-report@dpdk.org X-Mailman-Version: 2.1.29 Precedence: list List-Id: automatic DPDK test reports List-Unsubscribe: , List-Archive: List-Post: List-Help: List-Subscribe: , Errors-To: test-report-bounces@dpdk.org _Testing issues_ Branch: tags/v22.11 4401486b5e30d43a134f80f9802f60b5f43e74a8 --> testing issues Upstream job id: Generic-Unit-Test-DPDK#334738 Test environment and result as below: +---------------------+----------------+ | Environment | dpdk_unit_test | +=====================+================+ | CentOS Stream 9 | FAIL | +---------------------+----------------+ | Debian 12 | FAIL | +---------------------+----------------+ | CentOS Stream 10 | FAIL | +---------------------+----------------+ | RHEL9 | FAIL | +---------------------+----------------+ | Fedora 41 | FAIL | +---------------------+----------------+ | Ubuntu 22.04 | FAIL | +---------------------+----------------+ | Fedora 41 (Clang) | FAIL | +---------------------+----------------+ | RHEL8 | PEND | +---------------------+----------------+ | Ubuntu 20.04 | PASS | +---------------------+----------------+ | Ubuntu 24.04 | PEND | +---------------------+----------------+ | Fedora 40 | FAIL | +---------------------+----------------+ | Fedora 40 (Clang) | PEND | +---------------------+----------------+ | Windows Server 2022 | FAIL | +---------------------+----------------+ ==== Unit test summary for Windows Server 2022 (dpdk_unit_test): ==== Failed to get the unit test results. Displaying the unit test results is not supported for some environments, such as our aarch32 testing, where meson is not used to run the tests. Download the logs available on our CI site. ==== End log output ==== CentOS Stream 9 Kernel: Depends on container host Compiler: gcc 11.5.0 20240719 (Red Hat 11.5.0-2) Debian 12 Kernel: Depends on container host Compiler: gcc (Debian 12.2.0-14) 12.2.0 CentOS Stream 10 Kernel: Depends on container host Compiler: gcc 14.2.1 20241104 (Red Hat 14.2.1-6) RHEL9 Kernel: Depends on container host Compiler: gcc 11.5.0 20240719 (Red Hat 11.5.0-2) Fedora 41 Kernel: Depends on container host Compiler: gcc 14.2.1 20240912 (Red Hat 14.2.1-3) Ubuntu 22.04 Kernel: Depends on container host Compiler: gcc (Ubuntu 11.4.0-1ubuntu1~22.04) 11.4.0 Fedora 41 (Clang) Kernel: Depends on container host Compiler: clang 19.1.5 (Fedora 19.1.5-1.fc41) RHEL8 Kernel: Depends on container host Compiler: gcc 8.5.0 20210514 (Red Hat 8.5.0-22) Ubuntu 20.04 Kernel: Depends on container host Compiler: gcc (Ubuntu 9.4.0-1ubuntu1~20.04.2) 9.4.0 Ubuntu 24.04 Kernel: Depends on container host Compiler: gcc (Ubuntu 13.3.0-6ubuntu2~24.04) 13.3.0 Fedora 40 Kernel: Depends on container host Compiler: gcc 14.2.1 20240912 (Red Hat 14.2.1-3) Fedora 40 (Clang) Kernel: Depends on container host Compiler: clang 18.1.8 (Fedora 18.1.8-1.fc40) Windows Server 2022 Kernel: 10.0.20348.2031 Compiler: clang 15.0.7, gcc 14.1.0 (MinGW), and MSVC VS 19.39.33521 To view detailed results, visit: https://lab.dpdk.org/results/dashboard/tarballs/33409/ UNH-IOL DPDK Community Lab To manage your email subscriptions, visit: https://lab.dpdk.org/results/dashboard/preferences/subscriptions/