From mboxrd@z Thu Jan 1 00:00:00 1970 Return-Path: Received: from mails.dpdk.org (mails.dpdk.org [217.70.189.124]) by inbox.dpdk.org (Postfix) with ESMTP id 10E6C4669A for ; Fri, 2 May 2025 09:27:00 +0200 (CEST) Received: from mails.dpdk.org (localhost [127.0.0.1]) by mails.dpdk.org (Postfix) with ESMTP id B7A41402A0; Fri, 2 May 2025 09:26:55 +0200 (CEST) Received: from mail-pl1-f227.google.com (mail-pl1-f227.google.com [209.85.214.227]) by mails.dpdk.org (Postfix) with ESMTP id 474504029E for ; Fri, 2 May 2025 09:26:54 +0200 (CEST) Received: by mail-pl1-f227.google.com with SMTP id d9443c01a7336-2279915e06eso19547225ad.1 for ; Fri, 02 May 2025 00:26:54 -0700 (PDT) DKIM-Signature: v=1; a=rsa-sha256; c=relaxed/relaxed; d=iol.unh.edu; s=unh-iol; t=1746170813; x=1746775613; darn=dpdk.org; h=cc:to:from:subject:message-id:date:from:to:cc:subject:date :message-id:reply-to; bh=xQwXT2HQM7u09ZhkN5W4975nFGoMVCX/0PqstAbYY1w=; b=GPJ6ITGfQtXrigSRr9vuZ1uahRWtKa9mAHbDywuQpK6tIFbVieWH/6oR/T/xxqxAAN z4L5Ohux3fp8W85nel816VGXFdn8dNRx5D5Un7nQYXHMoBeicY4L3+Yo5Za6HdaZvqgK zuDtsrk+OOdANMN+/6/VE2OMdfkFhU0y1MPs0= X-Google-DKIM-Signature: v=1; a=rsa-sha256; c=relaxed/relaxed; d=1e100.net; s=20230601; t=1746170813; x=1746775613; h=cc:to:from:subject:message-id:date:x-gm-message-state:from:to:cc :subject:date:message-id:reply-to; bh=xQwXT2HQM7u09ZhkN5W4975nFGoMVCX/0PqstAbYY1w=; b=QUlOvi4Wv0PxjC/BQ7d8zoUU/4ZXF7mTHYlh7vTQEDnC4aFT7m5giO06t0wofdb3fo tkFXYyXGIdCGiHREXx4JEgT8pP9xSAMMRMIbHcokPRG3+MWJFaLi5ur34vawlo+8RqrI p6QXrQMil/AMFPKLdT+sbaHZmI0RDWoayRjAbFwY0jSZIEAiwD2yhYAsJszMffpU9Y0V 6yz5TrCtBYSsyzkBWwzP21y0iNaXtN05lLQxAfS7BAUCK4PzTY6Ds6E0lVSiEaF1lyAS R8bRbey4MTsb9cOmhavf7qRW+xUJiLO32+PSsQyjmcRQNtCYAGzjcX56a5ADrrzLo0I7 I4lg== X-Gm-Message-State: AOJu0Yz4rr+MOoWQ/gcSFSXeQDon/kKYoMdM60HUvjinehSTyWRjCR9V 9Pv89mSK/NYz5fROc0e6MMLmFYFjZK5YFQIIWn28E/o4oisSj7AVriYIr/iDkSq2GMOS+Uf/8XI 0Kdwr/Dy/mvO0LlytgQgy2r5/D7FTgz88 X-Gm-Gg: ASbGncufgnmu+TwgMW7x1KcxNgFssWtBqtwUBNsKb34wE9kdcDyNqjgTwxF0WbMeKys esVFncnXqaGsUAEtDb5aKX+5nRLiA7WJmUlxyG09CWcxD2Ci+B/NYHM4mq2OEuGOzHnObsk/jby 7/eGDHonpK+ASOE2VyAkdXdyx8Un17kKvinnD7GiHir++6rMr1KXmQrkbi58Fk7JpcrfDUwvPfH wbgqPafs+yz5uhZFBwf4i2o0GBhXPv/KfytR0fpc1oCNbY/EwISnyVicRa3mWvVvN3rEiGYSi+4 AkDOA/ydwEHjMfTFgd1oldKL3LZMhGj9C2AvqmU5wU3F4Wz1NEQlG1vWG/k= X-Google-Smtp-Source: AGHT+IE718an0fuKUGBCGgHTYkdNfCQmWgbhIcQm0Xg3zGtJ88ETahBZERhSVZ2HZ6FIzhVpQwjirCqqB7Kh X-Received: by 2002:a17:902:ea10:b0:223:66bc:f1de with SMTP id d9443c01a7336-22e10369234mr29433835ad.21.1746170813151; Fri, 02 May 2025 00:26:53 -0700 (PDT) Received: from postal.iol.unh.edu (postal.iol.unh.edu. [132.177.123.84]) by smtp-relay.gmail.com with ESMTPS id d9443c01a7336-22e1522b538sm189425ad.72.2025.05.02.00.26.53 (version=TLS1_2 cipher=ECDHE-ECDSA-AES128-GCM-SHA256 bits=128/128); Fri, 02 May 2025 00:26:53 -0700 (PDT) X-Relaying-Domain: iol.unh.edu Date: Fri, 02 May 2025 00:26:53 -0700 (PDT) Message-ID: <681473bd.170a0220.a6f80.0258SMTPIN_ADDED_MISSING@mx.google.com> Received: from [172.21.0.5] (unknown [172.18.0.240]) by postal.iol.unh.edu (Postfix) with ESMTP id 4F5D26052471; Fri, 2 May 2025 03:26:52 -0400 (EDT) Subject: |FAILURE| [GIT MASTER] 4401486b5e30d43a134f80f9802f60b5f43e74a8 From: dpdklab@iol.unh.edu To: Test Report Cc: dpdk-test-reports@iol.unh.edu, Xueming Li , Christian Ehrhardt , Kevin Traynor , Luca Boccassi Content-Type: text/plain X-BeenThere: test-report@dpdk.org X-Mailman-Version: 2.1.29 Precedence: list List-Id: automatic DPDK test reports List-Unsubscribe: , List-Archive: List-Post: List-Help: List-Subscribe: , Errors-To: test-report-bounces@dpdk.org _Testing issues_ Branch: tags/v22.11 4401486b5e30d43a134f80f9802f60b5f43e74a8 --> testing issues Upstream job id: Generic-Unit-Test-DPDK#334747 Test environment and result as below: +---------------------+----------------+ | Environment | dpdk_unit_test | +=====================+================+ | CentOS Stream 9 | FAIL | +---------------------+----------------+ | Debian 12 | FAIL | +---------------------+----------------+ | CentOS Stream 10 | FAIL | +---------------------+----------------+ | RHEL9 | FAIL | +---------------------+----------------+ | Fedora 41 | FAIL | +---------------------+----------------+ | Ubuntu 22.04 | FAIL | +---------------------+----------------+ | Fedora 41 (Clang) | FAIL | +---------------------+----------------+ | RHEL8 | FAIL | +---------------------+----------------+ | Ubuntu 20.04 | PASS | +---------------------+----------------+ | Ubuntu 24.04 | PEND | +---------------------+----------------+ | Fedora 40 | FAIL | +---------------------+----------------+ | Fedora 40 (Clang) | PEND | +---------------------+----------------+ | Windows Server 2022 | FAIL | +---------------------+----------------+ ==== Unit test summary for Windows Server 2022 (dpdk_unit_test): ==== Failed to get the unit test results. Displaying the unit test results is not supported for some environments, such as our aarch32 testing, where meson is not used to run the tests. Download the logs available on our CI site. ==== End log output ==== CentOS Stream 9 Kernel: Depends on container host Compiler: gcc 11.5.0 20240719 (Red Hat 11.5.0-2) Debian 12 Kernel: Depends on container host Compiler: gcc (Debian 12.2.0-14) 12.2.0 CentOS Stream 10 Kernel: Depends on container host Compiler: gcc 14.2.1 20241104 (Red Hat 14.2.1-6) RHEL9 Kernel: Depends on container host Compiler: gcc 11.5.0 20240719 (Red Hat 11.5.0-2) Fedora 41 Kernel: Depends on container host Compiler: gcc 14.2.1 20240912 (Red Hat 14.2.1-3) Ubuntu 22.04 Kernel: Depends on container host Compiler: gcc (Ubuntu 11.4.0-1ubuntu1~22.04) 11.4.0 Fedora 41 (Clang) Kernel: Depends on container host Compiler: clang 19.1.5 (Fedora 19.1.5-1.fc41) RHEL8 Kernel: Depends on container host Compiler: gcc 8.5.0 20210514 (Red Hat 8.5.0-22) Ubuntu 20.04 Kernel: Depends on container host Compiler: gcc (Ubuntu 9.4.0-1ubuntu1~20.04.2) 9.4.0 Ubuntu 24.04 Kernel: Depends on container host Compiler: gcc (Ubuntu 13.3.0-6ubuntu2~24.04) 13.3.0 Fedora 40 Kernel: Depends on container host Compiler: gcc 14.2.1 20240912 (Red Hat 14.2.1-3) Fedora 40 (Clang) Kernel: Depends on container host Compiler: clang 18.1.8 (Fedora 18.1.8-1.fc40) Windows Server 2022 Kernel: 10.0.20348.2031 Compiler: clang 15.0.7, gcc 14.1.0 (MinGW), and MSVC VS 19.39.33521 To view detailed results, visit: https://lab.dpdk.org/results/dashboard/tarballs/33409/ UNH-IOL DPDK Community Lab To manage your email subscriptions, visit: https://lab.dpdk.org/results/dashboard/preferences/subscriptions/