From mboxrd@z Thu Jan 1 00:00:00 1970 Return-Path: Received: from mails.dpdk.org (mails.dpdk.org [217.70.189.124]) by inbox.dpdk.org (Postfix) with ESMTP id 1865A4669A for ; Fri, 2 May 2025 09:32:11 +0200 (CEST) Received: from mails.dpdk.org (localhost [127.0.0.1]) by mails.dpdk.org (Postfix) with ESMTP id 326D4402A0; Fri, 2 May 2025 09:32:04 +0200 (CEST) Received: from mail-pl1-f228.google.com (mail-pl1-f228.google.com [209.85.214.228]) by mails.dpdk.org (Postfix) with ESMTP id 154B64029E for ; Fri, 2 May 2025 09:32:03 +0200 (CEST) Received: by mail-pl1-f228.google.com with SMTP id d9443c01a7336-224019ad9edso27291955ad.1 for ; Fri, 02 May 2025 00:32:03 -0700 (PDT) DKIM-Signature: v=1; a=rsa-sha256; c=relaxed/relaxed; d=iol.unh.edu; s=unh-iol; t=1746171122; x=1746775922; darn=dpdk.org; h=cc:to:from:subject:message-id:date:from:to:cc:subject:date :message-id:reply-to; bh=qJfwAdZvsawW/zQRiPYuimI5Jqcs8OFH+yOXtkJlqXY=; b=BC2l7J5cd3wmXvToDuy6+6Hr0oF0/j5oaJEDdZo40Zh4BmD4cKsyQULI6L+S0njvVn c3cJmvUYihjJljwvrTrD7kqUuq0hzsvB0Ei/d+RPgT8WYNlehPxPo7T6wXGctVVEBvFg XB8cSe3q/CZd1BKvbOD21o/rWSAp/Fpn+UYuo= X-Google-DKIM-Signature: v=1; a=rsa-sha256; c=relaxed/relaxed; d=1e100.net; s=20230601; t=1746171122; x=1746775922; h=cc:to:from:subject:message-id:date:x-gm-message-state:from:to:cc :subject:date:message-id:reply-to; bh=qJfwAdZvsawW/zQRiPYuimI5Jqcs8OFH+yOXtkJlqXY=; b=HFbciWHM8AxZAbTfjuCAh6V0Odci9FM90rmJSIMgjnBGMCCOwxrHb9ItSN/WiNZBT7 W9oPdyC0fOh8VbBGI0AxWe7BzcB5qPMGC9ZUq/edbZm1BVDFwhOz68Vh45b5QuV3i5y6 4NonwZMJ0fX0DG5JD3/4yuoV3plVIibTRTRclqackjIy+qJpTzehaPLMgCD2DuFLyVJh H7LdyJlwLL3Fyt6iD/VcG9sbCOhVbH9WgDBbOnp492M18kFwMrsMnPAR+fEw4MhKvzCf xNH3p35lbUK6jhGKNeVmOO6ZerRqFfMUCkpm9254I3+uMrvGYPmlE+sP9p9P2jHXNle3 JkRw== X-Gm-Message-State: AOJu0YwK8hJ00xcWwAA3FmR/kdluIXhT0GQlRomV0Dv7wptMpxSZFvki eE3P0uBUb0rL1dKBPKJ+Y/TnPEA5VPMEI1tHo+VCeNMC6YyxvZdNuyn7mRUQZaV364bof5hb99H DghjK+mvf1DIKSXfp801gxJDS5qyzgUYJ X-Gm-Gg: ASbGncueaKS25lT5ZGGNWx73OZjjCkGmg1TTSOWZjsPTC8MZA988mEPfaHHpfH6lJ8K WKBbJeimBU2EJn/fzt6n5bVr6HqUtsz5JCYlLGG+jidYhupAAt9XdLeGYb2d3bG7q0wkqayWCWb Y1RLraB7iQfPPnUyEzMv85jKxZ3eP6R9uHCDl9SMS/E0uxwmZaI/3EdvHOOIULCY02sKVDpoZRd uyhrpqtw94oNLNEa9Jp7Wch3y3hZDUi+m9lLbWquHbWIIAT06vxDRSNxzAc8KPFjGX+6wJc0dFS 4Iw4CEljbv542JEfyDG7cysiPBu+B1uvXOJowoDtWvtvV0ys6mmszQRPp0o= X-Google-Smtp-Source: AGHT+IHsy9SljedMJshLHwXC874+9Buj6ix5LFVYZ6SRtvsO3HEa1UINwCEJTEG8XBVqVf2iUnnbjayeZiSa X-Received: by 2002:a17:903:1ae3:b0:224:1ec0:8a1a with SMTP id d9443c01a7336-22e103de469mr27628395ad.51.1746171121880; Fri, 02 May 2025 00:32:01 -0700 (PDT) Received: from postal.iol.unh.edu (postal.iol.unh.edu. [132.177.123.84]) by smtp-relay.gmail.com with ESMTPS id d9443c01a7336-22e150eaf5fsm250025ad.2.2025.05.02.00.32.01 (version=TLS1_2 cipher=ECDHE-ECDSA-AES128-GCM-SHA256 bits=128/128); Fri, 02 May 2025 00:32:01 -0700 (PDT) X-Relaying-Domain: iol.unh.edu Date: Fri, 02 May 2025 00:32:01 -0700 (PDT) Message-ID: <681474f1.170a0220.2bcf27.037dSMTPIN_ADDED_MISSING@mx.google.com> Received: from [172.21.0.5] (unknown [172.18.0.240]) by postal.iol.unh.edu (Postfix) with ESMTP id 50F836052471; Fri, 2 May 2025 03:32:01 -0400 (EDT) Subject: |FAILURE| [GIT MASTER] 4401486b5e30d43a134f80f9802f60b5f43e74a8 From: dpdklab@iol.unh.edu To: Test Report Cc: dpdk-test-reports@iol.unh.edu, Xueming Li , Christian Ehrhardt , Kevin Traynor , Luca Boccassi Content-Type: text/plain X-BeenThere: test-report@dpdk.org X-Mailman-Version: 2.1.29 Precedence: list List-Id: automatic DPDK test reports List-Unsubscribe: , List-Archive: List-Post: List-Help: List-Subscribe: , Errors-To: test-report-bounces@dpdk.org _Testing issues_ Branch: tags/v22.11 4401486b5e30d43a134f80f9802f60b5f43e74a8 --> testing issues Upstream job id: Generic-Unit-Test-DPDK#334755 Test environment and result as below: +---------------------+----------------+ | Environment | dpdk_unit_test | +=====================+================+ | CentOS Stream 9 | FAIL | +---------------------+----------------+ | Debian 12 | FAIL | +---------------------+----------------+ | CentOS Stream 10 | FAIL | +---------------------+----------------+ | RHEL9 | FAIL | +---------------------+----------------+ | Fedora 41 | FAIL | +---------------------+----------------+ | Ubuntu 22.04 | FAIL | +---------------------+----------------+ | Fedora 41 (Clang) | FAIL | +---------------------+----------------+ | RHEL8 | FAIL | +---------------------+----------------+ | Ubuntu 20.04 | PASS | +---------------------+----------------+ | Ubuntu 24.04 | FAIL | +---------------------+----------------+ | Fedora 40 | FAIL | +---------------------+----------------+ | Fedora 40 (Clang) | PEND | +---------------------+----------------+ | Windows Server 2022 | FAIL | +---------------------+----------------+ ==== Unit test summary for Windows Server 2022 (dpdk_unit_test): ==== Failed to get the unit test results. Displaying the unit test results is not supported for some environments, such as our aarch32 testing, where meson is not used to run the tests. Download the logs available on our CI site. ==== End log output ==== CentOS Stream 9 Kernel: Depends on container host Compiler: gcc 11.5.0 20240719 (Red Hat 11.5.0-2) Debian 12 Kernel: Depends on container host Compiler: gcc (Debian 12.2.0-14) 12.2.0 CentOS Stream 10 Kernel: Depends on container host Compiler: gcc 14.2.1 20241104 (Red Hat 14.2.1-6) RHEL9 Kernel: Depends on container host Compiler: gcc 11.5.0 20240719 (Red Hat 11.5.0-2) Fedora 41 Kernel: Depends on container host Compiler: gcc 14.2.1 20240912 (Red Hat 14.2.1-3) Ubuntu 22.04 Kernel: Depends on container host Compiler: gcc (Ubuntu 11.4.0-1ubuntu1~22.04) 11.4.0 Fedora 41 (Clang) Kernel: Depends on container host Compiler: clang 19.1.5 (Fedora 19.1.5-1.fc41) RHEL8 Kernel: Depends on container host Compiler: gcc 8.5.0 20210514 (Red Hat 8.5.0-22) Ubuntu 20.04 Kernel: Depends on container host Compiler: gcc (Ubuntu 9.4.0-1ubuntu1~20.04.2) 9.4.0 Ubuntu 24.04 Kernel: Depends on container host Compiler: gcc (Ubuntu 13.3.0-6ubuntu2~24.04) 13.3.0 Fedora 40 Kernel: Depends on container host Compiler: gcc 14.2.1 20240912 (Red Hat 14.2.1-3) Fedora 40 (Clang) Kernel: Depends on container host Compiler: clang 18.1.8 (Fedora 18.1.8-1.fc40) Windows Server 2022 Kernel: 10.0.20348.2031 Compiler: clang 15.0.7, gcc 14.1.0 (MinGW), and MSVC VS 19.39.33521 To view detailed results, visit: https://lab.dpdk.org/results/dashboard/tarballs/33409/ UNH-IOL DPDK Community Lab To manage your email subscriptions, visit: https://lab.dpdk.org/results/dashboard/preferences/subscriptions/