From mboxrd@z Thu Jan 1 00:00:00 1970 Return-Path: Received: from mails.dpdk.org (mails.dpdk.org [217.70.189.124]) by inbox.dpdk.org (Postfix) with ESMTP id 505CD4669A for ; Fri, 2 May 2025 09:37:30 +0200 (CEST) Received: from mails.dpdk.org (localhost [127.0.0.1]) by mails.dpdk.org (Postfix) with ESMTP id AAED7402A4; Fri, 2 May 2025 09:37:27 +0200 (CEST) Received: from mail-il1-f225.google.com (mail-il1-f225.google.com [209.85.166.225]) by mails.dpdk.org (Postfix) with ESMTP id 099C44029E for ; Fri, 2 May 2025 09:37:26 +0200 (CEST) Received: by mail-il1-f225.google.com with SMTP id e9e14a558f8ab-3d589ed2b47so5730185ab.2 for ; Fri, 02 May 2025 00:37:25 -0700 (PDT) DKIM-Signature: v=1; a=rsa-sha256; c=relaxed/relaxed; d=iol.unh.edu; s=unh-iol; t=1746171445; x=1746776245; darn=dpdk.org; h=cc:to:from:subject:message-id:date:from:to:cc:subject:date :message-id:reply-to; bh=b9lOUBa4JwRYHA5ksw/O+ieEvKgd24ZsOzgKoB1WH6s=; b=LISCKbVYdrLR+uUqGlROGaY1maJ4aoWGpjc3Ypr7G83XBXnJ/1htgzvv/LMzFAQC6n OLhodFZJmCW/N9thuR27Iqkm3PUvB2qpUlSeGu0iR91sfsR3LMenXicd7zXHfwNAlBhx JxQxN6MgS1WxYgJu+XKEOxMZz+bMkx3j7ZxGo= X-Google-DKIM-Signature: v=1; a=rsa-sha256; c=relaxed/relaxed; d=1e100.net; s=20230601; t=1746171445; x=1746776245; h=cc:to:from:subject:message-id:date:x-gm-message-state:from:to:cc :subject:date:message-id:reply-to; bh=b9lOUBa4JwRYHA5ksw/O+ieEvKgd24ZsOzgKoB1WH6s=; b=OK7BZgQD5cZXet89xRDtZBMGetbyQbeY9zFtXPKyoB5NDC3D8b3MAVopQZZzh12I7g FpWL/iWfpgIM+NsNhQOVSoVFnj0js7p0n/d1GO5/0zAt5K30DU5MeOIRWva+J+rhdup1 TkX41lLvSbDEHCEfUIhaod4jD6rPizOvscH3CbNNj/OZqE7L2UgWP6oFLXIgV8e/uLAW REk+PZkzt0HsoHz6l6eG4Z2ph7o69BkT/r9jqmN7vEjsQR0roDnf0pECcPwdNM0eUz4Q DWa8N2I3VtvtKkjQgYCqNVr8GtxtbYu3GwKMajtKDBtFYYzEOuK6uN+zsyfmqGd5NIHa lLYg== X-Gm-Message-State: AOJu0YwiEJ5DTlmx183kVlxmaIaY3wKE5lmzvKfcmsfC5uHxDo6ope6f hQegFjNoXktUwvITvUyqiZw9X/RcJc6ofGK2KRxalSB4550Po0cwBxVSMSucetFZZOa3Es7rcJn b9StFd0VEhmYiyRjVoFFjmv5iMUX51xzc X-Gm-Gg: ASbGncsnN2F8xj6bCohG7fOe/rBGaQ7GAMLYwUcM8RoJP47qQGaCfpHAXwuly1ERz0m CXRuLtZes+uZezW5BsU4lUIq6729npe4RRp2YghfnffSm59crMXAAeRR01nNQQxbU0wGqT+e8oV SEoqQzlilg7b5UYes1w4umOHkZ0UnFvOuYIyIJd3j9BzLmjhCYeuqCba/n8vBWcYDdIBpB4IE0f LDzg8B6mLeUzwzFV1cbBCtd6AeX6JEYRd5LSfL/My4nUsY4qVW3dEskEzVZszmgPWTW4bf9GPla UoWQ32hF9Fgkb3FyMRC1hFIbDd03MsfqzEPDndRCoheBi2MO78ExTWkbHOw= X-Google-Smtp-Source: AGHT+IFqzq2u7wHwdY5Q/CZKS+5EHEbUQ39rX5zai6KqP6/KHUxFpJBT9zGjY17XM1WBkkNiIz4p308dX9yC X-Received: by 2002:a05:6e02:1906:b0:3d8:975:b808 with SMTP id e9e14a558f8ab-3d97c15cb96mr19040875ab.5.1746171445258; Fri, 02 May 2025 00:37:25 -0700 (PDT) Received: from postal.iol.unh.edu (postal.iol.unh.edu. [132.177.123.84]) by smtp-relay.gmail.com with ESMTPS id e9e14a558f8ab-3d97607263bsm5689915ab.65.2025.05.02.00.37.25 (version=TLS1_2 cipher=ECDHE-ECDSA-AES128-GCM-SHA256 bits=128/128); Fri, 02 May 2025 00:37:25 -0700 (PDT) X-Relaying-Domain: iol.unh.edu Date: Fri, 02 May 2025 00:37:25 -0700 (PDT) Message-ID: <68147635.050a0220.20af23.534aSMTPIN_ADDED_MISSING@mx.google.com> Received: from [172.21.0.6] (unknown [172.18.0.240]) by postal.iol.unh.edu (Postfix) with ESMTP id B03A86052471; Fri, 2 May 2025 03:37:24 -0400 (EDT) Subject: |FAILURE| [GIT MASTER] 4401486b5e30d43a134f80f9802f60b5f43e74a8 From: dpdklab@iol.unh.edu To: Test Report Cc: dpdk-test-reports@iol.unh.edu, Xueming Li , Christian Ehrhardt , Kevin Traynor , Luca Boccassi Content-Type: text/plain X-BeenThere: test-report@dpdk.org X-Mailman-Version: 2.1.29 Precedence: list List-Id: automatic DPDK test reports List-Unsubscribe: , List-Archive: List-Post: List-Help: List-Subscribe: , Errors-To: test-report-bounces@dpdk.org _Testing issues_ Branch: tags/v22.11 4401486b5e30d43a134f80f9802f60b5f43e74a8 --> testing issues Upstream job id: Generic-Unit-Test-DPDK#334750 Test environment and result as below: +---------------------+----------------+ | Environment | dpdk_unit_test | +=====================+================+ | CentOS Stream 9 | FAIL | +---------------------+----------------+ | Debian 12 | FAIL | +---------------------+----------------+ | CentOS Stream 10 | FAIL | +---------------------+----------------+ | RHEL9 | FAIL | +---------------------+----------------+ | Fedora 41 | FAIL | +---------------------+----------------+ | Ubuntu 22.04 | FAIL | +---------------------+----------------+ | Fedora 41 (Clang) | FAIL | +---------------------+----------------+ | RHEL8 | FAIL | +---------------------+----------------+ | Ubuntu 20.04 | PASS | +---------------------+----------------+ | Ubuntu 24.04 | FAIL | +---------------------+----------------+ | Fedora 40 | FAIL | +---------------------+----------------+ | Fedora 40 (Clang) | PEND | +---------------------+----------------+ | Windows Server 2022 | FAIL | +---------------------+----------------+ ==== Unit test summary for Windows Server 2022 (dpdk_unit_test): ==== Failed to get the unit test results. Displaying the unit test results is not supported for some environments, such as our aarch32 testing, where meson is not used to run the tests. Download the logs available on our CI site. ==== End log output ==== CentOS Stream 9 Kernel: Depends on container host Compiler: gcc 11.5.0 20240719 (Red Hat 11.5.0-2) Debian 12 Kernel: Depends on container host Compiler: gcc (Debian 12.2.0-14) 12.2.0 CentOS Stream 10 Kernel: Depends on container host Compiler: gcc 14.2.1 20241104 (Red Hat 14.2.1-6) RHEL9 Kernel: Depends on container host Compiler: gcc 11.5.0 20240719 (Red Hat 11.5.0-2) Fedora 41 Kernel: Depends on container host Compiler: gcc 14.2.1 20240912 (Red Hat 14.2.1-3) Ubuntu 22.04 Kernel: Depends on container host Compiler: gcc (Ubuntu 11.4.0-1ubuntu1~22.04) 11.4.0 Fedora 41 (Clang) Kernel: Depends on container host Compiler: clang 19.1.5 (Fedora 19.1.5-1.fc41) RHEL8 Kernel: Depends on container host Compiler: gcc 8.5.0 20210514 (Red Hat 8.5.0-22) Ubuntu 20.04 Kernel: Depends on container host Compiler: gcc (Ubuntu 9.4.0-1ubuntu1~20.04.2) 9.4.0 Ubuntu 24.04 Kernel: Depends on container host Compiler: gcc (Ubuntu 13.3.0-6ubuntu2~24.04) 13.3.0 Fedora 40 Kernel: Depends on container host Compiler: gcc 14.2.1 20240912 (Red Hat 14.2.1-3) Fedora 40 (Clang) Kernel: Depends on container host Compiler: clang 18.1.8 (Fedora 18.1.8-1.fc40) Windows Server 2022 Kernel: 10.0.20348.2031 Compiler: clang 15.0.7, gcc 14.1.0 (MinGW), and MSVC VS 19.39.33521 To view detailed results, visit: https://lab.dpdk.org/results/dashboard/tarballs/33409/ UNH-IOL DPDK Community Lab To manage your email subscriptions, visit: https://lab.dpdk.org/results/dashboard/preferences/subscriptions/