From mboxrd@z Thu Jan 1 00:00:00 1970 Return-Path: Received: from mails.dpdk.org (mails.dpdk.org [217.70.189.124]) by inbox.dpdk.org (Postfix) with ESMTP id F273D4669A for ; Fri, 2 May 2025 09:43:17 +0200 (CEST) Received: from mails.dpdk.org (localhost [127.0.0.1]) by mails.dpdk.org (Postfix) with ESMTP id 36174402A0; Fri, 2 May 2025 09:43:15 +0200 (CEST) Received: from mail-yb1-f225.google.com (mail-yb1-f225.google.com [209.85.219.225]) by mails.dpdk.org (Postfix) with ESMTP id 77FA04029E for ; Fri, 2 May 2025 09:43:13 +0200 (CEST) Received: by mail-yb1-f225.google.com with SMTP id 3f1490d57ef6-e6e1cd3f1c5so1458695276.0 for ; Fri, 02 May 2025 00:43:13 -0700 (PDT) DKIM-Signature: v=1; a=rsa-sha256; c=relaxed/relaxed; d=iol.unh.edu; s=unh-iol; t=1746171793; x=1746776593; darn=dpdk.org; h=cc:to:from:subject:message-id:date:from:to:cc:subject:date :message-id:reply-to; bh=L7n4u68DYZGVsFLl4p8L7pj/HkO8pyJZMuh30rwn9Hc=; b=jyi1gAaJQ+vDbPP4nmPItkskdhEGAHFlWIjoQKogTRSsGAq0DEpnpyCzylU/sJn92w FdPrs226Z+YoNqT0YSLTOhA2l+uW+Ojk0UHdqb/OsCEap5GOH3qDQ8lgJNKe8GiHCQmd dSQdEsnNV/MYCvpXppBWgFZ7gu1y9vW+eDN2g= X-Google-DKIM-Signature: v=1; a=rsa-sha256; c=relaxed/relaxed; d=1e100.net; s=20230601; t=1746171793; x=1746776593; h=cc:to:from:subject:message-id:date:x-gm-message-state:from:to:cc :subject:date:message-id:reply-to; bh=L7n4u68DYZGVsFLl4p8L7pj/HkO8pyJZMuh30rwn9Hc=; b=WZ43obiaNJtqMCKHFa9XX76Ie6WLxaHFbMXXVYU3YPhHoIe6049QKDBRY+uHNkJKmf bp5vQL+Rqi+HVQZLQSrJm/wa3zreMW0o3dIbkYCWWAQ3m9a1RD0YZH4aDQRt5gA+EpRV Lhp6pnvKjLhinEu9RbPFY1znPJKwPE6i6/Lw6BSedwXX8o3Ir8Ls6UBZ+Zthvscvu+DB SBhN/DAJadnBDEulcat9SUmZsajPEiKAl/k7tUbj3hdcuKwwGlOjN5bMHrbwNzhhSjfw LFyxBFE07z2pMjqOLF1Vgn9eZEGhpHSvNCeXUtvDzCCft3cBVhC1Oiu7/KCfKE8V4Pmi KA/Q== X-Gm-Message-State: AOJu0YxB+GUCPOTZjE0uBQD6om2cQ0DKJXgEb8j3OIfTAUms0HoWevcA b4QTa8FF6aVJkl2Bm+l2o8Px79wQGHHzGE8JU93vL172SfnvZIL4cdBT393p9Qh89+I8DtBSE+z wFH+OeC81xC8wvPLB+aWFpoj+9bzsvRCQ X-Gm-Gg: ASbGnculNNQEATUTAjNJXMNgqM6YZfJezPmA5aEeokaLvuOxk3mmdvLBwVStMysXLjx 7QqIaeVGmPaOg4oqP+WYiy12RdmK7Op3LqSnyFAkq4RmCmqgh8U2nsjNfQh5xDhi+K1CzNrGHYj oYgRuwMo1hMdPnjLYAeIQ2JQVwovaYRFo/cQ+vTnphb5jyTpehApPjFucXK3UWLH9g2JXDjdUht L6JArsLuII50MAECg9WqLa/n3nOCRRI94vJ6Bbm8I41uVsuixbtIV3/esWVtj/KnI5x3YK82phh 8FX5iHs2DlqFhEmNe70U3FBEIS7FTYpxSEhHgxfSzJRqpvL1FYgspTIUvRA= X-Google-Smtp-Source: AGHT+IGlmONJI7oW3EpRQ9wgIQy0T/s69xPlMRGr0N+Y/4dtlz4l9lTp+NibEEyMaNSd3++uUC0vZtneIiXv X-Received: by 2002:a05:6902:1501:b0:e6d:df8b:4658 with SMTP id 3f1490d57ef6-e7565625f5fmr2255893276.34.1746171792699; Fri, 02 May 2025 00:43:12 -0700 (PDT) Received: from postal.iol.unh.edu (postal.iol.unh.edu. [132.177.123.84]) by smtp-relay.gmail.com with ESMTPS id 3f1490d57ef6-e755e6eecb0sm432599276.4.2025.05.02.00.43.12 (version=TLS1_2 cipher=ECDHE-ECDSA-AES128-GCM-SHA256 bits=128/128); Fri, 02 May 2025 00:43:12 -0700 (PDT) X-Relaying-Domain: iol.unh.edu Date: Fri, 02 May 2025 00:43:12 -0700 (PDT) Message-ID: <68147790.050a0220.128bf1.29f1SMTPIN_ADDED_MISSING@mx.google.com> Received: from [172.17.0.4] (unknown [172.18.0.74]) by postal.iol.unh.edu (Postfix) with ESMTP id 3A8AA6052471; Fri, 2 May 2025 03:43:12 -0400 (EDT) Subject: |FAILURE| [GIT MASTER] 4401486b5e30d43a134f80f9802f60b5f43e74a8 From: dpdklab@iol.unh.edu To: Test Report Cc: dpdk-test-reports@iol.unh.edu, Xueming Li , Christian Ehrhardt , Kevin Traynor , Luca Boccassi Content-Type: text/plain X-BeenThere: test-report@dpdk.org X-Mailman-Version: 2.1.29 Precedence: list List-Id: automatic DPDK test reports List-Unsubscribe: , List-Archive: List-Post: List-Help: List-Subscribe: , Errors-To: test-report-bounces@dpdk.org _Testing issues_ Branch: tags/v22.11 4401486b5e30d43a134f80f9802f60b5f43e74a8 --> testing issues Upstream job id: Generic-Unit-Test-DPDK#334740 Test environment and result as below: +---------------------+----------------+ | Environment | dpdk_unit_test | +=====================+================+ | CentOS Stream 9 | FAIL | +---------------------+----------------+ | Debian 12 | FAIL | +---------------------+----------------+ | CentOS Stream 10 | FAIL | +---------------------+----------------+ | RHEL9 | FAIL | +---------------------+----------------+ | Fedora 41 | FAIL | +---------------------+----------------+ | Ubuntu 22.04 | FAIL | +---------------------+----------------+ | Fedora 41 (Clang) | FAIL | +---------------------+----------------+ | RHEL8 | FAIL | +---------------------+----------------+ | Ubuntu 20.04 | PASS | +---------------------+----------------+ | Ubuntu 24.04 | FAIL | +---------------------+----------------+ | Fedora 40 | FAIL | +---------------------+----------------+ | Fedora 40 (Clang) | FAIL | +---------------------+----------------+ | Windows Server 2022 | FAIL | +---------------------+----------------+ ==== Unit test summary for Windows Server 2022 (dpdk_unit_test): ==== Failed to get the unit test results. Displaying the unit test results is not supported for some environments, such as our aarch32 testing, where meson is not used to run the tests. Download the logs available on our CI site. ==== End log output ==== CentOS Stream 9 Kernel: Depends on container host Compiler: gcc 11.5.0 20240719 (Red Hat 11.5.0-2) Debian 12 Kernel: Depends on container host Compiler: gcc (Debian 12.2.0-14) 12.2.0 CentOS Stream 10 Kernel: Depends on container host Compiler: gcc 14.2.1 20241104 (Red Hat 14.2.1-6) RHEL9 Kernel: Depends on container host Compiler: gcc 11.5.0 20240719 (Red Hat 11.5.0-2) Fedora 41 Kernel: Depends on container host Compiler: gcc 14.2.1 20240912 (Red Hat 14.2.1-3) Ubuntu 22.04 Kernel: Depends on container host Compiler: gcc (Ubuntu 11.4.0-1ubuntu1~22.04) 11.4.0 Fedora 41 (Clang) Kernel: Depends on container host Compiler: clang 19.1.5 (Fedora 19.1.5-1.fc41) RHEL8 Kernel: Depends on container host Compiler: gcc 8.5.0 20210514 (Red Hat 8.5.0-22) Ubuntu 20.04 Kernel: Depends on container host Compiler: gcc (Ubuntu 9.4.0-1ubuntu1~20.04.2) 9.4.0 Ubuntu 24.04 Kernel: Depends on container host Compiler: gcc (Ubuntu 13.3.0-6ubuntu2~24.04) 13.3.0 Fedora 40 Kernel: Depends on container host Compiler: gcc 14.2.1 20240912 (Red Hat 14.2.1-3) Fedora 40 (Clang) Kernel: Depends on container host Compiler: clang 18.1.8 (Fedora 18.1.8-1.fc40) Windows Server 2022 Kernel: 10.0.20348.2031 Compiler: clang 15.0.7, gcc 14.1.0 (MinGW), and MSVC VS 19.39.33521 To view detailed results, visit: https://lab.dpdk.org/results/dashboard/tarballs/33409/ UNH-IOL DPDK Community Lab To manage your email subscriptions, visit: https://lab.dpdk.org/results/dashboard/preferences/subscriptions/