From mboxrd@z Thu Jan 1 00:00:00 1970 Return-Path: Received: from mails.dpdk.org (mails.dpdk.org [217.70.189.124]) by inbox.dpdk.org (Postfix) with ESMTP id 57E6D4669A for ; Fri, 2 May 2025 09:53:21 +0200 (CEST) Received: from mails.dpdk.org (localhost [127.0.0.1]) by mails.dpdk.org (Postfix) with ESMTP id 52DEB402A0; Fri, 2 May 2025 09:53:21 +0200 (CEST) Received: from mail-il1-f225.google.com (mail-il1-f225.google.com [209.85.166.225]) by mails.dpdk.org (Postfix) with ESMTP id ACAF54029E for ; Fri, 2 May 2025 09:53:20 +0200 (CEST) Received: by mail-il1-f225.google.com with SMTP id e9e14a558f8ab-3d81cba18e1so13374265ab.3 for ; Fri, 02 May 2025 00:53:20 -0700 (PDT) DKIM-Signature: v=1; a=rsa-sha256; c=relaxed/relaxed; d=iol.unh.edu; s=unh-iol; t=1746172400; x=1746777200; darn=dpdk.org; h=cc:to:from:subject:message-id:date:from:to:cc:subject:date :message-id:reply-to; bh=xyU8StCQ+HqU9/kNUHWKqAty5Se62y9cpQsgDrjlcm4=; b=aPirpkejj/fz3GDxNqx1A8HFPHyX8fA/S/cm2C6DUixqMurIjXsmfpHX1J50kYpIWv 0Li8/cTz8zHsQiM2jTUIXLFVJxPgAj8XQmUJ50nwszGtC2SxkYgqRjJ5O8nBnUHbfqQy oN1ttHiAUvBum+d66PA3O2W+NHoYyJwnjLKMw= X-Google-DKIM-Signature: v=1; a=rsa-sha256; c=relaxed/relaxed; d=1e100.net; s=20230601; t=1746172400; x=1746777200; h=cc:to:from:subject:message-id:date:x-gm-message-state:from:to:cc :subject:date:message-id:reply-to; bh=xyU8StCQ+HqU9/kNUHWKqAty5Se62y9cpQsgDrjlcm4=; b=WHM1aQaQwY3ckaR+pCMhHesaxKiE3bh1xWW8bUcVTgzKIO/tsensC/LBBd9oppqYwG SkLSUcF5zgPVtXamOCY4zFcmWykl9+cj2982K9nEjvfmfHIzXB/m3bV4vTLQqKSnWn2a FZsR/nldRW5KUg9QfIYfWx5f20xsUq0X1D45FlYzlDa9waaS8tdNo1JQQ2lRuuC6fHoQ w7kJtqCJ9De2ez/icNg1qX0yCGft4SDJ8GL7FO9pAERC6uX4Eyb1owSOLwo137HlhnCm WgjbOUAEcReNB8wvACh7WgHaEmqyf8PcsZ10EvJo135VaVA/XfGcNl8MJdAjBLo0rrbT IiBQ== X-Gm-Message-State: AOJu0YyWeIyxnJ8wjHCMjeP8BeDAd7KWAU1W3b9C6BMVwRn/1lRTiqgN UvzA2GlrpiKUmqZgQqvPnr8H262Z4Jc3I9FUdf40AHx8qunWZF7nuYnIzfomogWHje0kD4tx5cy 10/lsuZtWkS+fsNEBnJZCy2RnDpsnTZAT X-Gm-Gg: ASbGncvC08e7S29pue03XySi/0gXCW82K0Tie+UbbNMxI9JIDdLQrvr0bLnW+7p3joA FVTPAW8PeGSB81/gmY3ORoZnPKpHok9kjUQdoUzfmJQkSZdJB5PhkbDdqjNIS+MlWXbNl7/rH7r mr80pLiwuqx+fein3lfsAm9G38HLsk4p5BRlF4J3X9/uujzbNvwuWVLW0MiAm0RMqUqH7gzjjPz vRcERoBTBwgbamsUG6sRweuZBaFzRqokagf1PhtjbjiSWYLDv88eq32N20RpuEKCnwKQD+l8m43 cV5d7yUJRFruuXsHyfPYihU54evl71FwRhCBcIw95eCCJ5gWTmAHQHALfTU= X-Google-Smtp-Source: AGHT+IGyG8xUm4QUU//Hku1FJI0vRFdY6wozDLaAORoNZTrnOlJYa/dPFFAOpV+pGlCgxglgK1N+AJHKZZxb X-Received: by 2002:a05:6e02:184e:b0:3d4:6ff4:2608 with SMTP id e9e14a558f8ab-3d97c1bf0bemr22453555ab.12.1746172400060; Fri, 02 May 2025 00:53:20 -0700 (PDT) Received: from postal.iol.unh.edu (postal.iol.unh.edu. [132.177.123.84]) by smtp-relay.gmail.com with ESMTPS id e9e14a558f8ab-3d975e7d774sm5565735ab.18.2025.05.02.00.53.19 (version=TLS1_2 cipher=ECDHE-ECDSA-AES128-GCM-SHA256 bits=128/128); Fri, 02 May 2025 00:53:20 -0700 (PDT) X-Relaying-Domain: iol.unh.edu Date: Fri, 02 May 2025 00:53:20 -0700 (PDT) Message-ID: <681479f0.050a0220.196d6b.575aSMTPIN_ADDED_MISSING@mx.google.com> Received: from [172.17.0.2] (unknown [172.18.0.74]) by postal.iol.unh.edu (Postfix) with ESMTP id 88E6F6052471; Fri, 2 May 2025 03:53:19 -0400 (EDT) Subject: |WARNING| [GIT MASTER] 4401486b5e30d43a134f80f9802f60b5f43e74a8 From: dpdklab@iol.unh.edu To: Test Report Cc: dpdk-test-reports@iol.unh.edu, Xueming Li , Christian Ehrhardt , Kevin Traynor , Luca Boccassi Content-Type: text/plain X-BeenThere: test-report@dpdk.org X-Mailman-Version: 2.1.29 Precedence: list List-Id: automatic DPDK test reports List-Unsubscribe: , List-Archive: List-Post: List-Help: List-Subscribe: , Errors-To: test-report-bounces@dpdk.org _Testing issues_ Branch: tags/v22.11 4401486b5e30d43a134f80f9802f60b5f43e74a8 --> testing issues Upstream job id: Generic-DPDK-Compile-Meson#384406 Test environment and result as below: +---------------------+--------------------+-------------------------+----------------------+ | Environment | dpdk_meson_compile | dpdk_llvm_clang_compile | dpdk_mingw64_compile | +=====================+====================+=========================+======================+ | CentOS Stream 10 | PASS | SKIPPED | SKIPPED | +---------------------+--------------------+-------------------------+----------------------+ | Debian 12 | PASS | SKIPPED | SKIPPED | +---------------------+--------------------+-------------------------+----------------------+ | Fedora 40 (Clang) | PASS | SKIPPED | SKIPPED | +---------------------+--------------------+-------------------------+----------------------+ | FreeBSD 13.5 | PASS | SKIPPED | SKIPPED | +---------------------+--------------------+-------------------------+----------------------+ | CentOS Stream 9 | PASS | SKIPPED | SKIPPED | +---------------------+--------------------+-------------------------+----------------------+ | Fedora 41 (Clang) | PASS | SKIPPED | SKIPPED | +---------------------+--------------------+-------------------------+----------------------+ | Fedora 40 | PASS | SKIPPED | SKIPPED | +---------------------+--------------------+-------------------------+----------------------+ | Ubuntu 20.04 | PASS | SKIPPED | SKIPPED | +---------------------+--------------------+-------------------------+----------------------+ | Fedora 41 | PASS | SKIPPED | SKIPPED | +---------------------+--------------------+-------------------------+----------------------+ | openSUSE Leap 15 | PASS | SKIPPED | SKIPPED | +---------------------+--------------------+-------------------------+----------------------+ | Ubuntu 22.04 | PASS | SKIPPED | SKIPPED | +---------------------+--------------------+-------------------------+----------------------+ | RHEL9 | PASS | SKIPPED | SKIPPED | +---------------------+--------------------+-------------------------+----------------------+ | Ubuntu 24.04 | PASS | SKIPPED | SKIPPED | +---------------------+--------------------+-------------------------+----------------------+ | RHEL8 | PASS | SKIPPED | SKIPPED | +---------------------+--------------------+-------------------------+----------------------+ | FreeBSD 14.2 | PASS | SKIPPED | SKIPPED | +---------------------+--------------------+-------------------------+----------------------+ | Windows Server 2022 | SKIPPED | FAIL | PASS | +---------------------+--------------------+-------------------------+----------------------+ ==== 20 line log output for Windows Server 2022 (dpdk_llvm_clang_compile): ==== #define RTE_FMT_TAIL(fmt, ...) __VA_ARGS__ ^~~~~~~~~~~ ..\lib\eal\include/rte_common.h:848:39: note: expanded from macro 'RTE_FMT' #define RTE_FMT(fmt, ...) fmt "%.0s", __VA_ARGS__ "" ^~~~~~~~~~~ ../drivers/crypto/mlx5/mlx5_crypto.c:463:18: note: forward declaration of 'struct mlx5_err_cqe' volatile struct mlx5_err_cqe *cqe = (volatile struct mlx5_err_cqe *) ^ 3 errors generated. [627/788] Linking static target drivers/librte_net_ixgbe.a [628/788] Compiling C object drivers/libtmp_rte_net_vmxnet3.a.p/net_vmxnet3_vmxnet3_rxtx.c.obj [629/788] Compiling C object drivers/libtmp_rte_crypto_mlx5.a.p/crypto_mlx5_mlx5_crypto_dek.c.obj [630/788] Linking target drivers/rte_net_ixgbe-23.dll Creating library drivers\rte_net_ixgbe.lib and object drivers\rte_net_ixgbe.exp [631/788] Compiling C object app/dpdk-testpmd.exe.p/test-pmd_5tswap.c.obj [632/788] Compiling C object drivers/libtmp_rte_net_mlx5.a.p/net_mlx5_mlx5_tx_txpp.c.obj [633/788] Compiling C object app/dpdk-testpmd.exe.p/test-pmd_cmdline_flow.c.obj [634/788] Compiling C object app/test/dpdk-test.exe.p/test_cryptodev.c.obj [635/788] Generating rte_net_octeon_ep.pmd.c with a custom command (wrapped by meson to set PATH) ninja: build stopped: subcommand failed. ==== End log output ==== CentOS Stream 10 Kernel: Depends on container host Compiler: gcc 14.2.1 20241104 (Red Hat 14.2.1-6) Debian 12 Kernel: Depends on container host Compiler: gcc (Debian 12.2.0-14) 12.2.0 Fedora 40 (Clang) Kernel: Depends on container host Compiler: clang 18.1.8 (Fedora 18.1.8-1.fc40) FreeBSD 13.5 Kernel: 13.5-RELEASE Compiler: clang 19.1.7 CentOS Stream 9 Kernel: Depends on container host Compiler: gcc 11.5.0 20240719 (Red Hat 11.5.0-2) Fedora 41 (Clang) Kernel: Depends on container host Compiler: clang 19.1.5 (Fedora 19.1.5-1.fc41) Fedora 40 Kernel: Depends on container host Compiler: gcc 14.2.1 20240912 (Red Hat 14.2.1-3) Ubuntu 20.04 Kernel: Depends on container host Compiler: gcc (Ubuntu 9.4.0-1ubuntu1~20.04.2) 9.4.0 Fedora 41 Kernel: Depends on container host Compiler: gcc 14.2.1 20240912 (Red Hat 14.2.1-3) openSUSE Leap 15 Kernel: Depends on container host Compiler: gcc (SUSE Linux) 7.5.0 Ubuntu 22.04 Kernel: Depends on container host Compiler: gcc (Ubuntu 11.4.0-1ubuntu1~22.04) 11.4.0 RHEL9 Kernel: Depends on container host Compiler: gcc 11.5.0 20240719 (Red Hat 11.5.0-2) Ubuntu 24.04 Kernel: Depends on container host Compiler: gcc (Ubuntu 13.3.0-6ubuntu2~24.04) 13.3.0 RHEL8 Kernel: Depends on container host Compiler: gcc 8.5.0 20210514 (Red Hat 8.5.0-22) FreeBSD 14.2 Kernel: 14.2-RELEASE Compiler: clang 18.1.6 Windows Server 2022 Kernel: 10.0.20348.2031 Compiler: clang 15.0.7, gcc 14.1.0 (MinGW), and MSVC VS 19.39.33521 To view detailed results, visit: https://lab.dpdk.org/results/dashboard/tarballs/33409/ UNH-IOL DPDK Community Lab To manage your email subscriptions, visit: https://lab.dpdk.org/results/dashboard/preferences/subscriptions/