From mboxrd@z Thu Jan 1 00:00:00 1970 Return-Path: Received: from mails.dpdk.org (mails.dpdk.org [217.70.189.124]) by inbox.dpdk.org (Postfix) with ESMTP id 144E14669F for ; Fri, 2 May 2025 17:09:07 +0200 (CEST) Received: from mails.dpdk.org (localhost [127.0.0.1]) by mails.dpdk.org (Postfix) with ESMTP id 2C479402A0; Fri, 2 May 2025 17:09:06 +0200 (CEST) Received: from mail-io1-f99.google.com (mail-io1-f99.google.com [209.85.166.99]) by mails.dpdk.org (Postfix) with ESMTP id DCAF24029E for ; Fri, 2 May 2025 17:09:04 +0200 (CEST) Received: by mail-io1-f99.google.com with SMTP id ca18e2360f4ac-86192b6946eso69382539f.1 for ; Fri, 02 May 2025 08:09:04 -0700 (PDT) DKIM-Signature: v=1; a=rsa-sha256; c=relaxed/relaxed; d=iol.unh.edu; s=unh-iol; t=1746198544; x=1746803344; darn=dpdk.org; h=references:in-reply-to:cc:to:from:subject:message-id:date:from:to :cc:subject:date:message-id:reply-to; bh=5gnMzZ4qy5pVI1yjeWqIRqp9h4dwXM9m5wiucghAXqw=; b=LkQHJWMfZk3rclV3iybzk8kyWii96oeScjao9VhBTIbjO4N8s6X2jsY5gwQMWQD7k4 HNz61EwyWtUQg8v+fBNm3zsISW9Qqp546QerafdUC/sYr8gWbJow1tUPJ6p5zomQH4Wl kywq3JTc8tj7f4u6Hxyx22k2ZAIgvlYRT1IFY= X-Google-DKIM-Signature: v=1; a=rsa-sha256; c=relaxed/relaxed; d=1e100.net; s=20230601; t=1746198544; x=1746803344; h=references:in-reply-to:cc:to:from:subject:message-id:date :x-gm-message-state:from:to:cc:subject:date:message-id:reply-to; bh=5gnMzZ4qy5pVI1yjeWqIRqp9h4dwXM9m5wiucghAXqw=; b=NfMZq4SVveRlbhgzR3TmogX7Zm7HS8lYD+EsBPRNA2L4Nps5tVzz9Qm5bsGaRhD10e 4j8cPAYUTeRyTg8CeXjw6Id8a5N2dTi/8J33ku4UGxC6truiGqokAG+h0FDvFc/wjU6Z 7QIAe5OotXzaj7mkkQILPNTneYea/+dOBGfay+1mOZmlXFDrscxyWi2n7VoFynt2n9uc 2WxYyV3TzCHzSHV/dgHXTaw2zYIfOeW3Fu7X8L4Bu9HcQPkL+cSMMoRJASV6CxewxGhE mHD8weTftHK9uElQNATG8J4SPk3xP2GcvvBDSLmdT+YUFKEzQ0a32Lj2Jh5jYA2AOSr3 Odbg== X-Gm-Message-State: AOJu0YyCl2Jwa8PbLoWC7mZx5DoMLGnwqv8aoP+rkn8FVzGmjHOduony CO4cL/MaUv2r1CJZoocf5TlQrVPeEPcAsu2iGP0MQS1bl8QV7vUyZH1Bs2GZ7eh8ohtrHmIQgrd s85Y+5LuOiLXdVA0JlLZV/0Gzihlxu0fL7elXjVyZ5HPbBUUnJdBkjKyk X-Gm-Gg: ASbGncudcqbclCxDc8SjnM88kddkxH1eDozkpARJqSTL9TJXqsHa2anZVt3Rh1rByw9 SxJ7Mhi1bc1jgRXATnkv5aVyMHlGinHYZuUDRHibnLr477HTobvX15FylgtRBatMlrwWqL1GCVE i9Bn6jqXwIMpdnjNoVCDrV11aTexOp4B2euCR9OWPlwHkqWRzIpF2OCEZo/Imrb52PLkefVWupD 8ei6MG3QYAZ8HdbPYXfalBEmGna8542aiIrQqo5mlMaSqCd5HxVtHk/cp9NZyIqbl5eiQkd4snN go5nZ9Y5lvsizvNSrKx6WeVB2Yv/nMt50Ty5 X-Google-Smtp-Source: AGHT+IG2IV+eVulXfWMhzvA0H6M5+3PJZ1R30m1Cs2ZlpdJ6DfihOKh5hi2lkmRQa5C532kVZa1S3FT6qVdO X-Received: by 2002:a05:6602:398b:b0:85b:59f3:2ed3 with SMTP id ca18e2360f4ac-8669fad545emr452744239f.8.1746198543976; Fri, 02 May 2025 08:09:03 -0700 (PDT) Received: from postal.iol.unh.edu (postal.iol.unh.edu. [2606:4100:3880:1234::84]) by smtp-relay.gmail.com with ESMTPS id 8926c6da1cb9f-4f88aa624c0sm366654173.50.2025.05.02.08.09.03 (version=TLS1_2 cipher=ECDHE-ECDSA-AES128-GCM-SHA256 bits=128/128); Fri, 02 May 2025 08:09:03 -0700 (PDT) X-Relaying-Domain: iol.unh.edu Date: Fri, 02 May 2025 08:09:03 -0700 (PDT) Message-ID: <6814e00f.050a0220.126ece.4a24SMTPIN_ADDED_MISSING@mx.google.com> Received: from [172.17.0.2] (unknown [172.18.0.74]) by postal.iol.unh.edu (Postfix) with ESMTP id 6E0396052471; Fri, 2 May 2025 11:09:03 -0400 (EDT) Subject: |WARNING| pw153223 [PATCH] [v1,1/1] app/testpmd: add sleep command From: dpdklab@iol.unh.edu To: Test Report Cc: dpdk-test-reports@iol.unh.edu In-Reply-To: <7ac1444b7d2d64dc467a22e7ac65cf3cc16246dc.1746188833.git.anatoly.burakov@intel.com> References: <7ac1444b7d2d64dc467a22e7ac65cf3cc16246dc.1746188833.git.anatoly.burakov@intel.com> Content-Type: text/plain X-BeenThere: test-report@dpdk.org X-Mailman-Version: 2.1.29 Precedence: list List-Id: automatic DPDK test reports List-Unsubscribe: , List-Archive: List-Post: List-Help: List-Subscribe: , Errors-To: test-report-bounces@dpdk.org Test-Label: iol-abi-testing Test-Status: WARNING http://dpdk.org/patch/153223 _Testing issues_ Submitter: Burakov, Anatoly Date: Friday, May 02 2025 12:27:29 DPDK git baseline: Repo:dpdk Branch: master CommitID:ff05ee3e3f8fb4ce958a2ce6461e8141aea959c6 153223 --> testing issues Upstream job id: Generic-DPDK-Compile-ABI#125025 Test environment and result as below: +-------------------+----------+ | Environment | abi_test | +===================+==========+ | CentOS Stream 9 | FAIL | +-------------------+----------+ | CentOS Stream 10 | FAIL | +-------------------+----------+ | Fedora 40 (Clang) | FAIL | +-------------------+----------+ | Debian 12 | FAIL | +-------------------+----------+ | Fedora 40 | FAIL | +-------------------+----------+ | Fedora 41 (Clang) | FAIL | +-------------------+----------+ | Fedora 41 | FAIL | +-------------------+----------+ | RHEL9 | FAIL | +-------------------+----------+ | RHEL8 | FAIL | +-------------------+----------+ | Ubuntu 24.04 | FAIL | +-------------------+----------+ | Ubuntu 22.04 | FAIL | +-------------------+----------+ | openSUSE Leap 15 | FAIL | +-------------------+----------+ ==== 20 line log output for openSUSE Leap 15 (abi_test): ==== Variables changes summary: 0 Removed, 0 Changed, 0 Added variable Functions changes summary: 0 Removed, 0 Changed (3 filtered out), 0 Added functions Variables changes summary: 0 Removed, 0 Changed, 0 Added variable Functions changes summary: 0 Removed, 0 Changed (5 filtered out), 0 Added functions Variables changes summary: 0 Removed, 0 Changed, 0 Added variable Functions changes summary: 0 Removed, 0 Changed (7 filtered out), 0 Added functions Variables changes summary: 0 Removed, 0 Changed, 0 Added variable Functions changes summary: 0 Removed, 0 Changed (24 filtered out), 0 Added functions Variables changes summary: 0 Removed, 0 Changed (2 filtered out), 0 Added variables Functions changes summary: 0 Removed, 0 Changed (4 filtered out), 0 Added (1 filtered out) functions Variables changes summary: 0 Removed, 0 Changed (1 filtered out), 0 Added variable Functions changes summary: 0 Removed, 0 Changed (216 filtered out), 0 Added (2 filtered out) functions Variables changes summary: 0 Removed, 0 Changed, 0 Added variable ==== End log output ==== CentOS Stream 9 Kernel: Depends on container host Compiler: gcc 11.5.0 20240719 (Red Hat 11.5.0-2) CentOS Stream 10 Kernel: Depends on container host Compiler: gcc 14.2.1 20241104 (Red Hat 14.2.1-6) Fedora 40 (Clang) Kernel: Depends on container host Compiler: clang 18.1.8 (Fedora 18.1.8-1.fc40) Debian 12 Kernel: Depends on container host Compiler: gcc (Debian 12.2.0-14) 12.2.0 Fedora 40 Kernel: Depends on container host Compiler: gcc 14.2.1 20240912 (Red Hat 14.2.1-3) Fedora 41 (Clang) Kernel: Depends on container host Compiler: clang 19.1.5 (Fedora 19.1.5-1.fc41) Fedora 41 Kernel: Depends on container host Compiler: gcc 14.2.1 20240912 (Red Hat 14.2.1-3) RHEL9 Kernel: Depends on container host Compiler: gcc 11.5.0 20240719 (Red Hat 11.5.0-2) RHEL8 Kernel: Depends on container host Compiler: gcc 8.5.0 20210514 (Red Hat 8.5.0-22) Ubuntu 24.04 Kernel: Depends on container host Compiler: gcc (Ubuntu 13.3.0-6ubuntu2~24.04) 13.3.0 Ubuntu 22.04 Kernel: Depends on container host Compiler: gcc (Ubuntu 11.4.0-1ubuntu1~22.04) 11.4.0 openSUSE Leap 15 Kernel: Depends on container host Compiler: gcc (SUSE Linux) 7.5.0 To view detailed results, visit: https://lab.dpdk.org/results/dashboard/patchsets/33096/ UNH-IOL DPDK Community Lab To manage your email subscriptions, visit: https://lab.dpdk.org/results/dashboard/preferences/subscriptions/