From mboxrd@z Thu Jan 1 00:00:00 1970 Return-Path: Received: from mails.dpdk.org (mails.dpdk.org [217.70.189.124]) by inbox.dpdk.org (Postfix) with ESMTP id AED07466A5 for ; Sat, 3 May 2025 07:33:23 +0200 (CEST) Received: from mails.dpdk.org (localhost [127.0.0.1]) by mails.dpdk.org (Postfix) with ESMTP id 8259D40261; Sat, 3 May 2025 07:33:23 +0200 (CEST) Received: from mail-qv1-f99.google.com (mail-qv1-f99.google.com [209.85.219.99]) by mails.dpdk.org (Postfix) with ESMTP id CD1EC4025D for ; Sat, 3 May 2025 07:33:22 +0200 (CEST) Received: by mail-qv1-f99.google.com with SMTP id 6a1803df08f44-6f0c30a1cf8so42489346d6.2 for ; Fri, 02 May 2025 22:33:22 -0700 (PDT) DKIM-Signature: v=1; a=rsa-sha256; c=relaxed/relaxed; d=iol.unh.edu; s=unh-iol; t=1746250402; x=1746855202; darn=dpdk.org; h=cc:to:from:subject:message-id:date:from:to:cc:subject:date :message-id:reply-to; bh=Shs7+E2nUBQsWeBElP99Zen3jkT7NIjkwuL67pQ0yAc=; b=eiGStr+zn1ZdXeXC5++rcIyGpOWlYgyb0r8c07PRWnCXiodf+LR0Dwqm0jcNe6VB1d EUJmV/9npCdvy5a4CtL/dY0+xeBu7CQ57OOYxgBwJnEzqQgeBQBeUax4BfQGloMoqCtp iXk/Tgzmhp5HXhbGCIufYqAPcJQF1pCotKbE8= X-Google-DKIM-Signature: v=1; a=rsa-sha256; c=relaxed/relaxed; d=1e100.net; s=20230601; t=1746250402; x=1746855202; h=cc:to:from:subject:message-id:date:x-gm-message-state:from:to:cc :subject:date:message-id:reply-to; bh=Shs7+E2nUBQsWeBElP99Zen3jkT7NIjkwuL67pQ0yAc=; b=BGi+4OK5eSrnyysrekDcc6VBL/4P1XiUMjyOyXARXlJ2AszpjhjqZZlAtgSgSWLvKW QZlpeebwL3aiL+AEis6UIlFz0Srci5iifYsDldNg7QrtoRoUyxIdhK4xn650yh7EKhpD u7z5fGjANm71P0RHy012JkJhxYT4qLs3JdVnQIjnVyiIvBSyVpnYaze7sQweDKeJ3Aof 0JHsNNagJ+o7S4f0mYoFA7H2bapqZVF8klalt2US/5XpGJLDRFwQG4CCxyv+PEOD0ZJ+ Ot0vKFHt9jUwz4Al6Ih/WhDeBInBcXVeE0pHDHTGx39t20rjVPgs1zxeKv/cge5D1CIY ZcvA== X-Gm-Message-State: AOJu0YzzzM1ZdkJ2p9mMAXDYEDsX+PGenNkSVdSStP7xp20GA1EDpzvv +K5AdEC354qtrBdbbCJWi+5tqGV9dAmU4ltH1oGRIwsFFZN8ZRCWCTotZ3M6a1qwpLQnVZA+OaR S8N2gqnTZeJ01EJjHGza4Vq/dWYQIWgUuUQ5Df/p//nX3deMg X-Gm-Gg: ASbGncvsWBuzTwHdP8tMY5FM9XT0qLfNhgJ+6OXQbAoTNrzLZzmUfn6k4RcdQSnacjx 1HPL4dM//eXvIOqhXCjPHDAfJkbI9IYi10N8uTZUV0S8mF2QJzuabKyYkjbRAmh+qY9UPykWiBH CinF2O1gBXvTdiZ2oKkOmr7m/8FuVgooIuz9Cy+C7a+eUJqQQ7ZZhKY1CZnMo/5Tn8Xav4JSctZ xRtkGmu5ht/RCL3uf+xWxsXWFxfDWHjD8LyID8gGwgiQaJHmJDE4L8HIk+c4HM/JbpR3MqoLKai ktf3dX+N/iwUX3kSYjh4NGGqlA2aNqtUFgER X-Google-Smtp-Source: AGHT+IENKo2jpi5XhSLYszBNhrOGnK8ZJmqS99E7a1EAQJRF7P0MjkBCQD9MY195M+m1QLQOoOc81h2+F55v X-Received: by 2002:a05:6214:2508:b0:6f5:f6e:832a with SMTP id 6a1803df08f44-6f51538a094mr104743596d6.19.1746250402119; Fri, 02 May 2025 22:33:22 -0700 (PDT) Received: from postal.iol.unh.edu (postal.iol.unh.edu. [2606:4100:3880:1234::84]) by smtp-relay.gmail.com with ESMTPS id 6a1803df08f44-6f50f475d7bsm8710286d6.49.2025.05.02.22.33.22 (version=TLS1_2 cipher=ECDHE-ECDSA-AES128-GCM-SHA256 bits=128/128); Fri, 02 May 2025 22:33:22 -0700 (PDT) X-Relaying-Domain: iol.unh.edu Date: Fri, 02 May 2025 22:33:22 -0700 (PDT) Message-ID: <6815aaa2.050a0220.240c4e.9504SMTPIN_ADDED_MISSING@mx.google.com> Received: from [172.21.0.5] (unknown [172.18.0.240]) by postal.iol.unh.edu (Postfix) with ESMTP id BFD996052471; Sat, 3 May 2025 01:33:21 -0400 (EDT) Subject: |WARNING| [GIT MASTER] 4401486b5e30d43a134f80f9802f60b5f43e74a8 From: dpdklab@iol.unh.edu To: Test Report Cc: dpdk-test-reports@iol.unh.edu, Xueming Li , Christian Ehrhardt , Kevin Traynor , Luca Boccassi Content-Type: text/plain X-BeenThere: test-report@dpdk.org X-Mailman-Version: 2.1.29 Precedence: list List-Id: automatic DPDK test reports List-Unsubscribe: , List-Archive: List-Post: List-Help: List-Subscribe: , Errors-To: test-report-bounces@dpdk.org _Testing issues_ Branch: tags/v22.11 4401486b5e30d43a134f80f9802f60b5f43e74a8 --> testing issues Upstream job id: Generic-DPDK-Compile-ABI#125067 Test environment and result as below: +-------------------+----------+ | Environment | abi_test | +===================+==========+ | Debian 12 | PASS | +-------------------+----------+ | CentOS Stream 9 | PASS | +-------------------+----------+ | CentOS Stream 10 | PEND | +-------------------+----------+ | Fedora 40 (Clang) | PASS | +-------------------+----------+ | RHEL8 | PEND | +-------------------+----------+ | Fedora 41 (Clang) | FAIL | +-------------------+----------+ | Fedora 41 | PEND | +-------------------+----------+ | Fedora 40 | PEND | +-------------------+----------+ | openSUSE Leap 15 | PEND | +-------------------+----------+ | RHEL9 | PEND | +-------------------+----------+ | Ubuntu 22.04 | PEND | +-------------------+----------+ | Ubuntu 24.04 | PEND | +-------------------+----------+ ==== 20 line log output for Fedora 41 (Clang) (abi_test): ==== './librte_regex_cn9k.so.23.0' -> 'dpdk/pmds-23.0/librte_regex_cn9k.so.23.0' './librte_regex_mlx5.so' -> 'dpdk/pmds-23.0/librte_regex_mlx5.so' './librte_regex_mlx5.so.23' -> 'dpdk/pmds-23.0/librte_regex_mlx5.so.23' './librte_regex_mlx5.so.23.0' -> 'dpdk/pmds-23.0/librte_regex_mlx5.so.23.0' './librte_vdpa_ifc.so' -> 'dpdk/pmds-23.0/librte_vdpa_ifc.so' './librte_vdpa_ifc.so.23' -> 'dpdk/pmds-23.0/librte_vdpa_ifc.so.23' './librte_vdpa_ifc.so.23.0' -> 'dpdk/pmds-23.0/librte_vdpa_ifc.so.23.0' './librte_vdpa_mlx5.so' -> 'dpdk/pmds-23.0/librte_vdpa_mlx5.so' './librte_vdpa_mlx5.so.23' -> 'dpdk/pmds-23.0/librte_vdpa_mlx5.so.23' './librte_vdpa_mlx5.so.23.0' -> 'dpdk/pmds-23.0/librte_vdpa_mlx5.so.23.0' './librte_vdpa_sfc.so' -> 'dpdk/pmds-23.0/librte_vdpa_sfc.so' './librte_vdpa_sfc.so.23' -> 'dpdk/pmds-23.0/librte_vdpa_sfc.so.23' './librte_vdpa_sfc.so.23.0' -> 'dpdk/pmds-23.0/librte_vdpa_sfc.so.23.0' Installing /root/workspace/Generic-DPDK-Compile-ABI@2/dpdk/usertools/dpdk-hugepages.py to /root/workspace/Generic-DPDK-Compile-ABI@2/build_install/usr/local/bin Installing /root/workspace/Generic-DPDK-Compile-ABI@2/dpdk/build/rte_build_config.h to /root/workspace/Generic-DPDK-Compile-ABI@2/build_install/usr/local/include Installing /root/workspace/Generic-DPDK-Compile-ABI@2/dpdk/build/meson-private/libdpdk-libs.pc to /root/workspace/Generic-DPDK-Compile-ABI@2/build_install/usr/local/lib64/pkgconfig Installing /root/workspace/Generic-DPDK-Compile-ABI@2/dpdk/build/meson-private/libdpdk.pc to /root/workspace/Generic-DPDK-Compile-ABI@2/build_install/usr/local/lib64/pkgconfig Running custom install script '/bin/sh /root/workspace/Generic-DPDK-Compile-ABI@2/dpdk/config/../buildtools/symlink-drivers-solibs.sh lib64 dpdk/pmds-23.0' ==== Compiled DPDK with debugoptimized bash: /scripts/generate_abi.sh: No such file or directory ==== End log output ==== Debian 12 Kernel: Depends on container host Compiler: gcc (Debian 12.2.0-14) 12.2.0 CentOS Stream 9 Kernel: Depends on container host Compiler: gcc 11.5.0 20240719 (Red Hat 11.5.0-2) CentOS Stream 10 Kernel: Depends on container host Compiler: gcc 14.2.1 20241104 (Red Hat 14.2.1-6) Fedora 40 (Clang) Kernel: Depends on container host Compiler: clang 18.1.8 (Fedora 18.1.8-1.fc40) RHEL8 Kernel: Depends on container host Compiler: gcc 8.5.0 20210514 (Red Hat 8.5.0-22) Fedora 41 (Clang) Kernel: Depends on container host Compiler: clang 19.1.5 (Fedora 19.1.5-1.fc41) Fedora 41 Kernel: Depends on container host Compiler: gcc 14.2.1 20240912 (Red Hat 14.2.1-3) Fedora 40 Kernel: Depends on container host Compiler: gcc 14.2.1 20240912 (Red Hat 14.2.1-3) openSUSE Leap 15 Kernel: Depends on container host Compiler: gcc (SUSE Linux) 7.5.0 RHEL9 Kernel: Depends on container host Compiler: gcc 11.5.0 20240719 (Red Hat 11.5.0-2) Ubuntu 22.04 Kernel: Depends on container host Compiler: gcc (Ubuntu 11.4.0-1ubuntu1~22.04) 11.4.0 Ubuntu 24.04 Kernel: Depends on container host Compiler: gcc (Ubuntu 13.3.0-6ubuntu2~24.04) 13.3.0 To view detailed results, visit: https://lab.dpdk.org/results/dashboard/tarballs/33416/ UNH-IOL DPDK Community Lab To manage your email subscriptions, visit: https://lab.dpdk.org/results/dashboard/preferences/subscriptions/