From mboxrd@z Thu Jan 1 00:00:00 1970 Return-Path: Received: from mails.dpdk.org (mails.dpdk.org [217.70.189.124]) by inbox.dpdk.org (Postfix) with ESMTP id 78AED466A5 for ; Sat, 3 May 2025 07:51:39 +0200 (CEST) Received: from mails.dpdk.org (localhost [127.0.0.1]) by mails.dpdk.org (Postfix) with ESMTP id 502DB40261; Sat, 3 May 2025 07:51:39 +0200 (CEST) Received: from mail-ua1-f98.google.com (mail-ua1-f98.google.com [209.85.222.98]) by mails.dpdk.org (Postfix) with ESMTP id F14DD4025D for ; Sat, 3 May 2025 07:51:37 +0200 (CEST) Received: by mail-ua1-f98.google.com with SMTP id a1e0cc1a2514c-86d69774081so734499241.0 for ; Fri, 02 May 2025 22:51:37 -0700 (PDT) DKIM-Signature: v=1; a=rsa-sha256; c=relaxed/relaxed; d=iol.unh.edu; s=unh-iol; t=1746251497; x=1746856297; darn=dpdk.org; h=cc:to:from:subject:message-id:date:from:to:cc:subject:date :message-id:reply-to; bh=gcCJvqUdVT7c5qBt/i4XYv45F16OV6/AYFFCn7CpRaU=; b=W0jHGcEHy7Fd5UkYWy3ZsEHhSDLNtUJhFhvWtIj042FtcYQpySaC2hwfZoj8M3cxTn A0aQD68Bhsvcw3vaCQ9s3si0gjl5w9Dlq1D4KuLTbgti1K/oXLfySbNlfCoT7wLSqu+D wucicesgcdXQvAu/lRm2B6wAAGjw5htsS2tpY= X-Google-DKIM-Signature: v=1; a=rsa-sha256; c=relaxed/relaxed; d=1e100.net; s=20230601; t=1746251497; x=1746856297; h=cc:to:from:subject:message-id:date:x-gm-message-state:from:to:cc :subject:date:message-id:reply-to; bh=gcCJvqUdVT7c5qBt/i4XYv45F16OV6/AYFFCn7CpRaU=; b=eUfm+nJw6/dGf+qYH7N8e3xXs11W0buthYvMkyB4xIR/AlktZ396wGbQrG6qOazKpr Jw9txOsEIlcvkWwnIquWQf1eQJNfikRVUq8GzltmYjWfg0rN8HK0+mfcqzlDO5moUe9g 4nuWJT8ZKH38OTtAgadY5jyXZcJWgMpBHYroatrbaDD15+jljSQ6vzZwBcw+Efq7zKmo iINgHzRBv0h/o5MQM4diZVfw5atdnMnxsMNgE9kpwqHQJq4u0rj2LmDGLQ+omnpqjhVm 1pTwpq4v55iKd4VihAe11dzU68jhXVzmO9YLQGRbvdzu1Rmuh1qDgR2TnGNY0LbQjIAL zyVA== X-Gm-Message-State: AOJu0YxWrVewQ7MBUq+C/CXNp+EJTC6w6abGzNzyzGa2tYPHsBteKy15 9zK4ESxNGzrSXgE/lAlNB9MZxQkIshCD4D0MHphpTxXkltMcHYEChAYgyZcFsegZbxWz+7x3ryl sw3crJewjujlMz6pf+di60toqA/Njx6Mk X-Gm-Gg: ASbGncuP/rMlYEAGEOSmgK0aUfRemvtLDa/gpNEa+0BvDMDvbnV+btpqH8zj2SQQy3z /8A64DVQ9jh9y35PhkB6Dtv/zy5xhx5wELII+3/f2A13vjHXCCo5xWW8zphxpInBb50ZRspBNaL B7gy0ntC64/wFTkHN7x5TsazGKaVQPU1/WMDIVyMEGe6dYcEmQxcGLCa1MGx94KjHkQ9Zpifhai QhkkZqt+o0GZnXPgbk6BjbpepzAXJqHg+ttHiUMYxC8t56l4eZa/YNZlROxKQCBXPUfQGxB0Ld0 oHDP3nazqBSRdXbkPKhyZT+Nc2Lthsob3jV91TU4i3qArLryxO3BQwbYcyw= X-Google-Smtp-Source: AGHT+IHFbf4qiN14ioVfZSmb7/NA2JtVToTr5GI8EYg3TK5oBqVVX23/FzlkCubXLwHjb51/e6YPTNYCTdlr X-Received: by 2002:a05:6102:4bca:b0:4bb:d7f0:6e70 with SMTP id ada2fe7eead31-4db1475ac9emr29548137.5.1746251497260; Fri, 02 May 2025 22:51:37 -0700 (PDT) Received: from postal.iol.unh.edu (postal.iol.unh.edu. [132.177.123.84]) by smtp-relay.gmail.com with ESMTPS id a1e0cc1a2514c-8780affe5fbsm298604241.6.2025.05.02.22.51.37 (version=TLS1_2 cipher=ECDHE-ECDSA-AES128-GCM-SHA256 bits=128/128); Fri, 02 May 2025 22:51:37 -0700 (PDT) X-Relaying-Domain: iol.unh.edu Date: Fri, 02 May 2025 22:51:37 -0700 (PDT) Message-ID: <6815aee9.050a0220.14728c.3b2bSMTPIN_ADDED_MISSING@mx.google.com> Received: from [172.21.0.5] (unknown [172.18.0.240]) by postal.iol.unh.edu (Postfix) with ESMTP id DEEE86052471; Sat, 3 May 2025 01:51:36 -0400 (EDT) Subject: |WARNING| [GIT MASTER] 4401486b5e30d43a134f80f9802f60b5f43e74a8 From: dpdklab@iol.unh.edu To: Test Report Cc: dpdk-test-reports@iol.unh.edu, Xueming Li , Christian Ehrhardt , Kevin Traynor , Luca Boccassi Content-Type: text/plain X-BeenThere: test-report@dpdk.org X-Mailman-Version: 2.1.29 Precedence: list List-Id: automatic DPDK test reports List-Unsubscribe: , List-Archive: List-Post: List-Help: List-Subscribe: , Errors-To: test-report-bounces@dpdk.org _Testing issues_ Branch: tags/v22.11 4401486b5e30d43a134f80f9802f60b5f43e74a8 --> testing issues Upstream job id: Windows-Compile-DPDK-Native#28178 Test environment and result as below: +---------------------+--------------------+-------------------------+ | Environment | dpdk_meson_compile | dpdk_llvm_clang_compile | +=====================+====================+=========================+ | FreeBSD 13.5 | PASS | SKIPPED | +---------------------+--------------------+-------------------------+ | FreeBSD 14.2 | PASS | SKIPPED | +---------------------+--------------------+-------------------------+ | CentOS Stream 9 | PEND | SKIPPED | +---------------------+--------------------+-------------------------+ | CentOS Stream 10 | PEND | SKIPPED | +---------------------+--------------------+-------------------------+ | Debian 12 | PEND | SKIPPED | +---------------------+--------------------+-------------------------+ | Fedora 40 (Clang) | PEND | SKIPPED | +---------------------+--------------------+-------------------------+ | Fedora 40 | PEND | SKIPPED | +---------------------+--------------------+-------------------------+ | Ubuntu 20.04 | PEND | SKIPPED | +---------------------+--------------------+-------------------------+ | Fedora 41 (Clang) | PEND | SKIPPED | +---------------------+--------------------+-------------------------+ | Fedora 41 | PEND | SKIPPED | +---------------------+--------------------+-------------------------+ | openSUSE Leap 15 | PEND | SKIPPED | +---------------------+--------------------+-------------------------+ | RHEL8 | PEND | SKIPPED | +---------------------+--------------------+-------------------------+ | RHEL9 | PEND | SKIPPED | +---------------------+--------------------+-------------------------+ | Ubuntu 22.04 | PEND | SKIPPED | +---------------------+--------------------+-------------------------+ | Ubuntu 24.04 | PEND | SKIPPED | +---------------------+--------------------+-------------------------+ | Windows Server 2022 | SKIPPED | FAIL | +---------------------+--------------------+-------------------------+ ==== 20 line log output for Windows Server 2022 (dpdk_llvm_clang_compile): ==== ..\lib\eal\include/rte_common.h:850:32: note: expanded from macro 'RTE_FMT_TAIL' #define RTE_FMT_TAIL(fmt, ...) __VA_ARGS__ ^~~~~~~~~~~ ..\lib\eal\include/rte_common.h:848:39: note: expanded from macro 'RTE_FMT' #define RTE_FMT(fmt, ...) fmt "%.0s", __VA_ARGS__ "" ^~~~~~~~~~~ ../drivers/crypto/mlx5/mlx5_crypto.c:463:18: note: forward declaration of 'struct mlx5_err_cqe' volatile struct mlx5_err_cqe *cqe = (volatile struct mlx5_err_cqe *) ^ 3 errors generated. [617/788] Compiling C object drivers/libtmp_rte_net_vmxnet3.a.p/net_vmxnet3_vmxnet3_ethdev.c.obj [618/788] Compiling C object drivers/libtmp_rte_net_vmxnet3.a.p/net_vmxnet3_vmxnet3_rxtx.c.obj [619/788] Linking static target drivers/libtmp_rte_net_octeon_ep.a [620/788] Compiling C object drivers/libtmp_rte_crypto_mlx5.a.p/crypto_mlx5_mlx5_crypto_dek.c.obj [621/788] Compiling C object app/dpdk-testpmd.exe.p/test-pmd_cmdline_mtr.c.obj [622/788] Compiling C object app/dpdk-testpmd.exe.p/test-pmd_cmdline_tm.c.obj [623/788] Compiling C object drivers/libtmp_rte_net_mlx5.a.p/net_mlx5_mlx5_tx_nompw.c.obj [624/788] Compiling C object drivers/libtmp_rte_net_mlx5.a.p/net_mlx5_mlx5_tx_empw.c.obj [625/788] Compiling C object drivers/libtmp_rte_net_mlx5.a.p/net_mlx5_mlx5_tx_txpp.c.obj ninja: build stopped: subcommand failed. ==== End log output ==== FreeBSD 13.5 Kernel: 13.5-RELEASE Compiler: clang 19.1.7 FreeBSD 14.2 Kernel: 14.2-RELEASE Compiler: clang 18.1.6 CentOS Stream 9 Kernel: Depends on container host Compiler: gcc 11.5.0 20240719 (Red Hat 11.5.0-2) CentOS Stream 10 Kernel: Depends on container host Compiler: gcc 14.2.1 20241104 (Red Hat 14.2.1-6) Debian 12 Kernel: Depends on container host Compiler: gcc (Debian 12.2.0-14) 12.2.0 Fedora 40 (Clang) Kernel: Depends on container host Compiler: clang 18.1.8 (Fedora 18.1.8-1.fc40) Fedora 40 Kernel: Depends on container host Compiler: gcc 14.2.1 20240912 (Red Hat 14.2.1-3) Ubuntu 20.04 Kernel: 4.19.325-0419325-generic Compiler: gcc (Ubuntu 9.4.0-1ubuntu1~20.04.2) 9.4.0 Fedora 41 (Clang) Kernel: Depends on container host Compiler: clang 19.1.5 (Fedora 19.1.5-1.fc41) Fedora 41 Kernel: Depends on container host Compiler: gcc 14.2.1 20240912 (Red Hat 14.2.1-3) openSUSE Leap 15 Kernel: Depends on container host Compiler: gcc (SUSE Linux) 7.5.0 RHEL8 Kernel: Depends on container host Compiler: gcc 8.5.0 20210514 (Red Hat 8.5.0-22) RHEL9 Kernel: Depends on container host Compiler: gcc 11.5.0 20240719 (Red Hat 11.5.0-2) Ubuntu 22.04 Kernel: Depends on container host Compiler: gcc (Ubuntu 11.4.0-1ubuntu1~22.04) 11.4.0 Ubuntu 24.04 Kernel: Depends on container host Compiler: gcc (Ubuntu 13.3.0-6ubuntu2~24.04) 13.3.0 Windows Server 2022 Kernel: 10.0.20348.2031 Compiler: clang 15.0.7, gcc 14.1.0 (MinGW), and MSVC VS 19.39.33521 To view detailed results, visit: https://lab.dpdk.org/results/dashboard/tarballs/33416/ UNH-IOL DPDK Community Lab To manage your email subscriptions, visit: https://lab.dpdk.org/results/dashboard/preferences/subscriptions/