From mboxrd@z Thu Jan 1 00:00:00 1970 Return-Path: Received: from mails.dpdk.org (mails.dpdk.org [217.70.189.124]) by inbox.dpdk.org (Postfix) with ESMTP id 7B5B6466A8 for ; Sat, 3 May 2025 09:19:54 +0200 (CEST) Received: from mails.dpdk.org (localhost [127.0.0.1]) by mails.dpdk.org (Postfix) with ESMTP id 75E8540261; Sat, 3 May 2025 09:19:54 +0200 (CEST) Received: from mail-io1-f98.google.com (mail-io1-f98.google.com [209.85.166.98]) by mails.dpdk.org (Postfix) with ESMTP id DAF964025D for ; Sat, 3 May 2025 09:19:52 +0200 (CEST) Received: by mail-io1-f98.google.com with SMTP id ca18e2360f4ac-85e73562577so300865439f.0 for ; Sat, 03 May 2025 00:19:52 -0700 (PDT) DKIM-Signature: v=1; a=rsa-sha256; c=relaxed/relaxed; d=iol.unh.edu; s=unh-iol; t=1746256792; x=1746861592; darn=dpdk.org; h=cc:to:from:subject:message-id:date:from:to:cc:subject:date :message-id:reply-to; bh=RVMyV1gpiVHWkBdkyCfsyPHlOT4uYQTfav+oUXZcU+U=; b=ON/BDQGSllO4i7pUNbM8iRldu3Srpgzx03mhLyydcdKmwCFbFaxKZkGuIxy6EGWOMP 4Vsolu/Xamfx0ye3pcpyda3tREiJluFrGqVTQ5Y2jb850y1UsNUYYC0hgEAjWlgbqlmO zBxUMCP2bXgXHe1FRP8fXlq4G8PXQyhlP7r6U= X-Google-DKIM-Signature: v=1; a=rsa-sha256; c=relaxed/relaxed; d=1e100.net; s=20230601; t=1746256792; x=1746861592; h=cc:to:from:subject:message-id:date:x-gm-message-state:from:to:cc :subject:date:message-id:reply-to; bh=RVMyV1gpiVHWkBdkyCfsyPHlOT4uYQTfav+oUXZcU+U=; b=BW4E+nTE88g7t395APaeS12Xcl3Du3T9jojLXGO/5KywbfC9lBZEffEEiXHTf1SfdD buS7HcUHEFLU2b0GCn+EeGFFBQ1mJIWgwzUqkd9g3Ygc++YUIllHISOuzTN9NJ+tsOYu pCl2OltGt6FIxIqUEa3u01k8vLUz2wyqmL9OyoGV9NUCaznw26bVelnoLhtcDD+Z3x5h /qnZZUoraupMJC9HNVH0HkDo4E2by9d1a1l7YIx+dSxF+OvsA4jMlLyQwsyIhD2syivs kIHejOSkO79MmYzgJPNE+J0MNGeWIA9RC8g8bbxHDJAy9/QX+8CCYmbnc2q+YfVKv924 VNUQ== X-Gm-Message-State: AOJu0YyFNirY7t/l2YSkm+SyDnTe44OWPbRtN6z7Tjbnm6uLfLDhwTBq +I8Irmiaf4RWgz5UqbfsnR/Tx8m2zXYVffvuBiAqtkUabfDpo8HJqHuRxq2l4J1WO955PRKkNKJ Je11WbG0JwU3rK/HAq7xEdJ4/AQwxP3PTmL9yCYOhv4rqkudx X-Gm-Gg: ASbGncsDKnVKw3M4rLCPC6EbVcRfN/H1wyb7HD/h7vsn/Vg235xoJtfK5/oomyjtOKZ scvUMETwhphO2GaPAYOdKa4XVM3lPN7olDSw51HDBmPRz2NM6vZ7i9XRAPE+JG1y1YCjtAX0F+M 9YBQWR/s/nec8Mg5QL1S9gz+svdHZowc522E8aaeN35suSdrN9BZgw0DfwcTE14t6FoWQaPmSoM 6bilEIa0FQOnPLeX3odfIA9xcofsnar91F0Yw1pzOqQCBA3+CySo03oPYkIW0beOQpKK1Zc+H6E wu3M7aqC28R9aN/zw0sNzkQJa5YqSJfIQFae X-Google-Smtp-Source: AGHT+IHa+kjfaXmHrv83BBOQ36f7nHAKtzCXQ3XC35D67DYLzIqJ+ZL43Pf49TNee8f8ZH8IunF4xs6BbRq6 X-Received: by 2002:a05:6602:2763:b0:864:ab75:758 with SMTP id ca18e2360f4ac-8669f99351emr827066139f.4.1746256792124; Sat, 03 May 2025 00:19:52 -0700 (PDT) Received: from postal.iol.unh.edu (postal.iol.unh.edu. [2606:4100:3880:1234::84]) by smtp-relay.gmail.com with ESMTPS id ca18e2360f4ac-864aa585c8asm82301739f.26.2025.05.03.00.19.52 (version=TLS1_2 cipher=ECDHE-ECDSA-AES128-GCM-SHA256 bits=128/128); Sat, 03 May 2025 00:19:52 -0700 (PDT) X-Relaying-Domain: iol.unh.edu Date: Sat, 03 May 2025 00:19:52 -0700 (PDT) Message-ID: <6815c398.050a0220.4f902.9ef3SMTPIN_ADDED_MISSING@mx.google.com> Received: from [172.21.0.5] (unknown [172.18.0.240]) by postal.iol.unh.edu (Postfix) with ESMTP id 954936052471; Sat, 3 May 2025 03:19:51 -0400 (EDT) Subject: |FAILURE| [GIT MASTER] 4401486b5e30d43a134f80f9802f60b5f43e74a8 From: dpdklab@iol.unh.edu To: Test Report Cc: dpdk-test-reports@iol.unh.edu, Xueming Li , Christian Ehrhardt , Kevin Traynor , Luca Boccassi Content-Type: text/plain X-BeenThere: test-report@dpdk.org X-Mailman-Version: 2.1.29 Precedence: list List-Id: automatic DPDK test reports List-Unsubscribe: , List-Archive: List-Post: List-Help: List-Subscribe: , Errors-To: test-report-bounces@dpdk.org _Testing issues_ Branch: tags/v22.11 4401486b5e30d43a134f80f9802f60b5f43e74a8 --> testing issues Upstream job id: Generic-Unit-Test-DPDK#334926 Test environment and result as below: +---------------------+----------------+ | Environment | dpdk_unit_test | +=====================+================+ | Debian 12 | PEND | +---------------------+----------------+ | CentOS Stream 9 | PEND | +---------------------+----------------+ | Fedora 40 (Clang) | FAIL | +---------------------+----------------+ | RHEL9 | PEND | +---------------------+----------------+ | Fedora 40 | PEND | +---------------------+----------------+ | Fedora 41 | PEND | +---------------------+----------------+ | CentOS Stream 10 | PEND | +---------------------+----------------+ | RHEL8 | PEND | +---------------------+----------------+ | Fedora 41 (Clang) | PEND | +---------------------+----------------+ | Ubuntu 20.04 | PASS | +---------------------+----------------+ | Ubuntu 24.04 | PEND | +---------------------+----------------+ | Ubuntu 22.04 | PEND | +---------------------+----------------+ | Windows Server 2022 | FAIL | +---------------------+----------------+ ==== Unit test summary for Windows Server 2022 (dpdk_unit_test): ==== Failed to get the unit test results. Displaying the unit test results is not supported for some environments, such as our aarch32 testing, where meson is not used to run the tests. Download the logs available on our CI site. ==== End log output ==== Debian 12 Kernel: Depends on container host Compiler: gcc (Debian 12.2.0-14) 12.2.0 CentOS Stream 9 Kernel: Depends on container host Compiler: gcc 11.5.0 20240719 (Red Hat 11.5.0-2) Fedora 40 (Clang) Kernel: Depends on container host Compiler: clang 18.1.8 (Fedora 18.1.8-1.fc40) RHEL9 Kernel: Depends on container host Compiler: gcc 11.5.0 20240719 (Red Hat 11.5.0-2) Fedora 40 Kernel: Depends on container host Compiler: gcc 14.2.1 20240912 (Red Hat 14.2.1-3) Fedora 41 Kernel: Depends on container host Compiler: gcc 14.2.1 20240912 (Red Hat 14.2.1-3) CentOS Stream 10 Kernel: Depends on container host Compiler: gcc 14.2.1 20241104 (Red Hat 14.2.1-6) RHEL8 Kernel: Depends on container host Compiler: gcc 8.5.0 20210514 (Red Hat 8.5.0-22) Fedora 41 (Clang) Kernel: Depends on container host Compiler: clang 19.1.5 (Fedora 19.1.5-1.fc41) Ubuntu 20.04 Kernel: Depends on container host Compiler: gcc (Ubuntu 9.4.0-1ubuntu1~20.04.2) 9.4.0 Ubuntu 24.04 Kernel: Depends on container host Compiler: gcc (Ubuntu 13.3.0-6ubuntu2~24.04) 13.3.0 Ubuntu 22.04 Kernel: Depends on container host Compiler: gcc (Ubuntu 11.4.0-1ubuntu1~22.04) 11.4.0 Windows Server 2022 Kernel: 10.0.20348.2031 Compiler: clang 15.0.7, gcc 14.1.0 (MinGW), and MSVC VS 19.39.33521 To view detailed results, visit: https://lab.dpdk.org/results/dashboard/tarballs/33416/ UNH-IOL DPDK Community Lab To manage your email subscriptions, visit: https://lab.dpdk.org/results/dashboard/preferences/subscriptions/