From mboxrd@z Thu Jan 1 00:00:00 1970 Return-Path: Received: from mails.dpdk.org (mails.dpdk.org [217.70.189.124]) by inbox.dpdk.org (Postfix) with ESMTP id A059A466A8 for ; Sat, 3 May 2025 09:31:37 +0200 (CEST) Received: from mails.dpdk.org (localhost [127.0.0.1]) by mails.dpdk.org (Postfix) with ESMTP id 765A840261; Sat, 3 May 2025 09:31:37 +0200 (CEST) Received: from mail-oa1-f98.google.com (mail-oa1-f98.google.com [209.85.160.98]) by mails.dpdk.org (Postfix) with ESMTP id 31CE44025D for ; Sat, 3 May 2025 09:31:36 +0200 (CEST) Received: by mail-oa1-f98.google.com with SMTP id 586e51a60fabf-2d54b936ad9so1380864fac.1 for ; Sat, 03 May 2025 00:31:36 -0700 (PDT) DKIM-Signature: v=1; a=rsa-sha256; c=relaxed/relaxed; d=iol.unh.edu; s=unh-iol; t=1746257495; x=1746862295; darn=dpdk.org; h=cc:to:from:subject:message-id:date:from:to:cc:subject:date :message-id:reply-to; bh=g+ww4pmtyLisPjPeiYeOhEiJqDFBDKOfnuy9T+GOyz4=; b=ZJt/WNWZOP0Ev5PfsLAS60GmlB0c+Py72d0JkUGgQiIxK0nlEg/QUw4/JrPDTP08NE zhb8c0Kn+uj4G3SRXczUWWWd1bTKuRM96rBSwDcWlfIXipYXcatQLA3sIgBLWMtuACck m0chacoIfHd9yGiHZBT6tC1qT67tSrEGyDveM= X-Google-DKIM-Signature: v=1; a=rsa-sha256; c=relaxed/relaxed; d=1e100.net; s=20230601; t=1746257495; x=1746862295; h=cc:to:from:subject:message-id:date:x-gm-message-state:from:to:cc :subject:date:message-id:reply-to; bh=g+ww4pmtyLisPjPeiYeOhEiJqDFBDKOfnuy9T+GOyz4=; b=rxDJb2/0t8uM/Rqjd/B3wCWbCWqjutm3PtFbVFaLLv+FrtVncoSFyy+F33G4EzhzgN D+5PDLxCSYwxriWc/iubL0VBYplFuqRAwRKGytExv2hcIH9GRVpV7WDE0Fv1a6x1a7SW 8GHjnGpGKVQ/NrUD/VJxzbQtHbwdvgtm4kY0+13+ns8FuZjR4D3b6gvxbDroa1bDbd9m Ojqu0ZBirjVlyUXWgjpL92AWVwxWF77k5uAjMNTXJEs+NGnjQPM3xMPack5h1mffEIrH kmWj7tQQSypOrnaWSteOrA669uEdrVCSGUrl7TNdpeqVl9nxYueGxWTdasLAtHUGR/19 mTdg== X-Gm-Message-State: AOJu0Ywi0HOjA74HaZNFoVYmeN3/Hd8zaSgLreDnjj5+xeWKqNDgyWW5 IesgsthKLr4n1jSdd5T8ZVtnsiUYNxDaIiTAzuDKmH+ZJjUT3H+TsJXq0y9jXfd8yFL8L6v34PR 6W/d0uiMzhr8FxirKfpbRlKiXy7ed1AOEsHDCGiIgTdEFsdd6 X-Gm-Gg: ASbGncuupnw0goVtdbRDDRi7aGR25qOrOFiFxW9AlglcCxlN+Uj9LmGJ2/FFpMbWlhf suljBhx6KNIP+yBb5rTl8HQFDdGMRcRg165x3yvao+JAQto1do3hZ569EHwnNjYR8eBevxJn6y4 tP5J2ul4D+Urc7NEURxrnJ0bPLCI/bb1b38A/fpt97czu4SQ3x1ZUFLlqSsaTtCtGYD0ZENllYZ 9YyOjT2q2vX5bz31yI2I8Tws4JIngGrQOo01NtyaRxPBCesSeIp4RSRR0Rt/tDf6onZ0dmBHf65 UMB/CwZ3WR2O3C1L44NOZQNyBxvCB5GkxKho X-Google-Smtp-Source: AGHT+IHGaAGitVifB6mnovKp6F3B3ZOoYgV2ZsjWkHvDBfUNQOyOUNSRWC6pyOQ68WATez2Q58d8v1epu93z X-Received: by 2002:a05:6870:40d3:b0:2bc:9197:3508 with SMTP id 586e51a60fabf-2dad6c452a2mr1209301fac.34.1746257495311; Sat, 03 May 2025 00:31:35 -0700 (PDT) Received: from postal.iol.unh.edu (postal.iol.unh.edu. [2606:4100:3880:1234::84]) by smtp-relay.gmail.com with ESMTPS id 586e51a60fabf-2daa11a10dfsm915211fac.28.2025.05.03.00.31.35 (version=TLS1_2 cipher=ECDHE-ECDSA-AES128-GCM-SHA256 bits=128/128); Sat, 03 May 2025 00:31:35 -0700 (PDT) X-Relaying-Domain: iol.unh.edu Date: Sat, 03 May 2025 00:31:35 -0700 (PDT) Message-ID: <6815c657.050a0220.269286.b284SMTPIN_ADDED_MISSING@mx.google.com> Received: from [172.21.0.7] (unknown [172.18.0.240]) by postal.iol.unh.edu (Postfix) with ESMTP id DE47A6052471; Sat, 3 May 2025 03:31:34 -0400 (EDT) Subject: |FAILURE| [GIT MASTER] 4401486b5e30d43a134f80f9802f60b5f43e74a8 From: dpdklab@iol.unh.edu To: Test Report Cc: dpdk-test-reports@iol.unh.edu, Xueming Li , Christian Ehrhardt , Kevin Traynor , Luca Boccassi Content-Type: text/plain X-BeenThere: test-report@dpdk.org X-Mailman-Version: 2.1.29 Precedence: list List-Id: automatic DPDK test reports List-Unsubscribe: , List-Archive: List-Post: List-Help: List-Subscribe: , Errors-To: test-report-bounces@dpdk.org _Testing issues_ Branch: tags/v22.11 4401486b5e30d43a134f80f9802f60b5f43e74a8 --> testing issues Upstream job id: Generic-Unit-Test-DPDK#334930 Test environment and result as below: +---------------------+----------------+ | Environment | dpdk_unit_test | +=====================+================+ | Debian 12 | PEND | +---------------------+----------------+ | CentOS Stream 9 | PEND | +---------------------+----------------+ | Fedora 40 (Clang) | FAIL | +---------------------+----------------+ | RHEL9 | FAIL | +---------------------+----------------+ | Fedora 40 | PEND | +---------------------+----------------+ | Fedora 41 | PEND | +---------------------+----------------+ | CentOS Stream 10 | PEND | +---------------------+----------------+ | RHEL8 | PEND | +---------------------+----------------+ | Fedora 41 (Clang) | PEND | +---------------------+----------------+ | Ubuntu 20.04 | PASS | +---------------------+----------------+ | Ubuntu 24.04 | PEND | +---------------------+----------------+ | Ubuntu 22.04 | PEND | +---------------------+----------------+ | Windows Server 2022 | FAIL | +---------------------+----------------+ ==== Unit test summary for Windows Server 2022 (dpdk_unit_test): ==== Failed to get the unit test results. Displaying the unit test results is not supported for some environments, such as our aarch32 testing, where meson is not used to run the tests. Download the logs available on our CI site. ==== End log output ==== Debian 12 Kernel: Depends on container host Compiler: gcc (Debian 12.2.0-14) 12.2.0 CentOS Stream 9 Kernel: Depends on container host Compiler: gcc 11.5.0 20240719 (Red Hat 11.5.0-2) Fedora 40 (Clang) Kernel: Depends on container host Compiler: clang 18.1.8 (Fedora 18.1.8-1.fc40) RHEL9 Kernel: Depends on container host Compiler: gcc 11.5.0 20240719 (Red Hat 11.5.0-2) Fedora 40 Kernel: Depends on container host Compiler: gcc 14.2.1 20240912 (Red Hat 14.2.1-3) Fedora 41 Kernel: Depends on container host Compiler: gcc 14.2.1 20240912 (Red Hat 14.2.1-3) CentOS Stream 10 Kernel: Depends on container host Compiler: gcc 14.2.1 20241104 (Red Hat 14.2.1-6) RHEL8 Kernel: Depends on container host Compiler: gcc 8.5.0 20210514 (Red Hat 8.5.0-22) Fedora 41 (Clang) Kernel: Depends on container host Compiler: clang 19.1.5 (Fedora 19.1.5-1.fc41) Ubuntu 20.04 Kernel: Depends on container host Compiler: gcc (Ubuntu 9.4.0-1ubuntu1~20.04.2) 9.4.0 Ubuntu 24.04 Kernel: Depends on container host Compiler: gcc (Ubuntu 13.3.0-6ubuntu2~24.04) 13.3.0 Ubuntu 22.04 Kernel: Depends on container host Compiler: gcc (Ubuntu 11.4.0-1ubuntu1~22.04) 11.4.0 Windows Server 2022 Kernel: 10.0.20348.2031 Compiler: clang 15.0.7, gcc 14.1.0 (MinGW), and MSVC VS 19.39.33521 To view detailed results, visit: https://lab.dpdk.org/results/dashboard/tarballs/33416/ UNH-IOL DPDK Community Lab To manage your email subscriptions, visit: https://lab.dpdk.org/results/dashboard/preferences/subscriptions/