From mboxrd@z Thu Jan 1 00:00:00 1970 Return-Path: Received: from mails.dpdk.org (mails.dpdk.org [217.70.189.124]) by inbox.dpdk.org (Postfix) with ESMTP id F349B466A8 for ; Sat, 3 May 2025 09:34:15 +0200 (CEST) Received: from mails.dpdk.org (localhost [127.0.0.1]) by mails.dpdk.org (Postfix) with ESMTP id CA95E40261; Sat, 3 May 2025 09:34:15 +0200 (CEST) Received: from mail-io1-f98.google.com (mail-io1-f98.google.com [209.85.166.98]) by mails.dpdk.org (Postfix) with ESMTP id B01C64025D for ; Sat, 3 May 2025 09:34:14 +0200 (CEST) Received: by mail-io1-f98.google.com with SMTP id ca18e2360f4ac-85de3e8d0adso64266839f.1 for ; Sat, 03 May 2025 00:34:14 -0700 (PDT) DKIM-Signature: v=1; a=rsa-sha256; c=relaxed/relaxed; d=iol.unh.edu; s=unh-iol; t=1746257654; x=1746862454; darn=dpdk.org; h=cc:to:from:subject:message-id:date:from:to:cc:subject:date :message-id:reply-to; bh=1aP4htEY43+/5AStIqjpDB7+1faG1QRHPUXm/x+S1Nc=; b=aPtIYC+xuSkiB/L9kqljI7f44FhgeqHpd18W3oZYRxJVYYvUeylVtaX1D0ZcKVrMoJ eYZKgo5r8meEn4SmUU7h1jRdE6DDlUNfSA4I0ILo/49v91giaZBkZuEZ2Aq7y03trHuv nPt7Tn3eV97dLFBTpgeUEBgIT1kr1bp1fb2dM= X-Google-DKIM-Signature: v=1; a=rsa-sha256; c=relaxed/relaxed; d=1e100.net; s=20230601; t=1746257654; x=1746862454; h=cc:to:from:subject:message-id:date:x-gm-message-state:from:to:cc :subject:date:message-id:reply-to; bh=1aP4htEY43+/5AStIqjpDB7+1faG1QRHPUXm/x+S1Nc=; b=rwe0hpEYeeUgMZO0XjhLIM9LN/luj601UhSad88rY7pN+o3hGLEFgI5K7l+KWhS5F6 psXuZYdzCjF4btBkvDf3Y0M1MSahtgu+C04i57nEqK2fIpVBZ4Lutxlq3rBRTzS9FYaR GRVIAk4djiLqDWSm5TomEXhK/KnmsIRh9LQZ+8/bltZG8v3V6URxuP5tb+nZ0co1dxaW s5Et55MhuQceQ8y4Q7ENGIZRgl4T7fSEQJIXTIJXx7KxOb2vWh35fUtFXC//9ud6NNcz izwmwtRCV7+6HcQOs0LvMN4cPqKJGlRxz6Lnn42dF81hD0ekL2VN/l/Y8CNPvyEgghVH Wo5w== X-Gm-Message-State: AOJu0Yz3cBvypr+NCG/0ivSMQTpLT7eGDURhawe4ifN8A4d6DJxCpWEB 2FmC+JJZqKp6nyi3Jp+nn/Djer9cXW4zHMfzenz8bNF5fyZCZBoOoqzOdeNmriVSxHhVwVgHKhO gc0YFKBvYQWulgx5sclc2+dGMNrisd6WB X-Gm-Gg: ASbGncvADgKXamaWDax9ZrwlHn0kOkoiJKDswvOGwOteScc/c8D3X0bQ5DuWqiegRJh wBCXnzEo+eErgdjra9/W0A13A9yciHsnjugHx2pPbMZ/UETqzJV+FHiW0LBSwFTUBB2jl82egI9 Nld5uc2YF8whtlnCiH8XAbIZFEHO8hQlRbwmsR6/D3DifjAe7tDWQ/Smq529lpfPL9hxLaOxZve oBDOnUHKAEarZaH4SDXJfIrL+zFucp2dejd1CRGZu26LTkzWXJdIA1hWiVvT3t6vy6+n+Z33ryG Wx4hTghcwct0ua50BzuNCKq8aei701OtrF5TxiVhaBxczrRx2OpuaJQ5FZw= X-Google-Smtp-Source: AGHT+IE1l2DVdjBvCMsq3ZdqMwbz/kphl8mUGQAKNiKUfRK96+Cp3pB3MUkju9U78Nj83G+4ox7iYP0Z5N5E X-Received: by 2002:a05:6602:2dd4:b0:85e:183e:4c00 with SMTP id ca18e2360f4ac-86713aa8f4cmr7944839f.1.1746257654041; Sat, 03 May 2025 00:34:14 -0700 (PDT) Received: from postal.iol.unh.edu (postal.iol.unh.edu. [132.177.123.84]) by smtp-relay.gmail.com with ESMTPS id 8926c6da1cb9f-4f88a9401bbsm635867173.36.2025.05.03.00.34.13 (version=TLS1_2 cipher=ECDHE-ECDSA-AES128-GCM-SHA256 bits=128/128); Sat, 03 May 2025 00:34:14 -0700 (PDT) X-Relaying-Domain: iol.unh.edu Date: Sat, 03 May 2025 00:34:14 -0700 (PDT) Message-ID: <6815c6f6.050a0220.1b7d47.90b6SMTPIN_ADDED_MISSING@mx.google.com> Received: from [172.21.0.5] (unknown [172.18.0.240]) by postal.iol.unh.edu (Postfix) with ESMTP id ABEF76052471; Sat, 3 May 2025 03:34:13 -0400 (EDT) Subject: |FAILURE| [GIT MASTER] 4401486b5e30d43a134f80f9802f60b5f43e74a8 From: dpdklab@iol.unh.edu To: Test Report Cc: dpdk-test-reports@iol.unh.edu, Xueming Li , Christian Ehrhardt , Kevin Traynor , Luca Boccassi Content-Type: text/plain X-BeenThere: test-report@dpdk.org X-Mailman-Version: 2.1.29 Precedence: list List-Id: automatic DPDK test reports List-Unsubscribe: , List-Archive: List-Post: List-Help: List-Subscribe: , Errors-To: test-report-bounces@dpdk.org _Testing issues_ Branch: tags/v22.11 4401486b5e30d43a134f80f9802f60b5f43e74a8 --> testing issues Upstream job id: Generic-Unit-Test-DPDK#334927 Test environment and result as below: +---------------------+----------------+ | Environment | dpdk_unit_test | +=====================+================+ | Debian 12 | PEND | +---------------------+----------------+ | CentOS Stream 9 | PEND | +---------------------+----------------+ | Fedora 40 (Clang) | FAIL | +---------------------+----------------+ | RHEL9 | FAIL | +---------------------+----------------+ | Fedora 40 | PEND | +---------------------+----------------+ | Fedora 41 | FAIL | +---------------------+----------------+ | CentOS Stream 10 | PEND | +---------------------+----------------+ | RHEL8 | PEND | +---------------------+----------------+ | Fedora 41 (Clang) | PEND | +---------------------+----------------+ | Ubuntu 20.04 | PASS | +---------------------+----------------+ | Ubuntu 24.04 | PEND | +---------------------+----------------+ | Ubuntu 22.04 | PEND | +---------------------+----------------+ | Windows Server 2022 | FAIL | +---------------------+----------------+ ==== Unit test summary for Windows Server 2022 (dpdk_unit_test): ==== Failed to get the unit test results. Displaying the unit test results is not supported for some environments, such as our aarch32 testing, where meson is not used to run the tests. Download the logs available on our CI site. ==== End log output ==== Debian 12 Kernel: Depends on container host Compiler: gcc (Debian 12.2.0-14) 12.2.0 CentOS Stream 9 Kernel: Depends on container host Compiler: gcc 11.5.0 20240719 (Red Hat 11.5.0-2) Fedora 40 (Clang) Kernel: Depends on container host Compiler: clang 18.1.8 (Fedora 18.1.8-1.fc40) RHEL9 Kernel: Depends on container host Compiler: gcc 11.5.0 20240719 (Red Hat 11.5.0-2) Fedora 40 Kernel: Depends on container host Compiler: gcc 14.2.1 20240912 (Red Hat 14.2.1-3) Fedora 41 Kernel: Depends on container host Compiler: gcc 14.2.1 20240912 (Red Hat 14.2.1-3) CentOS Stream 10 Kernel: Depends on container host Compiler: gcc 14.2.1 20241104 (Red Hat 14.2.1-6) RHEL8 Kernel: Depends on container host Compiler: gcc 8.5.0 20210514 (Red Hat 8.5.0-22) Fedora 41 (Clang) Kernel: Depends on container host Compiler: clang 19.1.5 (Fedora 19.1.5-1.fc41) Ubuntu 20.04 Kernel: Depends on container host Compiler: gcc (Ubuntu 9.4.0-1ubuntu1~20.04.2) 9.4.0 Ubuntu 24.04 Kernel: Depends on container host Compiler: gcc (Ubuntu 13.3.0-6ubuntu2~24.04) 13.3.0 Ubuntu 22.04 Kernel: Depends on container host Compiler: gcc (Ubuntu 11.4.0-1ubuntu1~22.04) 11.4.0 Windows Server 2022 Kernel: 10.0.20348.2031 Compiler: clang 15.0.7, gcc 14.1.0 (MinGW), and MSVC VS 19.39.33521 To view detailed results, visit: https://lab.dpdk.org/results/dashboard/tarballs/33416/ UNH-IOL DPDK Community Lab To manage your email subscriptions, visit: https://lab.dpdk.org/results/dashboard/preferences/subscriptions/