From mboxrd@z Thu Jan 1 00:00:00 1970 Return-Path: Received: from mails.dpdk.org (mails.dpdk.org [217.70.189.124]) by inbox.dpdk.org (Postfix) with ESMTP id 75E6E466A8 for ; Sat, 3 May 2025 09:40:06 +0200 (CEST) Received: from mails.dpdk.org (localhost [127.0.0.1]) by mails.dpdk.org (Postfix) with ESMTP id 4CA5B40261; Sat, 3 May 2025 09:40:06 +0200 (CEST) Received: from mail-qv1-f99.google.com (mail-qv1-f99.google.com [209.85.219.99]) by mails.dpdk.org (Postfix) with ESMTP id 43F934025D for ; Sat, 3 May 2025 09:40:05 +0200 (CEST) Received: by mail-qv1-f99.google.com with SMTP id 6a1803df08f44-6f4cd4c07c3so24651476d6.2 for ; Sat, 03 May 2025 00:40:05 -0700 (PDT) DKIM-Signature: v=1; a=rsa-sha256; c=relaxed/relaxed; d=iol.unh.edu; s=unh-iol; t=1746258004; x=1746862804; darn=dpdk.org; h=cc:to:from:subject:message-id:date:from:to:cc:subject:date :message-id:reply-to; bh=hfndd255QvstT/ZUlu5k8Qi5G0NmRanVTHiz5YrV1a4=; b=hZgSVRHBqFzz95zOYxFVbt9HiSz2PdCzpVGCXURbQpT+/LwRRKfEPDahbvpGeD1K3r choR4BTknFYpV9kOMpJVU2sIM1q5O6mCe+UCsxqi+EJMcleawMmM54ANLQISwqI5j/sd bGKDTvdfXPhRCvetPadz5XkRFdNKjn3Zf8ZbU= X-Google-DKIM-Signature: v=1; a=rsa-sha256; c=relaxed/relaxed; d=1e100.net; s=20230601; t=1746258004; x=1746862804; h=cc:to:from:subject:message-id:date:x-gm-message-state:from:to:cc :subject:date:message-id:reply-to; bh=hfndd255QvstT/ZUlu5k8Qi5G0NmRanVTHiz5YrV1a4=; b=kD52YcIzoAYQcjFgKxrrJ3orLsrZUVxqVTyvBJnx9/y9yqqIY2TuYDlGghTo8aM8nf 5K5t2xT4mUWB+KMPzxaiIICMz5uxCNRKiwPz/YNtMdG8G3tMOPMRhLdB3/l2pcCK/iJ3 F37FoqpQ635huuqNV25bSx4Pov0M+H+edgD3lgstdkGVLvhWRAj/CzLrl+7GTVs2YPAk i2SVWZij40CGKCfRlQFc6ne+Hf9QJXglRWe7DLUQKTRh6Ri4kiu/a+I9UoTRol4P4sal tNIt22S2zdmo0XpddUGlaqrdmwfIxYTWRWrP0pmWZMBvhBqGSoLafYP12K42Bk/pLp3a hO0Q== X-Gm-Message-State: AOJu0Yy7WTxYZc3Xu9B751DVtfBuGA9e2AcWomtqhLQjDslUE/LKqaJZ 05Ne/q4/zOIK1EKk4x7eWuSEr9OfGbhYkNyeOjChLY6eVrloKcU0uZGxfHPmJgewJu8kNMmUYwa W7iAewpPTUbtlVTgaKyxTOTmkWU05lMyWNhS8IZN3tJ95jXto X-Gm-Gg: ASbGncuZuUbx10VMJyHsf08Y9AyXc7ja+z+Nh1YKN5OEBl1apsUiLyy9c10/r61XaTR oTjC8adz9AFgusU8+rmzf6uuENZFbCh4btY3v3lhsOKrPDfHfBsZ6SXGJwEra01A5csm7x9/OVX nQiGmgGwxOHgT+D2V+rlQ65oUbb5aOrkEwrAIlAOKLBKz5ddVKlnEthA9luAz2vsEiOCuzHnKQ9 7KbHTHVQqZ6xY4WSx9dkKgaETM/W9cpg56qRUY4u0PbVjLtMj1FhWHLTJZIB3NA78LIXQvGor8b pt3DF4IyjEtorcpf4KhzrVQXJ2B5hkCNxP6m X-Google-Smtp-Source: AGHT+IFYioSqfwGJManeQ4s0Img7Ja4lE5L9wfGHQ+fxG2NFam+R0eGbbAjA181r2a9n/RMwUSQWdrgbQPWK X-Received: by 2002:ad4:4eae:0:b0:6eb:2fd4:30a7 with SMTP id 6a1803df08f44-6f5237fbbc8mr27664246d6.33.1746258004483; Sat, 03 May 2025 00:40:04 -0700 (PDT) Received: from postal.iol.unh.edu (postal.iol.unh.edu. [2606:4100:3880:1234::84]) by smtp-relay.gmail.com with ESMTPS id 6a1803df08f44-6f50f48f533sm9357836d6.68.2025.05.03.00.40.04 (version=TLS1_2 cipher=ECDHE-ECDSA-AES128-GCM-SHA256 bits=128/128); Sat, 03 May 2025 00:40:04 -0700 (PDT) X-Relaying-Domain: iol.unh.edu Date: Sat, 03 May 2025 00:40:04 -0700 (PDT) Message-ID: <6815c854.050a0220.106e20.b232SMTPIN_ADDED_MISSING@mx.google.com> Received: from [172.21.0.5] (unknown [172.18.0.240]) by postal.iol.unh.edu (Postfix) with ESMTP id 000446052471; Sat, 3 May 2025 03:40:03 -0400 (EDT) Subject: |FAILURE| [GIT MASTER] 4401486b5e30d43a134f80f9802f60b5f43e74a8 From: dpdklab@iol.unh.edu To: Test Report Cc: dpdk-test-reports@iol.unh.edu, Xueming Li , Christian Ehrhardt , Kevin Traynor , Luca Boccassi Content-Type: text/plain X-BeenThere: test-report@dpdk.org X-Mailman-Version: 2.1.29 Precedence: list List-Id: automatic DPDK test reports List-Unsubscribe: , List-Archive: List-Post: List-Help: List-Subscribe: , Errors-To: test-report-bounces@dpdk.org _Testing issues_ Branch: tags/v22.11 4401486b5e30d43a134f80f9802f60b5f43e74a8 --> testing issues Upstream job id: Generic-Unit-Test-DPDK#334924 Test environment and result as below: +---------------------+----------------+ | Environment | dpdk_unit_test | +=====================+================+ | Debian 12 | FAIL | +---------------------+----------------+ | CentOS Stream 9 | PEND | +---------------------+----------------+ | Fedora 40 (Clang) | FAIL | +---------------------+----------------+ | RHEL9 | FAIL | +---------------------+----------------+ | Fedora 40 | PEND | +---------------------+----------------+ | Fedora 41 | FAIL | +---------------------+----------------+ | CentOS Stream 10 | PEND | +---------------------+----------------+ | RHEL8 | PEND | +---------------------+----------------+ | Fedora 41 (Clang) | PEND | +---------------------+----------------+ | Ubuntu 20.04 | PASS | +---------------------+----------------+ | Ubuntu 24.04 | PEND | +---------------------+----------------+ | Ubuntu 22.04 | PEND | +---------------------+----------------+ | Windows Server 2022 | FAIL | +---------------------+----------------+ ==== Unit test summary for Windows Server 2022 (dpdk_unit_test): ==== Failed to get the unit test results. Displaying the unit test results is not supported for some environments, such as our aarch32 testing, where meson is not used to run the tests. Download the logs available on our CI site. ==== End log output ==== Debian 12 Kernel: Depends on container host Compiler: gcc (Debian 12.2.0-14) 12.2.0 CentOS Stream 9 Kernel: Depends on container host Compiler: gcc 11.5.0 20240719 (Red Hat 11.5.0-2) Fedora 40 (Clang) Kernel: Depends on container host Compiler: clang 18.1.8 (Fedora 18.1.8-1.fc40) RHEL9 Kernel: Depends on container host Compiler: gcc 11.5.0 20240719 (Red Hat 11.5.0-2) Fedora 40 Kernel: Depends on container host Compiler: gcc 14.2.1 20240912 (Red Hat 14.2.1-3) Fedora 41 Kernel: Depends on container host Compiler: gcc 14.2.1 20240912 (Red Hat 14.2.1-3) CentOS Stream 10 Kernel: Depends on container host Compiler: gcc 14.2.1 20241104 (Red Hat 14.2.1-6) RHEL8 Kernel: Depends on container host Compiler: gcc 8.5.0 20210514 (Red Hat 8.5.0-22) Fedora 41 (Clang) Kernel: Depends on container host Compiler: clang 19.1.5 (Fedora 19.1.5-1.fc41) Ubuntu 20.04 Kernel: Depends on container host Compiler: gcc (Ubuntu 9.4.0-1ubuntu1~20.04.2) 9.4.0 Ubuntu 24.04 Kernel: Depends on container host Compiler: gcc (Ubuntu 13.3.0-6ubuntu2~24.04) 13.3.0 Ubuntu 22.04 Kernel: Depends on container host Compiler: gcc (Ubuntu 11.4.0-1ubuntu1~22.04) 11.4.0 Windows Server 2022 Kernel: 10.0.20348.2031 Compiler: clang 15.0.7, gcc 14.1.0 (MinGW), and MSVC VS 19.39.33521 To view detailed results, visit: https://lab.dpdk.org/results/dashboard/tarballs/33416/ UNH-IOL DPDK Community Lab To manage your email subscriptions, visit: https://lab.dpdk.org/results/dashboard/preferences/subscriptions/