From mboxrd@z Thu Jan 1 00:00:00 1970 Return-Path: Received: from mails.dpdk.org (mails.dpdk.org [217.70.189.124]) by inbox.dpdk.org (Postfix) with ESMTP id 9D38B466A8 for ; Sat, 3 May 2025 09:42:09 +0200 (CEST) Received: from mails.dpdk.org (localhost [127.0.0.1]) by mails.dpdk.org (Postfix) with ESMTP id 80A5140261; Sat, 3 May 2025 09:42:09 +0200 (CEST) Received: from mail-pl1-f227.google.com (mail-pl1-f227.google.com [209.85.214.227]) by mails.dpdk.org (Postfix) with ESMTP id D489B4025D for ; Sat, 3 May 2025 09:42:07 +0200 (CEST) Received: by mail-pl1-f227.google.com with SMTP id d9443c01a7336-227a8cdd241so36168145ad.3 for ; Sat, 03 May 2025 00:42:07 -0700 (PDT) DKIM-Signature: v=1; a=rsa-sha256; c=relaxed/relaxed; d=iol.unh.edu; s=unh-iol; t=1746258127; x=1746862927; darn=dpdk.org; h=cc:to:from:subject:message-id:date:from:to:cc:subject:date :message-id:reply-to; bh=33I44+lj5ewE31HdC2WkZ3i25ss9tKxSrkYVTD7by60=; b=TywMB00NRsJtYiALSF6LHeQ2AFEdhXYCBmO2vN47WZtWx/pYOcO6NxP4hEAeZTqF3l FJseeIHnb6WEDfnvvifZEggCEe3wxP1iHvsLCoSbtPUvJZLkpdSGugugj+KSF2lXjKX3 8R4s2eHrUSgLfLXQ/VV8oYCzKOnyb6nMFS/GM= X-Google-DKIM-Signature: v=1; a=rsa-sha256; c=relaxed/relaxed; d=1e100.net; s=20230601; t=1746258127; x=1746862927; h=cc:to:from:subject:message-id:date:x-gm-message-state:from:to:cc :subject:date:message-id:reply-to; bh=33I44+lj5ewE31HdC2WkZ3i25ss9tKxSrkYVTD7by60=; b=HDH20g1hIvSHsLcNZuQu0igfpbZ9HEQPTmIMvoF0m7pq/K08aZMlArCdBt3ec8/1jF YMwrQp6DyPZv5sARZ9OLkbKJXjYhGIo4SGseLmy2GriIdkEk6n3yOTqUKDeD2SpW/L0F e0Car4sy5pNJCEcQv5gAsdFUUcLnEISZXDb1xD2lqiOdyhYI1T9GZDtxZFgekSDrFXc7 ryWKRj4kEwPWzRatf2ZTcp1ojvnPZy8EFyy1uTywRGnRMpawtRlLfvKYpb4IPQHMbNZ2 lxGErtOQohQUN/Vl/q+sX5QcM9ziKWueJIkIAXyVDDvM0tmUov+y1pBAnNufC4bktZYQ Ulxg== X-Gm-Message-State: AOJu0YzeuQfLtDJQYHcYXzcXm/vFRK3LNjkmPfC2ZzzfI8kxz034fWEW VkUSm0609EGNiduo9x+W0cDw38Oka9WuYsYndFpfm4GThSW4jS2Y5w+/oLM3jLYGWfPO9GS/yKn 5ckf81WmTYcR7wATs6YbA9pq4AGAxud4l X-Gm-Gg: ASbGncu5Xc87rJ7b71FRJ0tLDxoIPFZ0bKGmCgsReUbIHGnPqbf9fqfM8xosuTLo9i7 +MBt1fROamCn1YDZT7IJbbhaTuKxZ0q5T33iNFyN0/1gI+3LI+TeearpYZX1oZr6PFxSmbEguli xoy7y86w5XsPAMPBrWhjh/yQhW7lG8/yczFyKbDmXGByA9X3bUHgZ/eef7f/0ZDd7wRlYcX9Sp8 VpVPgSOKiywN6tNBCZj8/i2/zeELtLbrXIZCPRdU3clssbBg68XU18OgIun1caPlk3gbUM8oqK0 ockLXez5ZEw2v8EFsiNHi2lFNvOqZJ4ehxg1qLu8DsPiPJxl6qR7lR7UCaw= X-Google-Smtp-Source: AGHT+IFdtMq0ob+DghAqL9zhTjWNclZuqNKZwjqUYExqjD4iJoV3UJ+2BPD5pbpLk8tibORmP9mGdsjBW7gA X-Received: by 2002:a17:902:ea10:b0:215:9642:4d7a with SMTP id d9443c01a7336-22e18ac8366mr32087685ad.0.1746258126769; Sat, 03 May 2025 00:42:06 -0700 (PDT) Received: from postal.iol.unh.edu (postal.iol.unh.edu. [132.177.123.84]) by smtp-relay.gmail.com with ESMTPS id d9443c01a7336-22e1522b6a0sm3738945ad.71.2025.05.03.00.42.06 (version=TLS1_2 cipher=ECDHE-ECDSA-AES128-GCM-SHA256 bits=128/128); Sat, 03 May 2025 00:42:06 -0700 (PDT) X-Relaying-Domain: iol.unh.edu Date: Sat, 03 May 2025 00:42:06 -0700 (PDT) Message-ID: <6815c8ce.170a0220.a192f.5fedSMTPIN_ADDED_MISSING@mx.google.com> Received: from [172.21.0.5] (unknown [172.18.0.240]) by postal.iol.unh.edu (Postfix) with ESMTP id E2A106052471; Sat, 3 May 2025 03:42:05 -0400 (EDT) Subject: |FAILURE| [GIT MASTER] 4401486b5e30d43a134f80f9802f60b5f43e74a8 From: dpdklab@iol.unh.edu To: Test Report Cc: dpdk-test-reports@iol.unh.edu, Xueming Li , Christian Ehrhardt , Kevin Traynor , Luca Boccassi Content-Type: text/plain X-BeenThere: test-report@dpdk.org X-Mailman-Version: 2.1.29 Precedence: list List-Id: automatic DPDK test reports List-Unsubscribe: , List-Archive: List-Post: List-Help: List-Subscribe: , Errors-To: test-report-bounces@dpdk.org _Testing issues_ Branch: tags/v22.11 4401486b5e30d43a134f80f9802f60b5f43e74a8 --> testing issues Upstream job id: Generic-Unit-Test-DPDK#334925 Test environment and result as below: +---------------------+----------------+ | Environment | dpdk_unit_test | +=====================+================+ | Debian 12 | FAIL | +---------------------+----------------+ | CentOS Stream 9 | PEND | +---------------------+----------------+ | Fedora 40 (Clang) | FAIL | +---------------------+----------------+ | RHEL9 | FAIL | +---------------------+----------------+ | Fedora 40 | FAIL | +---------------------+----------------+ | Fedora 41 | FAIL | +---------------------+----------------+ | CentOS Stream 10 | PEND | +---------------------+----------------+ | RHEL8 | PEND | +---------------------+----------------+ | Fedora 41 (Clang) | PEND | +---------------------+----------------+ | Ubuntu 20.04 | PASS | +---------------------+----------------+ | Ubuntu 24.04 | PEND | +---------------------+----------------+ | Ubuntu 22.04 | PEND | +---------------------+----------------+ | Windows Server 2022 | FAIL | +---------------------+----------------+ ==== Unit test summary for Windows Server 2022 (dpdk_unit_test): ==== Failed to get the unit test results. Displaying the unit test results is not supported for some environments, such as our aarch32 testing, where meson is not used to run the tests. Download the logs available on our CI site. ==== End log output ==== Debian 12 Kernel: Depends on container host Compiler: gcc (Debian 12.2.0-14) 12.2.0 CentOS Stream 9 Kernel: Depends on container host Compiler: gcc 11.5.0 20240719 (Red Hat 11.5.0-2) Fedora 40 (Clang) Kernel: Depends on container host Compiler: clang 18.1.8 (Fedora 18.1.8-1.fc40) RHEL9 Kernel: Depends on container host Compiler: gcc 11.5.0 20240719 (Red Hat 11.5.0-2) Fedora 40 Kernel: Depends on container host Compiler: gcc 14.2.1 20240912 (Red Hat 14.2.1-3) Fedora 41 Kernel: Depends on container host Compiler: gcc 14.2.1 20240912 (Red Hat 14.2.1-3) CentOS Stream 10 Kernel: Depends on container host Compiler: gcc 14.2.1 20241104 (Red Hat 14.2.1-6) RHEL8 Kernel: Depends on container host Compiler: gcc 8.5.0 20210514 (Red Hat 8.5.0-22) Fedora 41 (Clang) Kernel: Depends on container host Compiler: clang 19.1.5 (Fedora 19.1.5-1.fc41) Ubuntu 20.04 Kernel: Depends on container host Compiler: gcc (Ubuntu 9.4.0-1ubuntu1~20.04.2) 9.4.0 Ubuntu 24.04 Kernel: Depends on container host Compiler: gcc (Ubuntu 13.3.0-6ubuntu2~24.04) 13.3.0 Ubuntu 22.04 Kernel: Depends on container host Compiler: gcc (Ubuntu 11.4.0-1ubuntu1~22.04) 11.4.0 Windows Server 2022 Kernel: 10.0.20348.2031 Compiler: clang 15.0.7, gcc 14.1.0 (MinGW), and MSVC VS 19.39.33521 To view detailed results, visit: https://lab.dpdk.org/results/dashboard/tarballs/33416/ UNH-IOL DPDK Community Lab To manage your email subscriptions, visit: https://lab.dpdk.org/results/dashboard/preferences/subscriptions/