From mboxrd@z Thu Jan 1 00:00:00 1970 Return-Path: Received: from mails.dpdk.org (mails.dpdk.org [217.70.189.124]) by inbox.dpdk.org (Postfix) with ESMTP id C92C4466A8 for ; Sat, 3 May 2025 09:44:21 +0200 (CEST) Received: from mails.dpdk.org (localhost [127.0.0.1]) by mails.dpdk.org (Postfix) with ESMTP id C465D40261; Sat, 3 May 2025 09:44:21 +0200 (CEST) Received: from mail-vk1-f226.google.com (mail-vk1-f226.google.com [209.85.221.226]) by mails.dpdk.org (Postfix) with ESMTP id E13874025D for ; Sat, 3 May 2025 09:44:19 +0200 (CEST) Received: by mail-vk1-f226.google.com with SMTP id 71dfb90a1353d-5290be1aedcso2722911e0c.1 for ; Sat, 03 May 2025 00:44:19 -0700 (PDT) DKIM-Signature: v=1; a=rsa-sha256; c=relaxed/relaxed; d=iol.unh.edu; s=unh-iol; t=1746258259; x=1746863059; darn=dpdk.org; h=cc:to:from:subject:message-id:date:from:to:cc:subject:date :message-id:reply-to; bh=tZocbTTGqrb6NFCWOihgLLk310dL7gC3QIdqJ7rxByU=; b=aJGBoqojUYIyQM9rEBgHRVNsSGIY+Tw4VfSKYGlZaOjz2q8KNCF/bopLSZazmOZi9f Yafw7fEUo45h+5PETcskXCBEf2Z/sagQgMm/WpTnITFWsAjKhYR1sewMmfsaP2ZslV5h 5KENjqwP/R6cE0ye8ygrIOY0YhfFzLkDScOaE= X-Google-DKIM-Signature: v=1; a=rsa-sha256; c=relaxed/relaxed; d=1e100.net; s=20230601; t=1746258259; x=1746863059; h=cc:to:from:subject:message-id:date:x-gm-message-state:from:to:cc :subject:date:message-id:reply-to; bh=tZocbTTGqrb6NFCWOihgLLk310dL7gC3QIdqJ7rxByU=; b=apXNd6PfOTHkThdaaqXE6KhMDN8h/eNf3tDZk9gTO8vdiel3gVWE3v2oIxIgNcMg9k GeciBoIHnl9uDjrD4D7T83ZVH5B+26Mz6G7yVSq/801bZD2IHY+WIK41huDCT0ic49s4 U4oEd5Fx0eRMdeCqf6lRjwcjAw/xlDZr59KTNA3O9N5Am55iCJPU13nQ67+c3yQvzjhp 4pCWrQOIzkqHxCuaX/X79Ai/yYc4I/Cq5YnxPnDG1FIzVb3VjSRLYqv2jDMeHUmQvSYh P/rdBhbyqogFj80bHJZaBHvYEAtCwaIwe7YCCeTvXfRVBDfP96nlIw8gMSjA0n2oYjzG DX+Q== X-Gm-Message-State: AOJu0YxB684eLmHbDYlDRA+VF2uX3mhqEWBEqH2/uxqRq6RmDi1qVnyu IuIhKXHmySIv3UViMHp5DByEqTWEmmXzO1sgFZbdRlxflAaUvpCp0RY0jolRB7X+4K/ZCAw8H1L EAfuY4ldO8/f9EIGGSatp+7H53q19mupzDqnXDXWWbJ1JVft2 X-Gm-Gg: ASbGncvkprxGwKpObb1/lOBTJtg7f9GK2jXoqTFSk5NJAB1aIX1gxts6TUu9fO7DAtf vZkWuQdaaczLmxeOIduU+OH6wGwpOanz4hEOtVL3/H09dL/MjojNCYAy55wLfRn0TQsh2PoNYkL QHV+FLzr3VaILwUsxRN02P6k9qkjK4xhsoIFFk4Qg1DT25orvv7FwMnymGtwGOXGVxH4OXVCOvp qwfWiNSoDAwqLyM8+abVjCXBKRIaiQk8kvcEpASL78lf0YECYaQBn+SRlryS7nT0S02CSgjEcHV tGYwjniBB0xJN/XTGHz/Fjbt4u90aQCUyAUB X-Google-Smtp-Source: AGHT+IG5pq2EUl7ezCaQouNP+0uSDRmpcSDRirp+FJVVt4q0kbkqZRHRmS/zHS9Xk5VgyC+v5Zi3ZKCThvJx X-Received: by 2002:a05:6122:4817:b0:524:2fe0:3898 with SMTP id 71dfb90a1353d-52adedaa8e1mr4742155e0c.5.1746258259216; Sat, 03 May 2025 00:44:19 -0700 (PDT) Received: from postal.iol.unh.edu (postal.iol.unh.edu. [2606:4100:3880:1234::84]) by smtp-relay.gmail.com with ESMTPS id 71dfb90a1353d-52ae40263e2sm869386e0c.5.2025.05.03.00.44.19 (version=TLS1_2 cipher=ECDHE-ECDSA-AES128-GCM-SHA256 bits=128/128); Sat, 03 May 2025 00:44:19 -0700 (PDT) X-Relaying-Domain: iol.unh.edu Date: Sat, 03 May 2025 00:44:19 -0700 (PDT) Message-ID: <6815c953.050a0220.2c8286.a6bbSMTPIN_ADDED_MISSING@mx.google.com> Received: from [172.21.0.5] (unknown [172.18.0.240]) by postal.iol.unh.edu (Postfix) with ESMTP id D99036052471; Sat, 3 May 2025 03:44:18 -0400 (EDT) Subject: |FAILURE| [GIT MASTER] 4401486b5e30d43a134f80f9802f60b5f43e74a8 From: dpdklab@iol.unh.edu To: Test Report Cc: dpdk-test-reports@iol.unh.edu, Xueming Li , Christian Ehrhardt , Kevin Traynor , Luca Boccassi Content-Type: text/plain X-BeenThere: test-report@dpdk.org X-Mailman-Version: 2.1.29 Precedence: list List-Id: automatic DPDK test reports List-Unsubscribe: , List-Archive: List-Post: List-Help: List-Subscribe: , Errors-To: test-report-bounces@dpdk.org _Testing issues_ Branch: tags/v22.11 4401486b5e30d43a134f80f9802f60b5f43e74a8 --> testing issues Upstream job id: Generic-Unit-Test-DPDK#334922 Test environment and result as below: +---------------------+----------------+ | Environment | dpdk_unit_test | +=====================+================+ | Debian 12 | FAIL | +---------------------+----------------+ | CentOS Stream 9 | FAIL | +---------------------+----------------+ | Fedora 40 (Clang) | FAIL | +---------------------+----------------+ | RHEL9 | FAIL | +---------------------+----------------+ | Fedora 40 | FAIL | +---------------------+----------------+ | Fedora 41 | FAIL | +---------------------+----------------+ | CentOS Stream 10 | PEND | +---------------------+----------------+ | RHEL8 | PEND | +---------------------+----------------+ | Fedora 41 (Clang) | PEND | +---------------------+----------------+ | Ubuntu 20.04 | PASS | +---------------------+----------------+ | Ubuntu 24.04 | PEND | +---------------------+----------------+ | Ubuntu 22.04 | PEND | +---------------------+----------------+ | Windows Server 2022 | FAIL | +---------------------+----------------+ ==== Unit test summary for Windows Server 2022 (dpdk_unit_test): ==== Failed to get the unit test results. Displaying the unit test results is not supported for some environments, such as our aarch32 testing, where meson is not used to run the tests. Download the logs available on our CI site. ==== End log output ==== Debian 12 Kernel: Depends on container host Compiler: gcc (Debian 12.2.0-14) 12.2.0 CentOS Stream 9 Kernel: Depends on container host Compiler: gcc 11.5.0 20240719 (Red Hat 11.5.0-2) Fedora 40 (Clang) Kernel: Depends on container host Compiler: clang 18.1.8 (Fedora 18.1.8-1.fc40) RHEL9 Kernel: Depends on container host Compiler: gcc 11.5.0 20240719 (Red Hat 11.5.0-2) Fedora 40 Kernel: Depends on container host Compiler: gcc 14.2.1 20240912 (Red Hat 14.2.1-3) Fedora 41 Kernel: Depends on container host Compiler: gcc 14.2.1 20240912 (Red Hat 14.2.1-3) CentOS Stream 10 Kernel: Depends on container host Compiler: gcc 14.2.1 20241104 (Red Hat 14.2.1-6) RHEL8 Kernel: Depends on container host Compiler: gcc 8.5.0 20210514 (Red Hat 8.5.0-22) Fedora 41 (Clang) Kernel: Depends on container host Compiler: clang 19.1.5 (Fedora 19.1.5-1.fc41) Ubuntu 20.04 Kernel: Depends on container host Compiler: gcc (Ubuntu 9.4.0-1ubuntu1~20.04.2) 9.4.0 Ubuntu 24.04 Kernel: Depends on container host Compiler: gcc (Ubuntu 13.3.0-6ubuntu2~24.04) 13.3.0 Ubuntu 22.04 Kernel: Depends on container host Compiler: gcc (Ubuntu 11.4.0-1ubuntu1~22.04) 11.4.0 Windows Server 2022 Kernel: 10.0.20348.2031 Compiler: clang 15.0.7, gcc 14.1.0 (MinGW), and MSVC VS 19.39.33521 To view detailed results, visit: https://lab.dpdk.org/results/dashboard/tarballs/33416/ UNH-IOL DPDK Community Lab To manage your email subscriptions, visit: https://lab.dpdk.org/results/dashboard/preferences/subscriptions/