From mboxrd@z Thu Jan 1 00:00:00 1970 Return-Path: Received: from mails.dpdk.org (mails.dpdk.org [217.70.189.124]) by inbox.dpdk.org (Postfix) with ESMTP id F1E19466A8 for ; Sat, 3 May 2025 09:45:54 +0200 (CEST) Received: from mails.dpdk.org (localhost [127.0.0.1]) by mails.dpdk.org (Postfix) with ESMTP id ECB2440261; Sat, 3 May 2025 09:45:54 +0200 (CEST) Received: from mail-qv1-f100.google.com (mail-qv1-f100.google.com [209.85.219.100]) by mails.dpdk.org (Postfix) with ESMTP id C2E014025D for ; Sat, 3 May 2025 09:45:53 +0200 (CEST) Received: by mail-qv1-f100.google.com with SMTP id 6a1803df08f44-6f0ad74483fso35504986d6.1 for ; Sat, 03 May 2025 00:45:53 -0700 (PDT) DKIM-Signature: v=1; a=rsa-sha256; c=relaxed/relaxed; d=iol.unh.edu; s=unh-iol; t=1746258353; x=1746863153; darn=dpdk.org; h=cc:to:from:subject:message-id:date:from:to:cc:subject:date :message-id:reply-to; bh=L9/JdvUm3fi/eGmsB0I7j0zcEzc4FcA2ASrayK0qdLY=; b=Mft9tvo0MxT/NcNaBrJr/I2oUDJhY908trkeH9aDpAtROa4twUk/vp+0RDiFSWezIm 2ZePztguQoA1N5ghV8CbBjsqqRXbslBEl/tD8m2rjGbqwBhWdqVzHT6S4P5zMixgep++ 6qnRlqfwDyn/tV4DnKnAovDBVZ1WV3YRV2/ps= X-Google-DKIM-Signature: v=1; a=rsa-sha256; c=relaxed/relaxed; d=1e100.net; s=20230601; t=1746258353; x=1746863153; h=cc:to:from:subject:message-id:date:x-gm-message-state:from:to:cc :subject:date:message-id:reply-to; bh=L9/JdvUm3fi/eGmsB0I7j0zcEzc4FcA2ASrayK0qdLY=; b=PGK5Sa0wwlO+l3MdGrbkY0r0znrykRAcR7G6QwvboWYPCn64INN15YqE2YrSmSC7O9 NO948O2EqQCIAq6E08wN3L0qq9Ar7+pxWLnXoIX8vh9HN1ZIRXd0wettrvrd+5oCtr90 AA/w4jSX+E7dej0SJglbPtcIGqLmN/dr+DZJbNp/Uwe6mx7Bq32PwNVqpRafkwvOqLjr 48y6OT11DlOB15IBfT9AhZmj0ZjS1lS1BAPrg0QHERsWWRJR3rg901G7zoa+5jy7QnmD Dw/kp2mestyyNHoA1otIvgAowPbbPlJcg4pzFwSjsGz4pTF2+PbfrolVQZ3OCn9OWEHD E/ZA== X-Gm-Message-State: AOJu0YzdJCbLDmahroko5NWdcWk23ToztMXYEJjrwA5PMlgswqs/A80/ +8T1kJ5PIVqpXKQv5BnWVSOFp/XXiSnDp1QcI8ullv1/67A85uMucx4//vND9SvvyKjyzI6+Dlv wnwWcrdF4g2cmwdnF0atTBZQRNnOcACDZ X-Gm-Gg: ASbGncv4GiqiizL0Lyq3Dba71DOXU/o5OSJeRhyHSqyj8CnWZD4gjktyxRL+9ARqVPY W9yeSTLuWmW+DZQQ8qXGWmD1YVVwPrjCAzrP7QMHtV7OKYyBrrgI8DBkd7jrcjBxP2a573bJmPU 3zMMVr8fbYeqDDgwyyCpYvqY4+raIBpj9weSwoezgPHLGUingzP6OBtZkOl0+r5lefe5zIkVGES dKUpXrqHt4rpasp+HYc6mjwBtrTCL7S53tnAC5lM7zScdvvO4n2/cm2YYOJlexsSHz3NMztmE3k vvTtCwFAnowJ1VhxqpXPA8dZi0Y5soqIANYP0I7zsLR+dH3QYNhTJ/FV208= X-Google-Smtp-Source: AGHT+IHZL6L2Gd2jhGrRvv3i/T8raGqZ68lcSpRfKCbuaxJ6J91w35uqlwE2zj3qgcEE2iGNkdvF0VRHnt5a X-Received: by 2002:a05:6214:23cd:b0:6f0:e2e1:50b4 with SMTP id 6a1803df08f44-6f523801079mr28787756d6.35.1746258353141; Sat, 03 May 2025 00:45:53 -0700 (PDT) Received: from postal.iol.unh.edu (postal.iol.unh.edu. [132.177.123.84]) by smtp-relay.gmail.com with ESMTPS id 6a1803df08f44-6f50f48e760sm9036776d6.62.2025.05.03.00.45.53 (version=TLS1_2 cipher=ECDHE-ECDSA-AES128-GCM-SHA256 bits=128/128); Sat, 03 May 2025 00:45:53 -0700 (PDT) X-Relaying-Domain: iol.unh.edu Date: Sat, 03 May 2025 00:45:53 -0700 (PDT) Message-ID: <6815c9b1.d40a0220.d4a3.ad09SMTPIN_ADDED_MISSING@mx.google.com> Received: from [172.21.0.5] (unknown [172.18.0.240]) by postal.iol.unh.edu (Postfix) with ESMTP id D729F6052471; Sat, 3 May 2025 03:45:52 -0400 (EDT) Subject: |FAILURE| [GIT MASTER] 4401486b5e30d43a134f80f9802f60b5f43e74a8 From: dpdklab@iol.unh.edu To: Test Report Cc: dpdk-test-reports@iol.unh.edu, Xueming Li , Christian Ehrhardt , Kevin Traynor , Luca Boccassi Content-Type: text/plain X-BeenThere: test-report@dpdk.org X-Mailman-Version: 2.1.29 Precedence: list List-Id: automatic DPDK test reports List-Unsubscribe: , List-Archive: List-Post: List-Help: List-Subscribe: , Errors-To: test-report-bounces@dpdk.org _Testing issues_ Branch: tags/v22.11 4401486b5e30d43a134f80f9802f60b5f43e74a8 --> testing issues Upstream job id: Generic-Unit-Test-DPDK#334929 Test environment and result as below: +---------------------+----------------+ | Environment | dpdk_unit_test | +=====================+================+ | Debian 12 | FAIL | +---------------------+----------------+ | CentOS Stream 9 | FAIL | +---------------------+----------------+ | Fedora 40 (Clang) | FAIL | +---------------------+----------------+ | RHEL9 | FAIL | +---------------------+----------------+ | Fedora 40 | FAIL | +---------------------+----------------+ | Fedora 41 | FAIL | +---------------------+----------------+ | CentOS Stream 10 | PEND | +---------------------+----------------+ | RHEL8 | FAIL | +---------------------+----------------+ | Fedora 41 (Clang) | PEND | +---------------------+----------------+ | Ubuntu 20.04 | PASS | +---------------------+----------------+ | Ubuntu 24.04 | PEND | +---------------------+----------------+ | Ubuntu 22.04 | PEND | +---------------------+----------------+ | Windows Server 2022 | FAIL | +---------------------+----------------+ ==== Unit test summary for Windows Server 2022 (dpdk_unit_test): ==== Failed to get the unit test results. Displaying the unit test results is not supported for some environments, such as our aarch32 testing, where meson is not used to run the tests. Download the logs available on our CI site. ==== End log output ==== Debian 12 Kernel: Depends on container host Compiler: gcc (Debian 12.2.0-14) 12.2.0 CentOS Stream 9 Kernel: Depends on container host Compiler: gcc 11.5.0 20240719 (Red Hat 11.5.0-2) Fedora 40 (Clang) Kernel: Depends on container host Compiler: clang 18.1.8 (Fedora 18.1.8-1.fc40) RHEL9 Kernel: Depends on container host Compiler: gcc 11.5.0 20240719 (Red Hat 11.5.0-2) Fedora 40 Kernel: Depends on container host Compiler: gcc 14.2.1 20240912 (Red Hat 14.2.1-3) Fedora 41 Kernel: Depends on container host Compiler: gcc 14.2.1 20240912 (Red Hat 14.2.1-3) CentOS Stream 10 Kernel: Depends on container host Compiler: gcc 14.2.1 20241104 (Red Hat 14.2.1-6) RHEL8 Kernel: Depends on container host Compiler: gcc 8.5.0 20210514 (Red Hat 8.5.0-22) Fedora 41 (Clang) Kernel: Depends on container host Compiler: clang 19.1.5 (Fedora 19.1.5-1.fc41) Ubuntu 20.04 Kernel: Depends on container host Compiler: gcc (Ubuntu 9.4.0-1ubuntu1~20.04.2) 9.4.0 Ubuntu 24.04 Kernel: Depends on container host Compiler: gcc (Ubuntu 13.3.0-6ubuntu2~24.04) 13.3.0 Ubuntu 22.04 Kernel: Depends on container host Compiler: gcc (Ubuntu 11.4.0-1ubuntu1~22.04) 11.4.0 Windows Server 2022 Kernel: 10.0.20348.2031 Compiler: clang 15.0.7, gcc 14.1.0 (MinGW), and MSVC VS 19.39.33521 To view detailed results, visit: https://lab.dpdk.org/results/dashboard/tarballs/33416/ UNH-IOL DPDK Community Lab To manage your email subscriptions, visit: https://lab.dpdk.org/results/dashboard/preferences/subscriptions/