From mboxrd@z Thu Jan 1 00:00:00 1970 Return-Path: Received: from mails.dpdk.org (mails.dpdk.org [217.70.189.124]) by inbox.dpdk.org (Postfix) with ESMTP id A8D2E466A8 for ; Sat, 3 May 2025 09:52:18 +0200 (CEST) Received: from mails.dpdk.org (localhost [127.0.0.1]) by mails.dpdk.org (Postfix) with ESMTP id 7D08340261; Sat, 3 May 2025 09:52:18 +0200 (CEST) Received: from mail-qt1-f228.google.com (mail-qt1-f228.google.com [209.85.160.228]) by mails.dpdk.org (Postfix) with ESMTP id 451C64025D for ; Sat, 3 May 2025 09:52:17 +0200 (CEST) Received: by mail-qt1-f228.google.com with SMTP id d75a77b69052e-476f4e9cf92so22325771cf.3 for ; Sat, 03 May 2025 00:52:17 -0700 (PDT) DKIM-Signature: v=1; a=rsa-sha256; c=relaxed/relaxed; d=iol.unh.edu; s=unh-iol; t=1746258736; x=1746863536; darn=dpdk.org; h=cc:to:from:subject:message-id:date:from:to:cc:subject:date :message-id:reply-to; bh=4Ft0Ad+fXni/aXnrul3qd1kyT7KoPwWq2RqEOelG9js=; b=gKAfrMy9s9Axd5XkZvMrUtnM6c42TEXd3KkneJDwe9rqvF0sFI7krCDb1hmnTNps2N 4NjeVUMlT39u01ck39YTgEBruc+6rrAST8Lqt42PpLcTFSLcEiBAm5gU/o2XJydVqw4C mj3Bfn6/1ISmChg9C6HX0dqng8iKPe9ZvOU6k= X-Google-DKIM-Signature: v=1; a=rsa-sha256; c=relaxed/relaxed; d=1e100.net; s=20230601; t=1746258736; x=1746863536; h=cc:to:from:subject:message-id:date:x-gm-message-state:from:to:cc :subject:date:message-id:reply-to; bh=4Ft0Ad+fXni/aXnrul3qd1kyT7KoPwWq2RqEOelG9js=; b=AZQoih+H1nfhnJ+OMw51qnsRvq/8mNDdM1Mk7rtKl7QcoEWdCcMzDtLYpjTUxNGape r+sLL9uBtNp4IDxYzH7nyR2HonTlB3kjjbHofjK22zFLvlwAbtNEvUbVRYxBNh1Owabq VOEcs95OrL3mi25/RPhqXD78852ZKMBO6fVmQbJaBXDIRL4VUlDUb28MddQgA8Iv9GWZ EWjdzNlIVOyU1AnvqQus1+nTaWwgU8lcTsIMp2H9yttInV79h5sXYKNBvp3Prx42TPm9 qCN0dKYMH9/ita/7JqcNfDofTwED7SCpH4xR2CeR34BINL8ncEsAmawNqnEqYBJQLehk 0axw== X-Gm-Message-State: AOJu0YzXjfr8i8SvXRSkpQMxWWwQDGN2a4fIVJBMygO2iqCnapxhHxlj vu2wzC4OVee0DyLliRfIdorkSviLqzqbAGD6eLrLfQdrlIvVIp9j+ThTSrFWCPf0MUMlkC0tUvk DKjWmoNrhvWwMasZR32Z/bOFFIpDH5IFJ/s9RM8VL2igg5s1Z X-Gm-Gg: ASbGncs2O4tC3KxzjKMSGWraZY0mCqN1/YAQ7HGJlwKmLv+8dqk9urKRJchlH2orcBC Zg8TaMa/0BIs4ayQSk0lT4kGYrlokIbVFjmltJ+7W/+ZqjlS/UicZ/IZ6eJzxWr4hGYl5BIClxZ erlbrc1j1qmi/kUPeduSF1zkgj3wasCyPPU4p9+vdUx1/RLjn0spYtmFDAU9w/sFZgqTKtd9Gm5 0VDAlvaO+mWz12TPUdDcB5+IPcy95+Tx8DsgLcIQZHHuvjW65kCEmG5IcICjjCIWUOD6zSMkL7m 1waA6DjDIYB/qxl16RnFrhYWlbbYMxx1Q64U X-Google-Smtp-Source: AGHT+IFgABOA+5HtuEbfGqk8tJBG5HjHZeJd6r7ZMi1jESJ6xXAxGeteI6eCJqwbCn4lGN8QcmMzBZrT2CPV X-Received: by 2002:a05:622a:1f89:b0:48a:e2ec:a3b4 with SMTP id d75a77b69052e-48dff7e09ddmr2089311cf.17.1746258736642; Sat, 03 May 2025 00:52:16 -0700 (PDT) Received: from postal.iol.unh.edu (postal.iol.unh.edu. [2606:4100:3880:1234::84]) by smtp-relay.gmail.com with ESMTPS id d75a77b69052e-48b98723263sm6497451cf.15.2025.05.03.00.52.16 (version=TLS1_2 cipher=ECDHE-ECDSA-AES128-GCM-SHA256 bits=128/128); Sat, 03 May 2025 00:52:16 -0700 (PDT) X-Relaying-Domain: iol.unh.edu Date: Sat, 03 May 2025 00:52:16 -0700 (PDT) Message-ID: <6815cb30.050a0220.135791.7cdbSMTPIN_ADDED_MISSING@mx.google.com> Received: from [172.17.0.4] (unknown [172.18.0.74]) by postal.iol.unh.edu (Postfix) with ESMTP id 4B8D56052471; Sat, 3 May 2025 03:52:16 -0400 (EDT) Subject: |FAILURE| [GIT MASTER] 4401486b5e30d43a134f80f9802f60b5f43e74a8 From: dpdklab@iol.unh.edu To: Test Report Cc: dpdk-test-reports@iol.unh.edu, Xueming Li , Christian Ehrhardt , Kevin Traynor , Luca Boccassi Content-Type: text/plain X-BeenThere: test-report@dpdk.org X-Mailman-Version: 2.1.29 Precedence: list List-Id: automatic DPDK test reports List-Unsubscribe: , List-Archive: List-Post: List-Help: List-Subscribe: , Errors-To: test-report-bounces@dpdk.org _Testing issues_ Branch: tags/v22.11 4401486b5e30d43a134f80f9802f60b5f43e74a8 --> testing issues Upstream job id: Generic-Unit-Test-DPDK#334928 Test environment and result as below: +---------------------+----------------+ | Environment | dpdk_unit_test | +=====================+================+ | Debian 12 | FAIL | +---------------------+----------------+ | CentOS Stream 9 | FAIL | +---------------------+----------------+ | Fedora 40 (Clang) | FAIL | +---------------------+----------------+ | RHEL9 | FAIL | +---------------------+----------------+ | Fedora 40 | FAIL | +---------------------+----------------+ | Fedora 41 | FAIL | +---------------------+----------------+ | CentOS Stream 10 | PEND | +---------------------+----------------+ | RHEL8 | FAIL | +---------------------+----------------+ | Fedora 41 (Clang) | FAIL | +---------------------+----------------+ | Ubuntu 20.04 | PASS | +---------------------+----------------+ | Ubuntu 24.04 | PEND | +---------------------+----------------+ | Ubuntu 22.04 | PEND | +---------------------+----------------+ | Windows Server 2022 | FAIL | +---------------------+----------------+ ==== Unit test summary for Windows Server 2022 (dpdk_unit_test): ==== Failed to get the unit test results. Displaying the unit test results is not supported for some environments, such as our aarch32 testing, where meson is not used to run the tests. Download the logs available on our CI site. ==== End log output ==== Debian 12 Kernel: Depends on container host Compiler: gcc (Debian 12.2.0-14) 12.2.0 CentOS Stream 9 Kernel: Depends on container host Compiler: gcc 11.5.0 20240719 (Red Hat 11.5.0-2) Fedora 40 (Clang) Kernel: Depends on container host Compiler: clang 18.1.8 (Fedora 18.1.8-1.fc40) RHEL9 Kernel: Depends on container host Compiler: gcc 11.5.0 20240719 (Red Hat 11.5.0-2) Fedora 40 Kernel: Depends on container host Compiler: gcc 14.2.1 20240912 (Red Hat 14.2.1-3) Fedora 41 Kernel: Depends on container host Compiler: gcc 14.2.1 20240912 (Red Hat 14.2.1-3) CentOS Stream 10 Kernel: Depends on container host Compiler: gcc 14.2.1 20241104 (Red Hat 14.2.1-6) RHEL8 Kernel: Depends on container host Compiler: gcc 8.5.0 20210514 (Red Hat 8.5.0-22) Fedora 41 (Clang) Kernel: Depends on container host Compiler: clang 19.1.5 (Fedora 19.1.5-1.fc41) Ubuntu 20.04 Kernel: Depends on container host Compiler: gcc (Ubuntu 9.4.0-1ubuntu1~20.04.2) 9.4.0 Ubuntu 24.04 Kernel: Depends on container host Compiler: gcc (Ubuntu 13.3.0-6ubuntu2~24.04) 13.3.0 Ubuntu 22.04 Kernel: Depends on container host Compiler: gcc (Ubuntu 11.4.0-1ubuntu1~22.04) 11.4.0 Windows Server 2022 Kernel: 10.0.20348.2031 Compiler: clang 15.0.7, gcc 14.1.0 (MinGW), and MSVC VS 19.39.33521 To view detailed results, visit: https://lab.dpdk.org/results/dashboard/tarballs/33416/ UNH-IOL DPDK Community Lab To manage your email subscriptions, visit: https://lab.dpdk.org/results/dashboard/preferences/subscriptions/