From mboxrd@z Thu Jan 1 00:00:00 1970 Return-Path: Received: from mails.dpdk.org (mails.dpdk.org [217.70.189.124]) by inbox.dpdk.org (Postfix) with ESMTP id BFC00466AA for ; Sat, 3 May 2025 10:05:16 +0200 (CEST) Received: from mails.dpdk.org (localhost [127.0.0.1]) by mails.dpdk.org (Postfix) with ESMTP id BAEB440261; Sat, 3 May 2025 10:05:16 +0200 (CEST) Received: from mail-io1-f99.google.com (mail-io1-f99.google.com [209.85.166.99]) by mails.dpdk.org (Postfix) with ESMTP id A1A044025D for ; Sat, 3 May 2025 10:05:14 +0200 (CEST) Received: by mail-io1-f99.google.com with SMTP id ca18e2360f4ac-86192b64d0bso278159239f.3 for ; Sat, 03 May 2025 01:05:14 -0700 (PDT) DKIM-Signature: v=1; a=rsa-sha256; c=relaxed/relaxed; d=iol.unh.edu; s=unh-iol; t=1746259514; x=1746864314; darn=dpdk.org; h=cc:to:from:subject:message-id:date:from:to:cc:subject:date :message-id:reply-to; bh=LUsMw9hY54yqSJXJHJnuD2hXa2kIlWAlYogsA2owOGE=; b=f2ioJn4fPVekWdNUraOLUZsaAP9XuPFbmWtvrfSpCynXBXToywfgJH30fXYqJgfrro wGit7RzHKaZS+HCun/MhurWNWzfdjs/xsrfODkQ9zGaHja5sR7UjaiNPKqkhnNFnSEwU LRFZAwUwd+WPaFxspSrOJUZ8sugURP5KigU3o= X-Google-DKIM-Signature: v=1; a=rsa-sha256; c=relaxed/relaxed; d=1e100.net; s=20230601; t=1746259514; x=1746864314; h=cc:to:from:subject:message-id:date:x-gm-message-state:from:to:cc :subject:date:message-id:reply-to; bh=LUsMw9hY54yqSJXJHJnuD2hXa2kIlWAlYogsA2owOGE=; b=T0fZpztVfBkQKFf2BD8xRU7p7JRrhEfEpbGrEJyqbPztZAGJKFLy63luSdYQueNlXr l3gCa/WiybgsDfPJDPNR5C7kYXQRotCaznzWEd09INarNXf3S67jTg3B248BxVZDiVY3 TtUZduZ/D3pQCbn/ywkqAmyLsjN5YNw3wA/1eVneP1C0ABtRXK6m2QGE7NYgW+CsS7QK XbOl/AiUJx7K39mbfEGQMwnOsJHOGdks0Gn7yRq2WcC2IrTpsx80oRefqtC0Gal2x6UN qzfB6VjvAiiaHWwgQLqTY8hJzj5IhmgVTTTWtzuj2XxTDWl2NnWVNS6KIKgVI7Q7eMTh s2Ng== X-Gm-Message-State: AOJu0YyXv/4nHjEIJCFc8PcAKYparKlakIfc8uiEnvyukBnswmI2SSsk aKyA5691sExXfKsdmoNe6zRghsCD1zVRBph1+aF6W0Lk/XjKY5ZlwLyulsmnN7rm31nnjexdXz8 W5ExL4k4pPeqs0/jPo4Nkwjnr0/is3ts2Wmza4CViLg/FDMnX X-Gm-Gg: ASbGncu9V81uCSOmM6KV1qbYqjcItD1wMfSM2jEhjCX+o3MX3I08x9Cp/ilgajc2j1U SwivzpPnUl848E8qOXQIwTSWA6L9cYliYzY+hVM19/Jpt6bqsHsmbFQ0agFURDGuDvm4WgplAmS MmUMlkue9N599oI9LIxSvA3vQbv7+bxUpgA6odHawPKYdlmyiyutxjcsVql0/zy1ubORph54Y5j P2eLD0ic6KyYVZHkAvwG/EdPd46A93KgdE8dOYXVrZ6G4TTXYYxqCbBMM7i6onwfu+GteslWguS cUqzVGiD6T9irkWtwKZaeYpqLjA+I8Ixa2f9 X-Google-Smtp-Source: AGHT+IFhe/HR2e3R8pvUT2Y80ZMK/ac73l2ANGQZTtKebZtk8aZYSo/yfY4bE5hF11ayOGi9gi8GAn78fCkq X-Received: by 2002:a05:6602:3ca:b0:85b:482b:8530 with SMTP id ca18e2360f4ac-8670b7a0a62mr173141339f.2.1746259514002; Sat, 03 May 2025 01:05:14 -0700 (PDT) Received: from postal.iol.unh.edu (postal.iol.unh.edu. [2606:4100:3880:1234::84]) by smtp-relay.gmail.com with ESMTPS id 8926c6da1cb9f-4f88a940472sm664326173.39.2025.05.03.01.05.13 (version=TLS1_2 cipher=ECDHE-ECDSA-AES128-GCM-SHA256 bits=128/128); Sat, 03 May 2025 01:05:13 -0700 (PDT) X-Relaying-Domain: iol.unh.edu Date: Sat, 03 May 2025 01:05:13 -0700 (PDT) Message-ID: <6815ce39.050a0220.2aa9e0.93d4SMTPIN_ADDED_MISSING@mx.google.com> Received: from [172.17.0.2] (unknown [172.18.0.76]) by postal.iol.unh.edu (Postfix) with ESMTP id 6C1796052471; Sat, 3 May 2025 04:05:13 -0400 (EDT) Subject: |FAILURE| [GIT MASTER] 4401486b5e30d43a134f80f9802f60b5f43e74a8 From: dpdklab@iol.unh.edu To: Test Report Cc: dpdk-test-reports@iol.unh.edu, Xueming Li , Christian Ehrhardt , Kevin Traynor , Luca Boccassi Content-Type: text/plain X-BeenThere: test-report@dpdk.org X-Mailman-Version: 2.1.29 Precedence: list List-Id: automatic DPDK test reports List-Unsubscribe: , List-Archive: List-Post: List-Help: List-Subscribe: , Errors-To: test-report-bounces@dpdk.org _Testing issues_ Branch: tags/v22.11 4401486b5e30d43a134f80f9802f60b5f43e74a8 --> testing issues Upstream job id: Generic-Unit-Test-DPDK#334923 Test environment and result as below: +---------------------+----------------+ | Environment | dpdk_unit_test | +=====================+================+ | Debian 12 | FAIL | +---------------------+----------------+ | CentOS Stream 9 | FAIL | +---------------------+----------------+ | Fedora 40 (Clang) | FAIL | +---------------------+----------------+ | RHEL9 | FAIL | +---------------------+----------------+ | Fedora 40 | FAIL | +---------------------+----------------+ | Fedora 41 | FAIL | +---------------------+----------------+ | CentOS Stream 10 | FAIL | +---------------------+----------------+ | RHEL8 | FAIL | +---------------------+----------------+ | Fedora 41 (Clang) | FAIL | +---------------------+----------------+ | Ubuntu 20.04 | PASS | +---------------------+----------------+ | Ubuntu 24.04 | PEND | +---------------------+----------------+ | Ubuntu 22.04 | PEND | +---------------------+----------------+ | Windows Server 2022 | FAIL | +---------------------+----------------+ ==== Unit test summary for Windows Server 2022 (dpdk_unit_test): ==== Failed to get the unit test results. Displaying the unit test results is not supported for some environments, such as our aarch32 testing, where meson is not used to run the tests. Download the logs available on our CI site. ==== End log output ==== Debian 12 Kernel: Depends on container host Compiler: gcc (Debian 12.2.0-14) 12.2.0 CentOS Stream 9 Kernel: Depends on container host Compiler: gcc 11.5.0 20240719 (Red Hat 11.5.0-2) Fedora 40 (Clang) Kernel: Depends on container host Compiler: clang 18.1.8 (Fedora 18.1.8-1.fc40) RHEL9 Kernel: Depends on container host Compiler: gcc 11.5.0 20240719 (Red Hat 11.5.0-2) Fedora 40 Kernel: Depends on container host Compiler: gcc 14.2.1 20240912 (Red Hat 14.2.1-3) Fedora 41 Kernel: Depends on container host Compiler: gcc 14.2.1 20240912 (Red Hat 14.2.1-3) CentOS Stream 10 Kernel: Depends on container host Compiler: gcc 14.2.1 20241104 (Red Hat 14.2.1-6) RHEL8 Kernel: Depends on container host Compiler: gcc 8.5.0 20210514 (Red Hat 8.5.0-22) Fedora 41 (Clang) Kernel: Depends on container host Compiler: clang 19.1.5 (Fedora 19.1.5-1.fc41) Ubuntu 20.04 Kernel: Depends on container host Compiler: gcc (Ubuntu 9.4.0-1ubuntu1~20.04.2) 9.4.0 Ubuntu 24.04 Kernel: Depends on container host Compiler: gcc (Ubuntu 13.3.0-6ubuntu2~24.04) 13.3.0 Ubuntu 22.04 Kernel: Depends on container host Compiler: gcc (Ubuntu 11.4.0-1ubuntu1~22.04) 11.4.0 Windows Server 2022 Kernel: 10.0.20348.2031 Compiler: clang 15.0.7, gcc 14.1.0 (MinGW), and MSVC VS 19.39.33521 To view detailed results, visit: https://lab.dpdk.org/results/dashboard/tarballs/33416/ UNH-IOL DPDK Community Lab To manage your email subscriptions, visit: https://lab.dpdk.org/results/dashboard/preferences/subscriptions/