From mboxrd@z Thu Jan 1 00:00:00 1970 Return-Path: Received: from mails.dpdk.org (mails.dpdk.org [217.70.189.124]) by inbox.dpdk.org (Postfix) with ESMTP id 7ABD1466AA for ; Sat, 3 May 2025 10:11:31 +0200 (CEST) Received: from mails.dpdk.org (localhost [127.0.0.1]) by mails.dpdk.org (Postfix) with ESMTP id 4631E40261; Sat, 3 May 2025 10:11:31 +0200 (CEST) Received: from mail-pl1-f226.google.com (mail-pl1-f226.google.com [209.85.214.226]) by mails.dpdk.org (Postfix) with ESMTP id 80FDD4025D for ; Sat, 3 May 2025 10:11:30 +0200 (CEST) Received: by mail-pl1-f226.google.com with SMTP id d9443c01a7336-224341bbc1dso37641405ad.3 for ; Sat, 03 May 2025 01:11:30 -0700 (PDT) DKIM-Signature: v=1; a=rsa-sha256; c=relaxed/relaxed; d=iol.unh.edu; s=unh-iol; t=1746259889; x=1746864689; darn=dpdk.org; h=cc:to:from:subject:message-id:date:from:to:cc:subject:date :message-id:reply-to; bh=djE/90fxdZNkdrXoKgzqwAvCK6Xae2b0wUMv4vom9mc=; b=QX9UtGamuRmGkAdNsbQokIVD9o+yI1aeisWiASqqmEiJ2t6VESZIp7iqvBwwG43gu6 uuuzaN1LPn2Lqox8NSaMfw49tb60OsDzdY45m2ox8d25WiL4/IA+pkD/m1p7BnsDLRoj srJhXk+3m3TwnIrBPmWvOnS7M6irI2r1i+NZY= X-Google-DKIM-Signature: v=1; a=rsa-sha256; c=relaxed/relaxed; d=1e100.net; s=20230601; t=1746259889; x=1746864689; h=cc:to:from:subject:message-id:date:x-gm-message-state:from:to:cc :subject:date:message-id:reply-to; bh=djE/90fxdZNkdrXoKgzqwAvCK6Xae2b0wUMv4vom9mc=; b=c7LXbFU+baI67NPVoKemC7DkozpkLxgmM59qKNDWIwzt7Kms27xtLQXMkwxwtIdoS3 Eg6J5yQ4e+kRqmpX01eZrfivnDYHM7tcBOx6Ehuo4te3+w/P1UgbT+ntYNZi9HXHNrtv QoXU01SK4JzUvpaZJqeiaT+e1IcZMxBdsA0hV+upCeYQd4oyao/uo62D6oKbY0J7FIRv LtN+V7d5LuVLqok8Y1WMmgedR5rQvcFu4VwbPp+PAxhmBYUCVNs5LbPdAOwl8V0w6a7Y 5Pit0Eqdud/RiboVoS4aWcJD7JCiUGtgCRzTw3DACeY1zCWCg4eoFV+nzB3AgDVp9OmP 0MvQ== X-Gm-Message-State: AOJu0Yy4KBsoUBeDcfRHUGpjdQNRnvJbCV6UXHK5L1DJn8IBa+mVIpDS d4jo3r80EGhdJf3ohQ7Dmf8cMpshopo+wxy5haEZs3LD7uqz8P4cOm2VL/7mJri2+5KB2XVceVw G22Cv1ccSZW37rsuwX77VoYctH3Jpt8Hir32R+Q2S9bkVOc7E X-Gm-Gg: ASbGncs3Y+wNsDjkHPYotVPYT9PQG93w+vDh1NqjCfvXqg9cUXhV2dsCXHg6r8RoB1q rnK4KpJoceazf2qWhDEb7rzh34+gFqFQkqKDeoDR3+Xdm9gC6X8GJVHJBEmSwOLIoHrSMOUDxBZ 0pqKppoQteqKUmXj5G6Y3A+z40o2JMUjXKOBjzothfoJMz1+3F0fPxu0nWqbxQm5VyPc+ohnwUf EKvb4eXGooO+Jdje4nZnkzyvG/HupH9wh8oYOhhT2HuNf8nVWdcxDIOaxVP1U4rGx7jrYsW/lPy K1ONIBd8Pw10tKMb4t3VqgzDNO0GFgW3c/Y8 X-Google-Smtp-Source: AGHT+IHSYxNN57sAOzxy9zcPyM2KWqgENUdBpGu3tIj+2GM47bn/9yxo0g2ZfDfhqffS6vOum9Q/jyy8HHmH X-Received: by 2002:a17:903:1a0e:b0:22c:35c5:e30e with SMTP id d9443c01a7336-22e18b9b2d3mr31874695ad.13.1746259889146; Sat, 03 May 2025 01:11:29 -0700 (PDT) Received: from postal.iol.unh.edu (postal.iol.unh.edu. [2606:4100:3880:1234::84]) by smtp-relay.gmail.com with ESMTPS id d9443c01a7336-22e150eb236sm3848775ad.1.2025.05.03.01.11.29 (version=TLS1_2 cipher=ECDHE-ECDSA-AES128-GCM-SHA256 bits=128/128); Sat, 03 May 2025 01:11:29 -0700 (PDT) X-Relaying-Domain: iol.unh.edu Date: Sat, 03 May 2025 01:11:29 -0700 (PDT) Message-ID: <6815cfb1.170a0220.3907e.6679SMTPIN_ADDED_MISSING@mx.google.com> Received: from [172.17.0.2] (unknown [172.18.0.76]) by postal.iol.unh.edu (Postfix) with ESMTP id 41A6F6052471; Sat, 3 May 2025 04:11:28 -0400 (EDT) Subject: |FAILURE| [GIT MASTER] 4401486b5e30d43a134f80f9802f60b5f43e74a8 From: dpdklab@iol.unh.edu To: Test Report Cc: dpdk-test-reports@iol.unh.edu, Xueming Li , Christian Ehrhardt , Kevin Traynor , Luca Boccassi Content-Type: text/plain X-BeenThere: test-report@dpdk.org X-Mailman-Version: 2.1.29 Precedence: list List-Id: automatic DPDK test reports List-Unsubscribe: , List-Archive: List-Post: List-Help: List-Subscribe: , Errors-To: test-report-bounces@dpdk.org _Testing issues_ Branch: tags/v22.11 4401486b5e30d43a134f80f9802f60b5f43e74a8 --> testing issues Upstream job id: Generic-Unit-Test-DPDK#334933 Test environment and result as below: +---------------------+----------------+ | Environment | dpdk_unit_test | +=====================+================+ | Debian 12 | FAIL | +---------------------+----------------+ | CentOS Stream 9 | FAIL | +---------------------+----------------+ | Fedora 40 (Clang) | FAIL | +---------------------+----------------+ | RHEL9 | FAIL | +---------------------+----------------+ | Fedora 40 | FAIL | +---------------------+----------------+ | Fedora 41 | FAIL | +---------------------+----------------+ | CentOS Stream 10 | FAIL | +---------------------+----------------+ | RHEL8 | FAIL | +---------------------+----------------+ | Fedora 41 (Clang) | FAIL | +---------------------+----------------+ | Ubuntu 20.04 | PASS | +---------------------+----------------+ | Ubuntu 24.04 | FAIL | +---------------------+----------------+ | Ubuntu 22.04 | PEND | +---------------------+----------------+ | Windows Server 2022 | FAIL | +---------------------+----------------+ ==== Unit test summary for Windows Server 2022 (dpdk_unit_test): ==== Failed to get the unit test results. Displaying the unit test results is not supported for some environments, such as our aarch32 testing, where meson is not used to run the tests. Download the logs available on our CI site. ==== End log output ==== Debian 12 Kernel: Depends on container host Compiler: gcc (Debian 12.2.0-14) 12.2.0 CentOS Stream 9 Kernel: Depends on container host Compiler: gcc 11.5.0 20240719 (Red Hat 11.5.0-2) Fedora 40 (Clang) Kernel: Depends on container host Compiler: clang 18.1.8 (Fedora 18.1.8-1.fc40) RHEL9 Kernel: Depends on container host Compiler: gcc 11.5.0 20240719 (Red Hat 11.5.0-2) Fedora 40 Kernel: Depends on container host Compiler: gcc 14.2.1 20240912 (Red Hat 14.2.1-3) Fedora 41 Kernel: Depends on container host Compiler: gcc 14.2.1 20240912 (Red Hat 14.2.1-3) CentOS Stream 10 Kernel: Depends on container host Compiler: gcc 14.2.1 20241104 (Red Hat 14.2.1-6) RHEL8 Kernel: Depends on container host Compiler: gcc 8.5.0 20210514 (Red Hat 8.5.0-22) Fedora 41 (Clang) Kernel: Depends on container host Compiler: clang 19.1.5 (Fedora 19.1.5-1.fc41) Ubuntu 20.04 Kernel: Depends on container host Compiler: gcc (Ubuntu 9.4.0-1ubuntu1~20.04.2) 9.4.0 Ubuntu 24.04 Kernel: Depends on container host Compiler: gcc (Ubuntu 13.3.0-6ubuntu2~24.04) 13.3.0 Ubuntu 22.04 Kernel: Depends on container host Compiler: gcc (Ubuntu 11.4.0-1ubuntu1~22.04) 11.4.0 Windows Server 2022 Kernel: 10.0.20348.2031 Compiler: clang 15.0.7, gcc 14.1.0 (MinGW), and MSVC VS 19.39.33521 To view detailed results, visit: https://lab.dpdk.org/results/dashboard/tarballs/33416/ UNH-IOL DPDK Community Lab To manage your email subscriptions, visit: https://lab.dpdk.org/results/dashboard/preferences/subscriptions/